{"id":60217,"date":"2019-06-29T23:09:38","date_gmt":"2019-06-30T03:09:38","guid":{"rendered":"https:\/\/www.ludwig-van.com\/montreal\/?post_type=tribe_events&#038;p=60217"},"modified":"2019-06-29T23:09:38","modified_gmt":"2019-06-30T03:09:38","slug":"concerts-ahuntsic-fugue-espace-de-rencontre-aznavour-larmenie","status":"publish","type":"tribe_events","link":"https:\/\/www.ludwig-van.com\/montreal\/event\/concerts-ahuntsic-fugue-espace-de-rencontre-aznavour-larmenie\/","title":{"rendered":"Concerts Ahuntsic en fugue | Espace de rencontre avec Aznavour et l\u2019Arm\u00e9nie"},"content":{"rendered":"<p>La communaut\u00e9 arm\u00e9nienne vous invite \u00e0 entrer au c\u0153ur du centre culturel arm\u00e9nien de Bordeaux-Cartierville et de c\u00e9l\u00e9brer le grand Charles Aznavour ainsi que les plus c\u00e9l\u00e8bres compositeurs de cette nation.<\/p>\n<p><strong>QUATUOR RHAPSODIE<\/strong><br \/>\nAm\u00e9lie Lamontagne<br \/>\nAna Drobac<br \/>\nNayiri Piloyan<br \/>\nSophie Coderre<\/p>\n<p>Programme<br \/>\nDe Komitas \u00e0 Aznavour en passant par Khatchaturian, Babadjanian<\/p>\n<p>Visite facultative du centre culturel arm\u00e9nien \u00e0 19 h<\/p>\n","protected":false},"excerpt":{"rendered":"<p>La communaut\u00e9 arm\u00e9nienne vous invite \u00e0 entrer au c\u0153ur du centre culturel arm\u00e9nien de Bordeaux-Cartierville et de c\u00e9l\u00e9brer le grand Charles Aznavour ainsi que les plus c\u00e9l\u00e8bres compositeurs de cette nation. QUATUOR RHAPSODIE Am\u00e9lie Lamontagne Ana Drobac Nayiri Piloyan Sophie Coderre Programme De Komitas \u00e0 Aznavour en passant par Khatchaturian, Babadjanian Visite facultative du centre [&hellip;]<\/p>\n","protected":false},"author":1,"featured_media":60203,"comment_status":"open","ping_status":"closed","template":"","meta":{"om_disable_all_campaigns":false,"jetpack_post_was_ever_published":false},"tags":[],"tribe_events_cat":[5052,5513],"acf":[],"jetpack_sharing_enabled":true,"_links":{"self":[{"href":"https:\/\/www.ludwig-van.com\/montreal\/wp-json\/wp\/v2\/tribe_events\/60217"}],"collection":[{"href":"https:\/\/www.ludwig-van.com\/montreal\/wp-json\/wp\/v2\/tribe_events"}],"about":[{"href":"https:\/\/www.ludwig-van.com\/montreal\/wp-json\/wp\/v2\/types\/tribe_events"}],"author":[{"embeddable":true,"href":"https:\/\/www.ludwig-van.com\/montreal\/wp-json\/wp\/v2\/users\/1"}],"replies":[{"embeddable":true,"href":"https:\/\/www.ludwig-van.com\/montreal\/wp-json\/wp\/v2\/comments?post=60217"}],"version-history":[{"count":1,"href":"https:\/\/www.ludwig-van.com\/montreal\/wp-json\/wp\/v2\/tribe_events\/60217\/revisions"}],"predecessor-version":[{"id":60218,"href":"https:\/\/www.ludwig-van.com\/montreal\/wp-json\/wp\/v2\/tribe_events\/60217\/revisions\/60218"}],"wp:featuredmedia":[{"embeddable":true,"href":"https:\/\/www.ludwig-van.com\/montreal\/wp-json\/wp\/v2\/media\/60203"}],"wp:attachment":[{"href":"https:\/\/www.ludwig-van.com\/montreal\/wp-json\/wp\/v2\/media?parent=60217"}],"wp:term":[{"taxonomy":"post_tag","embeddable":true,"href":"https:\/\/www.ludwig-van.com\/montreal\/wp-json\/wp\/v2\/tags?post=60217"},{"taxonomy":"tribe_events_cat","embeddable":true,"href":"https:\/\/www.ludwig-van.com\/montreal\/wp-json\/wp\/v2\/tribe_events_cat?post=60217"}],"curies":[{"name":"wp","href":"https:\/\/api.w.org\/{rel}","templated":true}]}}

Concerts Ahuntsic en fugue | Espace de rencontre avec Aznavour et l’Arménie

<p>La communauté arménienne vous invite à entrer au cœur du centre culturel arménien de Bordeaux-Cartierville et de célébrer le grand Charles Aznavour ainsi que les plus célèbres compositeurs de cette nation.</p>
<p><strong>QUATUOR RHAPSODIE</strong><br />
Amélie Lamontagne<br />
Ana Drobac<br />
Nayiri Piloyan<br />
Sophie Coderre</p>
<p>Programme<br />
De Komitas à Aznavour en passant par Khatchaturian, Babadjanian</p>
<p>Visite facultative du centre culturel arménien à 19 h</p>

<p>La communauté arménienne vous invite à entrer au cœur du centre culturel arménien de Bordeaux-Cartierville et de célébrer le grand Charles Aznavour ainsi que les plus célèbres compositeurs de cette nation. QUATUOR RHAPSODIE Amélie Lamontagne Ana Drobac Nayiri Piloyan Sophie Coderre Programme De Komitas à Aznavour en passant par Khatchaturian, Babadjanian Visite facultative du centre [&hellip;]</p>
