{"id":59976,"date":"2019-06-18T23:55:28","date_gmt":"2019-06-19T03:55:28","guid":{"rendered":"https:\/\/www.ludwig-van.com\/montreal\/?post_type=tribe_events&#038;p=59976"},"modified":"2019-06-18T23:55:28","modified_gmt":"2019-06-19T03:55:28","slug":"cammac-brazilian-guitar-quartet","status":"publish","type":"tribe_events","link":"https:\/\/www.ludwig-van.com\/montreal\/event\/cammac-brazilian-guitar-quartet\/","title":{"rendered":"CAMMAC | Brazilian Guitar Quartet"},"content":{"rendered":"<p>Le Brazilian Guitar Quartet, laur\u00e9at du Prix Latin Grammy, s\u2019est impos\u00e9 comme l\u2019un des ensembles de guitares les plus r\u00e9put\u00e9s au monde. Louang\u00e9 par le Washington Post pour sa \u00ab beaut\u00e9 s\u00e9duisante \u00bb et son \u00ab enthousiasme virtuose \u00bb, la formation unique du groupe, compos\u00e9e de guitares classiques \u00e0 six cordes et \u00e0 huit cordes, permet l\u2019exploration d\u2019un r\u00e9pertoire original et inhabituel. Ils se sont produits dans le monde entier devant des auditoires enthousiastes. \u00c0 ne pas manquer !<\/p>\n<p>Les fins de semaine Laurentiennes sont encore plus belles lorsque vous ajoutez de la bonne musique. Rejoignez-nous lors de nos Dimanches en musique du 30 juin au 11 ao\u00fbt 2019.<\/p>\n<p>Des artistes de renomm\u00e9e internationale du Br\u00e9sil jusqu\u2019au Qu\u00e9bec offriront des concerts d\u2019une dur\u00e9e d\u2019une heure \u00e0 11 h, suivis d\u2019un d\u00e9licieux et copieux buffet brunch dans notre salle \u00e0 manger avec sa v\u00e9randa donnant sur le lac MacDonald. Faites ensuite une promenade relaxante jusqu\u2019au Boat House pour une vue imprenable sur le lac. Des dimanches musicaux inoubliables!<\/p>\n","protected":false},"excerpt":{"rendered":"<p>Le Brazilian Guitar Quartet, laur\u00e9at du Prix Latin Grammy, s\u2019est impos\u00e9 comme l\u2019un des ensembles de guitares les plus r\u00e9put\u00e9s au monde. Louang\u00e9 par le Washington Post pour sa \u00ab beaut\u00e9 s\u00e9duisante \u00bb et son \u00ab enthousiasme virtuose \u00bb, la formation unique du groupe, compos\u00e9e de guitares classiques \u00e0 six cordes et \u00e0 huit cordes, [&hellip;]<\/p>\n","protected":false},"author":1,"featured_media":59921,"comment_status":"open","ping_status":"closed","template":"","meta":{"om_disable_all_campaigns":false,"jetpack_post_was_ever_published":false},"tags":[],"tribe_events_cat":[5513,5902,5563],"acf":[],"jetpack_sharing_enabled":true,"_links":{"self":[{"href":"https:\/\/www.ludwig-van.com\/montreal\/wp-json\/wp\/v2\/tribe_events\/59976"}],"collection":[{"href":"https:\/\/www.ludwig-van.com\/montreal\/wp-json\/wp\/v2\/tribe_events"}],"about":[{"href":"https:\/\/www.ludwig-van.com\/montreal\/wp-json\/wp\/v2\/types\/tribe_events"}],"author":[{"embeddable":true,"href":"https:\/\/www.ludwig-van.com\/montreal\/wp-json\/wp\/v2\/users\/1"}],"replies":[{"embeddable":true,"href":"https:\/\/www.ludwig-van.com\/montreal\/wp-json\/wp\/v2\/comments?post=59976"}],"version-history":[{"count":1,"href":"https:\/\/www.ludwig-van.com\/montreal\/wp-json\/wp\/v2\/tribe_events\/59976\/revisions"}],"predecessor-version":[{"id":59977,"href":"https:\/\/www.ludwig-van.com\/montreal\/wp-json\/wp\/v2\/tribe_events\/59976\/revisions\/59977"}],"wp:featuredmedia":[{"embeddable":true,"href":"https:\/\/www.ludwig-van.com\/montreal\/wp-json\/wp\/v2\/media\/59921"}],"wp:attachment":[{"href":"https:\/\/www.ludwig-van.com\/montreal\/wp-json\/wp\/v2\/media?parent=59976"}],"wp:term":[{"taxonomy":"post_tag","embeddable":true,"href":"https:\/\/www.ludwig-van.com\/montreal\/wp-json\/wp\/v2\/tags?post=59976"},{"taxonomy":"tribe_events_cat","embeddable":true,"href":"https:\/\/www.ludwig-van.com\/montreal\/wp-json\/wp\/v2\/tribe_events_cat?post=59976"}],"curies":[{"name":"wp","href":"https:\/\/api.w.org\/{rel}","templated":true}]}}

<p>Le Brazilian Guitar Quartet, lauréat du Prix Latin Grammy, s’est imposé comme l’un des ensembles de guitares les plus réputés au monde. Louangé par le Washington Post pour sa « beauté séduisante » et son « enthousiasme virtuose », la formation unique du groupe, composée de guitares classiques à six cordes et à huit cordes, permet l’exploration d’un répertoire original et inhabituel. Ils se sont produits dans le monde entier devant des auditoires enthousiastes. À ne pas manquer !</p>
<p>Les fins de semaine Laurentiennes sont encore plus belles lorsque vous ajoutez de la bonne musique. Rejoignez-nous lors de nos Dimanches en musique du 30 juin au 11 août 2019.</p>
<p>Des artistes de renommée internationale du Brésil jusqu’au Québec offriront des concerts d’une durée d’une heure à 11 h, suivis d’un délicieux et copieux buffet brunch dans notre salle à manger avec sa véranda donnant sur le lac MacDonald. Faites ensuite une promenade relaxante jusqu’au Boat House pour une vue imprenable sur le lac. Des dimanches musicaux inoubliables!</p>

<p>Le Brazilian Guitar Quartet, lauréat du Prix Latin Grammy, s’est imposé comme l’un des ensembles de guitares les plus réputés au monde. Louangé par le Washington Post pour sa « beauté séduisante » et son « enthousiasme virtuose », la formation unique du groupe, composée de guitares classiques à six cordes et à huit cordes, [&hellip;]</p>
