{"id":59914,"date":"2019-06-15T20:35:26","date_gmt":"2019-06-16T00:35:26","guid":{"rendered":"https:\/\/www.ludwig-van.com\/montreal\/?post_type=tribe_events&#038;p=59914"},"modified":"2019-06-15T20:35:26","modified_gmt":"2019-06-16T00:35:26","slug":"cammac-festival-dimanche-musique-marc-djokic-julien-leblanc-lancement-festival","status":"publish","type":"tribe_events","link":"https:\/\/www.ludwig-van.com\/montreal\/event\/cammac-festival-dimanche-musique-marc-djokic-julien-leblanc-lancement-festival\/","title":{"rendered":"CAMMAC | Festival Dimanche en musique &#8211; Marc Djokic &#038; Julien Leblanc (Lancement du Festival)"},"content":{"rendered":"<p>Le Duo Djokic-Leblanc, ensemble depuis plus de 10 ans, a jou\u00e9 d\u2019un bout \u00e0 l\u2019autre du Canada. Le violoniste Mark Djokic en est \u00e0 sa deuxi\u00e8me ann\u00e9e comme artiste en r\u00e9sidence \u00e0 CAMMAC. Avec le pianiste Julien Leblanc, il a jou\u00e9 dans de nombreux festivals renomm\u00e9s. Ils ont \u00e9galement r\u00e9alis\u00e9 plusieurs vid\u00e9os pour la t\u00e9l\u00e9vision dans des lieux inhabituels au Qu\u00e9bec et au Nouveau-Brunswick. Quelle belle fa\u00e7on de commencer la saison \u00e0 CAMMAC !<\/p>\n<p>The Djokic-Leblanc Duo has been together for over 10 years and has played coast to coast across Canada. Violinist, Mark Djokic, is in his second year as CAMMAC\u2019s artist in residence and along with pianist, Julien Leblanc, they have explored all ranges of repertoire in many well known festivals. They have also made several popular television videos filmed in unusual locations in Quebec and New Brunswick. What a great way to start the CAMMAC season!<\/p>\n<p>Les fins de semaine Laurentiennes sont encore plus belles lorsque vous ajoutez de la bonne musique. Rejoignez-nous lors de nos Dimanches en musique du 30 juin au 11 ao\u00fbt 2019.<\/p>\n<p>Des artistes de renomm\u00e9e internationale du Br\u00e9sil jusqu\u2019au Qu\u00e9bec offriront des concerts d\u2019une dur\u00e9e d\u2019une heure \u00e0 11 h, suivis d\u2019un d\u00e9licieux et copieux buffet brunch dans notre salle \u00e0 manger avec sa v\u00e9randa donnant sur le lac MacDonald. Faites ensuite une promenade relaxante jusqu\u2019au Boat House pour une vue imprenable sur le lac. Des dimanches musicaux inoubliables!<\/p>\n","protected":false},"excerpt":{"rendered":"<p>Le Duo Djokic-Leblanc, ensemble depuis plus de 10 ans, a jou\u00e9 d\u2019un bout \u00e0 l\u2019autre du Canada. Le violoniste Mark Djokic en est \u00e0 sa deuxi\u00e8me ann\u00e9e comme artiste en r\u00e9sidence \u00e0 CAMMAC. Avec le pianiste Julien Leblanc, il a jou\u00e9 dans de nombreux festivals renomm\u00e9s. Ils ont \u00e9galement r\u00e9alis\u00e9 plusieurs vid\u00e9os pour la t\u00e9l\u00e9vision [&hellip;]<\/p>\n","protected":false},"author":1,"featured_media":59915,"comment_status":"open","ping_status":"closed","template":"","meta":{"om_disable_all_campaigns":false,"jetpack_post_was_ever_published":false},"tags":[],"tribe_events_cat":[5052,5513,5024,6476],"acf":[],"jetpack_sharing_enabled":true,"_links":{"self":[{"href":"https:\/\/www.ludwig-van.com\/montreal\/wp-json\/wp\/v2\/tribe_events\/59914"}],"collection":[{"href":"https:\/\/www.ludwig-van.com\/montreal\/wp-json\/wp\/v2\/tribe_events"}],"about":[{"href":"https:\/\/www.ludwig-van.com\/montreal\/wp-json\/wp\/v2\/types\/tribe_events"}],"author":[{"embeddable":true,"href":"https:\/\/www.ludwig-van.com\/montreal\/wp-json\/wp\/v2\/users\/1"}],"replies":[{"embeddable":true,"href":"https:\/\/www.ludwig-van.com\/montreal\/wp-json\/wp\/v2\/comments?post=59914"}],"version-history":[{"count":1,"href":"https:\/\/www.ludwig-van.com\/montreal\/wp-json\/wp\/v2\/tribe_events\/59914\/revisions"}],"predecessor-version":[{"id":59916,"href":"https:\/\/www.ludwig-van.com\/montreal\/wp-json\/wp\/v2\/tribe_events\/59914\/revisions\/59916"}],"wp:featuredmedia":[{"embeddable":true,"href":"https:\/\/www.ludwig-van.com\/montreal\/wp-json\/wp\/v2\/media\/59915"}],"wp:attachment":[{"href":"https:\/\/www.ludwig-van.com\/montreal\/wp-json\/wp\/v2\/media?parent=59914"}],"wp:term":[{"taxonomy":"post_tag","embeddable":true,"href":"https:\/\/www.ludwig-van.com\/montreal\/wp-json\/wp\/v2\/tags?post=59914"},{"taxonomy":"tribe_events_cat","embeddable":true,"href":"https:\/\/www.ludwig-van.com\/montreal\/wp-json\/wp\/v2\/tribe_events_cat?post=59914"}],"curies":[{"name":"wp","href":"https:\/\/api.w.org\/{rel}","templated":true}]}}

<p>Le Duo Djokic-Leblanc, ensemble depuis plus de 10 ans, a joué d’un bout à l’autre du Canada. Le violoniste Mark Djokic en est à sa deuxième année comme artiste en résidence à CAMMAC. Avec le pianiste Julien Leblanc, il a joué dans de nombreux festivals renommés. Ils ont également réalisé plusieurs vidéos pour la télévision dans des lieux inhabituels au Québec et au Nouveau-Brunswick. Quelle belle façon de commencer la saison à CAMMAC !</p>
<p>The Djokic-Leblanc Duo has been together for over 10 years and has played coast to coast across Canada. Violinist, Mark Djokic, is in his second year as CAMMAC’s artist in residence and along with pianist, Julien Leblanc, they have explored all ranges of repertoire in many well known festivals. They have also made several popular television videos filmed in unusual locations in Quebec and New Brunswick. What a great way to start the CAMMAC season!</p>
<p>Les fins de semaine Laurentiennes sont encore plus belles lorsque vous ajoutez de la bonne musique. Rejoignez-nous lors de nos Dimanches en musique du 30 juin au 11 août 2019.</p>
<p>Des artistes de renommée internationale du Brésil jusqu’au Québec offriront des concerts d’une durée d’une heure à 11 h, suivis d’un délicieux et copieux buffet brunch dans notre salle à manger avec sa véranda donnant sur le lac MacDonald. Faites ensuite une promenade relaxante jusqu’au Boat House pour une vue imprenable sur le lac. Des dimanches musicaux inoubliables!</p>

<p>Le Duo Djokic-Leblanc, ensemble depuis plus de 10 ans, a joué d’un bout à l’autre du Canada. Le violoniste Mark Djokic en est à sa deuxième année comme artiste en résidence à CAMMAC. Avec le pianiste Julien Leblanc, il a joué dans de nombreux festivals renommés. Ils ont également réalisé plusieurs vidéos pour la télévision [&hellip;]</p>
