{"id":59504,"date":"2019-04-26T15:45:15","date_gmt":"2019-04-26T19:45:15","guid":{"rendered":"https:\/\/www.ludwig-van.com\/montreal\/?post_type=tribe_events&#038;p=59504"},"modified":"2019-04-26T15:45:15","modified_gmt":"2019-04-26T19:45:15","slug":"arte-musica-andrew-wan-charles-richard-hamelin","status":"publish","type":"tribe_events","link":"https:\/\/www.ludwig-van.com\/montreal\/event\/arte-musica-andrew-wan-charles-richard-hamelin\/","title":{"rendered":"Arte Musica | Andrew Wan et Charles Richard-Hamelin"},"content":{"rendered":"<p>D\u00e9couvrez le 2<sup>e<\/sup>\u00a0concert de l\u2019int\u00e9grale des dix\u00a0<em>Sonates pour violon et piano\u00a0<\/em>de Beethoven \u00e0 la salle Bourgie, interpr\u00e9t\u00e9es par Charles Richard-Hamelin et Andrew Wan, violon solo de l\u2019OSM.<\/p>\n<p>ARTISTES<br \/>\nAndrew Wan, violon<br \/>\nCharles Richard-Hamelin, piano<\/p>\n<p>PROGRAMME<\/p>\n<p><strong>BEETHOVEN<br \/>\n<\/strong><strong>Int\u00e9grale des\u00a0<\/strong><strong><em>Sonates pour violon et piano<\/em><\/strong><\/p>\n<p><strong>Concert II<\/strong><br \/>\nSonate pour violon et piano n<sup>o<\/sup>\u00a01 en\u00a0<em>r\u00e9<\/em>\u00a0majeur, op. 12\u00a0n<sup>o<\/sup>\u00a01<br \/>\nSonate pour violon et piano n<sup>o<\/sup>\u00a02 en\u00a0<em>la<\/em>\u00a0majeur,\u00a0op. 12 n<sup>o<\/sup>\u00a02<br \/>\nSonate pour violon et piano n<sup>o<\/sup>\u00a03 en\u00a0<em>mi<\/em>\u00a0b\u00e9mol majeur,\u00a0op. 12 n<sup>o<\/sup>\u00a03<br \/>\nSonate pour violon et piano n<sup>o<\/sup>\u00a05 en\u00a0<em>fa\u00a0<\/em>majeur, op. 24, \u00ab le Printemps \u00bb<\/p>\n","protected":false},"excerpt":{"rendered":"<p>D\u00e9couvrez le 2e\u00a0concert de l\u2019int\u00e9grale des dix\u00a0Sonates pour violon et piano\u00a0de Beethoven \u00e0 la salle Bourgie, interpr\u00e9t\u00e9es par Charles Richard-Hamelin et Andrew Wan, violon solo de l\u2019OSM. ARTISTES Andrew Wan, violon Charles Richard-Hamelin, piano PROGRAMME BEETHOVEN Int\u00e9grale des\u00a0Sonates pour violon et piano Concert II Sonate pour violon et piano no\u00a01 en\u00a0r\u00e9\u00a0majeur, op. 12\u00a0no\u00a01 Sonate pour [&hellip;]<\/p>\n","protected":false},"author":1,"featured_media":53842,"comment_status":"open","ping_status":"closed","template":"","meta":{"om_disable_all_campaigns":false,"jetpack_post_was_ever_published":false},"tags":[],"tribe_events_cat":[5052,5024,6476],"acf":[],"jetpack_sharing_enabled":true,"_links":{"self":[{"href":"https:\/\/www.ludwig-van.com\/montreal\/wp-json\/wp\/v2\/tribe_events\/59504"}],"collection":[{"href":"https:\/\/www.ludwig-van.com\/montreal\/wp-json\/wp\/v2\/tribe_events"}],"about":[{"href":"https:\/\/www.ludwig-van.com\/montreal\/wp-json\/wp\/v2\/types\/tribe_events"}],"author":[{"embeddable":true,"href":"https:\/\/www.ludwig-van.com\/montreal\/wp-json\/wp\/v2\/users\/1"}],"replies":[{"embeddable":true,"href":"https:\/\/www.ludwig-van.com\/montreal\/wp-json\/wp\/v2\/comments?post=59504"}],"version-history":[{"count":1,"href":"https:\/\/www.ludwig-van.com\/montreal\/wp-json\/wp\/v2\/tribe_events\/59504\/revisions"}],"predecessor-version":[{"id":59505,"href":"https:\/\/www.ludwig-van.com\/montreal\/wp-json\/wp\/v2\/tribe_events\/59504\/revisions\/59505"}],"wp:featuredmedia":[{"embeddable":true,"href":"https:\/\/www.ludwig-van.com\/montreal\/wp-json\/wp\/v2\/media\/53842"}],"wp:attachment":[{"href":"https:\/\/www.ludwig-van.com\/montreal\/wp-json\/wp\/v2\/media?parent=59504"}],"wp:term":[{"taxonomy":"post_tag","embeddable":true,"href":"https:\/\/www.ludwig-van.com\/montreal\/wp-json\/wp\/v2\/tags?post=59504"},{"taxonomy":"tribe_events_cat","embeddable":true,"href":"https:\/\/www.ludwig-van.com\/montreal\/wp-json\/wp\/v2\/tribe_events_cat?post=59504"}],"curies":[{"name":"wp","href":"https:\/\/api.w.org\/{rel}","templated":true}]}}

<p>Découvrez le 2<sup>e</sup> concert de l’intégrale des dix <em>Sonates pour violon et piano </em>de Beethoven à la salle Bourgie, interprétées par Charles Richard-Hamelin et Andrew Wan, violon solo de l’OSM.</p>
<p>ARTISTES<br />
Andrew Wan, violon<br />
Charles Richard-Hamelin, piano</p>
<p>PROGRAMME</p>
<p><strong>BEETHOVEN<br />
</strong><strong>Intégrale des </strong><strong><em>Sonates pour violon et piano</em></strong></p>
<p><strong>Concert II</strong><br />
Sonate pour violon et piano n<sup>o</sup> 1 en <em>ré</em> majeur, op. 12 n<sup>o</sup> 1<br />
Sonate pour violon et piano n<sup>o</sup> 2 en <em>la</em> majeur, op. 12 n<sup>o</sup> 2<br />
Sonate pour violon et piano n<sup>o</sup> 3 en <em>mi</em> bémol majeur, op. 12 n<sup>o</sup> 3<br />
Sonate pour violon et piano n<sup>o</sup> 5 en <em>fa </em>majeur, op. 24, « le Printemps »</p>

<p>Découvrez le 2e concert de l’intégrale des dix Sonates pour violon et piano de Beethoven à la salle Bourgie, interprétées par Charles Richard-Hamelin et Andrew Wan, violon solo de l’OSM. ARTISTES Andrew Wan, violon Charles Richard-Hamelin, piano PROGRAMME BEETHOVEN Intégrale des Sonates pour violon et piano Concert II Sonate pour violon et piano no 1 en ré majeur, op. 12 no 1 Sonate pour [&hellip;]</p>
