{"id":59251,"date":"2019-03-26T18:44:56","date_gmt":"2019-03-26T22:44:56","guid":{"rendered":"https:\/\/www.ludwig-van.com\/montreal\/?post_type=tribe_events&#038;p=59251"},"modified":"2019-03-26T18:44:56","modified_gmt":"2019-03-26T22:44:56","slug":"ensemble-scholastica-office-chez-marguerite-bourgeoys","status":"publish","type":"tribe_events","link":"https:\/\/www.ludwig-van.com\/montreal\/event\/ensemble-scholastica-office-chez-marguerite-bourgeoys\/","title":{"rendered":"Ensemble Scholastica | Un office chez Marguerite Bourgeoys"},"content":{"rendered":"<p>Ce concert \u00e0 saveur historique prend sa source dans les Archives musicales de la Congr\u00e9gation de Notre-Dame. Il \u00e9voque un office de la Semaine sainte en gr\u00e9gorien tel que chant\u00e9 au XVIIIe si\u00e8cle par les soeurs de la Congr\u00e9gation. Musique d\u2019orgue des Sulpiciens de Ville-Marie et motets vocaux fran\u00e7ais du XVIIe si\u00e8cle compl\u00e8tent ce moment d\u2019int\u00e9riorit\u00e9 musicale.<\/p>\n<p>ARTISTES<\/p>\n<p>LES ID\u00c9ES HEUREUSES<br \/>\nGenevi\u00e8ve Soly, orgue<br \/>\nAng\u00e8le Trudeau, soprano<\/p>\n<p>L&rsquo;ENSEMBLE SCHOLASTICA, ensemble vocal f\u00e9minin<br \/>\nRebecca Bain, chef<\/p>\n","protected":false},"excerpt":{"rendered":"<p>Ce concert \u00e0 saveur historique prend sa source dans les Archives musicales de la Congr\u00e9gation de Notre-Dame. Il \u00e9voque un office de la Semaine sainte en gr\u00e9gorien tel que chant\u00e9 au XVIIIe si\u00e8cle par les soeurs de la Congr\u00e9gation. Musique d\u2019orgue des Sulpiciens de Ville-Marie et motets vocaux fran\u00e7ais du XVIIe si\u00e8cle compl\u00e8tent ce moment [&hellip;]<\/p>\n","protected":false},"author":1,"featured_media":53738,"comment_status":"open","ping_status":"closed","template":"","meta":{"om_disable_all_campaigns":false,"jetpack_post_was_ever_published":false},"tags":[],"tribe_events_cat":[5562,5053,5050],"acf":[],"jetpack_sharing_enabled":true,"_links":{"self":[{"href":"https:\/\/www.ludwig-van.com\/montreal\/wp-json\/wp\/v2\/tribe_events\/59251"}],"collection":[{"href":"https:\/\/www.ludwig-van.com\/montreal\/wp-json\/wp\/v2\/tribe_events"}],"about":[{"href":"https:\/\/www.ludwig-van.com\/montreal\/wp-json\/wp\/v2\/types\/tribe_events"}],"author":[{"embeddable":true,"href":"https:\/\/www.ludwig-van.com\/montreal\/wp-json\/wp\/v2\/users\/1"}],"replies":[{"embeddable":true,"href":"https:\/\/www.ludwig-van.com\/montreal\/wp-json\/wp\/v2\/comments?post=59251"}],"version-history":[{"count":1,"href":"https:\/\/www.ludwig-van.com\/montreal\/wp-json\/wp\/v2\/tribe_events\/59251\/revisions"}],"predecessor-version":[{"id":59252,"href":"https:\/\/www.ludwig-van.com\/montreal\/wp-json\/wp\/v2\/tribe_events\/59251\/revisions\/59252"}],"wp:featuredmedia":[{"embeddable":true,"href":"https:\/\/www.ludwig-van.com\/montreal\/wp-json\/wp\/v2\/media\/53738"}],"wp:attachment":[{"href":"https:\/\/www.ludwig-van.com\/montreal\/wp-json\/wp\/v2\/media?parent=59251"}],"wp:term":[{"taxonomy":"post_tag","embeddable":true,"href":"https:\/\/www.ludwig-van.com\/montreal\/wp-json\/wp\/v2\/tags?post=59251"},{"taxonomy":"tribe_events_cat","embeddable":true,"href":"https:\/\/www.ludwig-van.com\/montreal\/wp-json\/wp\/v2\/tribe_events_cat?post=59251"}],"curies":[{"name":"wp","href":"https:\/\/api.w.org\/{rel}","templated":true}]}}

<p>Ce concert à saveur historique prend sa source dans les Archives musicales de la Congrégation de Notre-Dame. Il évoque un office de la Semaine sainte en grégorien tel que chanté au XVIIIe siècle par les soeurs de la Congrégation. Musique d’orgue des Sulpiciens de Ville-Marie et motets vocaux français du XVIIe siècle complètent ce moment d’intériorité musicale.</p>
<p>ARTISTES</p>
<p>LES IDÉES HEUREUSES<br />
Geneviève Soly, orgue<br />
Angèle Trudeau, soprano</p>
<p>L&rsquo;ENSEMBLE SCHOLASTICA, ensemble vocal féminin<br />
Rebecca Bain, chef</p>

<p>Ce concert à saveur historique prend sa source dans les Archives musicales de la Congrégation de Notre-Dame. Il évoque un office de la Semaine sainte en grégorien tel que chanté au XVIIIe siècle par les soeurs de la Congrégation. Musique d’orgue des Sulpiciens de Ville-Marie et motets vocaux français du XVIIe siècle complètent ce moment [&hellip;]</p>
