{"id":59107,"date":"2019-03-08T15:51:56","date_gmt":"2019-03-08T20:51:56","guid":{"rendered":"https:\/\/www.ludwig-van.com\/montreal\/?post_type=tribe_events&#038;p=59107"},"modified":"2019-03-08T15:51:56","modified_gmt":"2019-03-08T20:51:56","slug":"chapelle-historique-pasteur-suites-anglaises","status":"publish","type":"tribe_events","link":"https:\/\/www.ludwig-van.com\/montreal\/event\/chapelle-historique-pasteur-suites-anglaises\/","title":{"rendered":"Chapelle historique du Bon-Pasteur | Les suites anglaises"},"content":{"rendered":"<p>Melisande McNabney, clavecin<\/p>\n<p>La claveciniste M\u00e9lisande McNabney pr\u00e9sente en 2 concerts<br \/>\nl\u2019int\u00e9grale des Suites anglaises de J. S. Bach.<br \/>\nLa deuxi\u00e8me partie de cette int\u00e9grale sera pr\u00e9sent\u00e9e au cours de la saison 2019-2020.<\/p>\n<p>Suite anglaise no 1, BWV 806<br \/>\nSuite anglaise no 1, BWV 807<br \/>\nSuite anglaise no 1, BWV 808<\/p>\n","protected":false},"excerpt":{"rendered":"<p>Melisande McNabney, clavecin La claveciniste M\u00e9lisande McNabney pr\u00e9sente en 2 concerts l\u2019int\u00e9grale des Suites anglaises de J. S. Bach. La deuxi\u00e8me partie de cette int\u00e9grale sera pr\u00e9sent\u00e9e au cours de la saison 2019-2020. Suite anglaise no 1, BWV 806 Suite anglaise no 1, BWV 807 Suite anglaise no 1, BWV 808<\/p>\n","protected":false},"author":1,"featured_media":59108,"comment_status":"open","ping_status":"closed","template":"","meta":{"om_disable_all_campaigns":false,"jetpack_post_was_ever_published":false},"tags":[],"tribe_events_cat":[5053],"acf":[],"jetpack_sharing_enabled":true,"_links":{"self":[{"href":"https:\/\/www.ludwig-van.com\/montreal\/wp-json\/wp\/v2\/tribe_events\/59107"}],"collection":[{"href":"https:\/\/www.ludwig-van.com\/montreal\/wp-json\/wp\/v2\/tribe_events"}],"about":[{"href":"https:\/\/www.ludwig-van.com\/montreal\/wp-json\/wp\/v2\/types\/tribe_events"}],"author":[{"embeddable":true,"href":"https:\/\/www.ludwig-van.com\/montreal\/wp-json\/wp\/v2\/users\/1"}],"replies":[{"embeddable":true,"href":"https:\/\/www.ludwig-van.com\/montreal\/wp-json\/wp\/v2\/comments?post=59107"}],"version-history":[{"count":1,"href":"https:\/\/www.ludwig-van.com\/montreal\/wp-json\/wp\/v2\/tribe_events\/59107\/revisions"}],"predecessor-version":[{"id":59109,"href":"https:\/\/www.ludwig-van.com\/montreal\/wp-json\/wp\/v2\/tribe_events\/59107\/revisions\/59109"}],"wp:featuredmedia":[{"embeddable":true,"href":"https:\/\/www.ludwig-van.com\/montreal\/wp-json\/wp\/v2\/media\/59108"}],"wp:attachment":[{"href":"https:\/\/www.ludwig-van.com\/montreal\/wp-json\/wp\/v2\/media?parent=59107"}],"wp:term":[{"taxonomy":"post_tag","embeddable":true,"href":"https:\/\/www.ludwig-van.com\/montreal\/wp-json\/wp\/v2\/tags?post=59107"},{"taxonomy":"tribe_events_cat","embeddable":true,"href":"https:\/\/www.ludwig-van.com\/montreal\/wp-json\/wp\/v2\/tribe_events_cat?post=59107"}],"curies":[{"name":"wp","href":"https:\/\/api.w.org\/{rel}","templated":true}]}}

<p>Melisande McNabney, clavecin</p>
<p>La claveciniste Mélisande McNabney présente en 2 concerts<br />
l’intégrale des Suites anglaises de J. S. Bach.<br />
La deuxième partie de cette intégrale sera présentée au cours de la saison 2019-2020.</p>
<p>Suite anglaise no 1, BWV 806<br />
Suite anglaise no 1, BWV 807<br />
Suite anglaise no 1, BWV 808</p>

<p>Melisande McNabney, clavecin La claveciniste Mélisande McNabney présente en 2 concerts l’intégrale des Suites anglaises de J. S. Bach. La deuxième partie de cette intégrale sera présentée au cours de la saison 2019-2020. Suite anglaise no 1, BWV 806 Suite anglaise no 1, BWV 807 Suite anglaise no 1, BWV 808</p>
