{"id":59101,"date":"2019-03-08T15:38:08","date_gmt":"2019-03-08T20:38:08","guid":{"rendered":"https:\/\/www.ludwig-van.com\/montreal\/?post_type=tribe_events&#038;p=59101"},"modified":"2019-03-08T15:38:08","modified_gmt":"2019-03-08T20:38:08","slug":"arte-musica-lombre-hibou","status":"publish","type":"tribe_events","link":"https:\/\/www.ludwig-van.com\/montreal\/event\/arte-musica-lombre-hibou\/","title":{"rendered":"Arte Musica | L&rsquo;Ombre et le hibou"},"content":{"rendered":"<p>La rocambolesque aventure de la d\u00e9couverte d\u2019une caverne aux myst\u00e9rieux secrets ! Racont\u00e9 avec enthousiasme par Suzanne De Serres, ce conte musical accompagn\u00e9 de th\u00e9\u00e2tre d\u2019ombre et de musique nous plonge au coeur des mythes et l\u00e9gendes pr\u00e9historiques. Frissons et \u00e9merveillements garantis pour les petits et les grands !<\/p>\n<p>ARTISTES<br \/>\nCOMPAGNIE MUSICALE LA NEF<br \/>\nSuzanne De Serres, auteure, direction musicale, conteuse et instrumentiste \u00e0 vents anciens<br \/>\nJo\u00e3o Catal\u00e3o, compositions et percussions<br \/>\nMarie-Julie Peters-Desteract, th\u00e9\u00e2tre d\u2019ombres et mise en sc\u00e8ne<\/p>\n<p><strong>\u2022\u2022 Pour les 4 \u00e0 9 ans<\/strong><\/p>\n<p>\u2022\u2022 Tarif Dimanches famille :<br \/>\n16 ans et plus : 20 $ \u2022\u2022 6 \u00e0 15 ans : 10 $<br \/>\nGratuit pour les 5 ans et moins<\/p>\n","protected":false},"excerpt":{"rendered":"<p>La rocambolesque aventure de la d\u00e9couverte d\u2019une caverne aux myst\u00e9rieux secrets ! Racont\u00e9 avec enthousiasme par Suzanne De Serres, ce conte musical accompagn\u00e9 de th\u00e9\u00e2tre d\u2019ombre et de musique nous plonge au coeur des mythes et l\u00e9gendes pr\u00e9historiques. Frissons et \u00e9merveillements garantis pour les petits et les grands ! ARTISTES COMPAGNIE MUSICALE LA NEF Suzanne [&hellip;]<\/p>\n","protected":false},"author":1,"featured_media":59102,"comment_status":"open","ping_status":"closed","template":"","meta":{"om_disable_all_campaigns":false,"jetpack_post_was_ever_published":false},"tags":[],"tribe_events_cat":[6139,5502,5053],"acf":[],"jetpack_sharing_enabled":true,"_links":{"self":[{"href":"https:\/\/www.ludwig-van.com\/montreal\/wp-json\/wp\/v2\/tribe_events\/59101"}],"collection":[{"href":"https:\/\/www.ludwig-van.com\/montreal\/wp-json\/wp\/v2\/tribe_events"}],"about":[{"href":"https:\/\/www.ludwig-van.com\/montreal\/wp-json\/wp\/v2\/types\/tribe_events"}],"author":[{"embeddable":true,"href":"https:\/\/www.ludwig-van.com\/montreal\/wp-json\/wp\/v2\/users\/1"}],"replies":[{"embeddable":true,"href":"https:\/\/www.ludwig-van.com\/montreal\/wp-json\/wp\/v2\/comments?post=59101"}],"version-history":[{"count":1,"href":"https:\/\/www.ludwig-van.com\/montreal\/wp-json\/wp\/v2\/tribe_events\/59101\/revisions"}],"predecessor-version":[{"id":59103,"href":"https:\/\/www.ludwig-van.com\/montreal\/wp-json\/wp\/v2\/tribe_events\/59101\/revisions\/59103"}],"wp:featuredmedia":[{"embeddable":true,"href":"https:\/\/www.ludwig-van.com\/montreal\/wp-json\/wp\/v2\/media\/59102"}],"wp:attachment":[{"href":"https:\/\/www.ludwig-van.com\/montreal\/wp-json\/wp\/v2\/media?parent=59101"}],"wp:term":[{"taxonomy":"post_tag","embeddable":true,"href":"https:\/\/www.ludwig-van.com\/montreal\/wp-json\/wp\/v2\/tags?post=59101"},{"taxonomy":"tribe_events_cat","embeddable":true,"href":"https:\/\/www.ludwig-van.com\/montreal\/wp-json\/wp\/v2\/tribe_events_cat?post=59101"}],"curies":[{"name":"wp","href":"https:\/\/api.w.org\/{rel}","templated":true}]}}

<p>La rocambolesque aventure de la découverte d’une caverne aux mystérieux secrets ! Raconté avec enthousiasme par Suzanne De Serres, ce conte musical accompagné de théâtre d’ombre et de musique nous plonge au coeur des mythes et légendes préhistoriques. Frissons et émerveillements garantis pour les petits et les grands !</p>
<p>ARTISTES<br />
COMPAGNIE MUSICALE LA NEF<br />
Suzanne De Serres, auteure, direction musicale, conteuse et instrumentiste à vents anciens<br />
João Catalão, compositions et percussions<br />
Marie-Julie Peters-Desteract, théâtre d’ombres et mise en scène</p>
<p><strong>•• Pour les 4 à 9 ans</strong></p>
<p>•• Tarif Dimanches famille :<br />
16 ans et plus : 20 $ •• 6 à 15 ans : 10 $<br />
Gratuit pour les 5 ans et moins</p>

<p>La rocambolesque aventure de la découverte d’une caverne aux mystérieux secrets ! Raconté avec enthousiasme par Suzanne De Serres, ce conte musical accompagné de théâtre d’ombre et de musique nous plonge au coeur des mythes et légendes préhistoriques. Frissons et émerveillements garantis pour les petits et les grands ! ARTISTES COMPAGNIE MUSICALE LA NEF Suzanne [&hellip;]</p>
