{"id":59034,"date":"2019-03-04T20:22:50","date_gmt":"2019-03-05T01:22:50","guid":{"rendered":"https:\/\/www.ludwig-van.com\/montreal\/?post_type=tribe_events&#038;p=59034"},"modified":"2019-03-04T20:22:50","modified_gmt":"2019-03-05T01:22:50","slug":"ecole-de-musique-schulich-grand-choeur-de-mcgill-choeur-de-chambre-schulich","status":"publish","type":"tribe_events","link":"https:\/\/www.ludwig-van.com\/montreal\/event\/ecole-de-musique-schulich-grand-choeur-de-mcgill-choeur-de-chambre-schulich\/","title":{"rendered":"\u00c9cole de musique Schulich | Grand choeur de McGill et Choeur de chambre Schulich"},"content":{"rendered":"<p>Jean-S\u00e9bastien Vall\u00e9e, director<br \/>\nJean Marchand, narration<br \/>\nVanessa Croome, soprano<br \/>\nAllyson Goff, mezzo-soprano<br \/>\nYanik Gosselin, t\u00e9nor<\/p>\n<p>ARTHUR HONEGGER, Le Roi David<\/p>\n<p><a href=\"http:\/\/bit.ly\/SchulichWebcasts\" target=\"_blank\" rel=\"noopener\">Ce concert sera webdiffus\u00e9<\/a>.<\/p>\n<p>Prix:\u00a018$ \/ 12$<br \/>\nBilletterie: Billets en vente en ligne, par t\u00e9l\u00e9phone (514-398-4547) ou en personne \u00e0 la billetterie de l\u2019\u00c9cole de musique Schulich : ouverte du lundi au vendredi 12 h \u00e0 18 h (555 rue Sherbrooke Ouest) Les taxes applicables sont incluses dans le prix des billets, des frais de service s\u2019appliquent pour l\u2019achat de billets fait en ligne.<\/p>\n","protected":false},"excerpt":{"rendered":"<p>Jean-S\u00e9bastien Vall\u00e9e, director Jean Marchand, narration Vanessa Croome, soprano Allyson Goff, mezzo-soprano Yanik Gosselin, t\u00e9nor ARTHUR HONEGGER, Le Roi David Ce concert sera webdiffus\u00e9. Prix:\u00a018$ \/ 12$ Billetterie: Billets en vente en ligne, par t\u00e9l\u00e9phone (514-398-4547) ou en personne \u00e0 la billetterie de l\u2019\u00c9cole de musique Schulich : ouverte du lundi au vendredi 12 h [&hellip;]<\/p>\n","protected":false},"author":1,"featured_media":49795,"comment_status":"open","ping_status":"closed","template":"","meta":{"om_disable_all_campaigns":false,"jetpack_post_was_ever_published":false},"tags":[],"tribe_events_cat":[5050],"acf":[],"jetpack_sharing_enabled":true,"_links":{"self":[{"href":"https:\/\/www.ludwig-van.com\/montreal\/wp-json\/wp\/v2\/tribe_events\/59034"}],"collection":[{"href":"https:\/\/www.ludwig-van.com\/montreal\/wp-json\/wp\/v2\/tribe_events"}],"about":[{"href":"https:\/\/www.ludwig-van.com\/montreal\/wp-json\/wp\/v2\/types\/tribe_events"}],"author":[{"embeddable":true,"href":"https:\/\/www.ludwig-van.com\/montreal\/wp-json\/wp\/v2\/users\/1"}],"replies":[{"embeddable":true,"href":"https:\/\/www.ludwig-van.com\/montreal\/wp-json\/wp\/v2\/comments?post=59034"}],"version-history":[{"count":2,"href":"https:\/\/www.ludwig-van.com\/montreal\/wp-json\/wp\/v2\/tribe_events\/59034\/revisions"}],"predecessor-version":[{"id":59036,"href":"https:\/\/www.ludwig-van.com\/montreal\/wp-json\/wp\/v2\/tribe_events\/59034\/revisions\/59036"}],"wp:featuredmedia":[{"embeddable":true,"href":"https:\/\/www.ludwig-van.com\/montreal\/wp-json\/wp\/v2\/media\/49795"}],"wp:attachment":[{"href":"https:\/\/www.ludwig-van.com\/montreal\/wp-json\/wp\/v2\/media?parent=59034"}],"wp:term":[{"taxonomy":"post_tag","embeddable":true,"href":"https:\/\/www.ludwig-van.com\/montreal\/wp-json\/wp\/v2\/tags?post=59034"},{"taxonomy":"tribe_events_cat","embeddable":true,"href":"https:\/\/www.ludwig-van.com\/montreal\/wp-json\/wp\/v2\/tribe_events_cat?post=59034"}],"curies":[{"name":"wp","href":"https:\/\/api.w.org\/{rel}","templated":true}]}}

École de musique Schulich | Grand choeur de McGill et Choeur de chambre Schulich

<p>Jean-Sébastien Vallée, director<br />
Jean Marchand, narration<br />
Vanessa Croome, soprano<br />
Allyson Goff, mezzo-soprano<br />
Yanik Gosselin, ténor</p>
<p>ARTHUR HONEGGER, Le Roi David</p>
<p><a href="http://bit.ly/SchulichWebcasts" target="_blank" rel="noopener">Ce concert sera webdiffusé</a>.</p>
<p>Prix: 18$ / 12$<br />
Billetterie: Billets en vente en ligne, par téléphone (514-398-4547) ou en personne à la billetterie de l’École de musique Schulich : ouverte du lundi au vendredi 12 h à 18 h (555 rue Sherbrooke Ouest) Les taxes applicables sont incluses dans le prix des billets, des frais de service s’appliquent pour l’achat de billets fait en ligne.</p>

<p>Jean-Sébastien Vallée, director Jean Marchand, narration Vanessa Croome, soprano Allyson Goff, mezzo-soprano Yanik Gosselin, ténor ARTHUR HONEGGER, Le Roi David Ce concert sera webdiffusé. Prix: 18$ / 12$ Billetterie: Billets en vente en ligne, par téléphone (514-398-4547) ou en personne à la billetterie de l’École de musique Schulich : ouverte du lundi au vendredi 12 h [&hellip;]</p>
