{"id":58529,"date":"2019-02-01T16:48:09","date_gmt":"2019-02-01T21:48:09","guid":{"rendered":"https:\/\/www.ludwig-van.com\/montreal\/?post_type=tribe_events&#038;p=58529"},"modified":"2019-02-01T16:48:09","modified_gmt":"2019-02-01T21:48:09","slug":"universite-de-montreal-cosi-fan-tutte-de-mozart","status":"publish","type":"tribe_events","link":"https:\/\/www.ludwig-van.com\/montreal\/event\/universite-de-montreal-cosi-fan-tutte-de-mozart\/2019-02-28\/","title":{"rendered":"Universit\u00e9 de Montr\u00e9al | Op\u00e9ra \u00ab Cosi fan tutte \u00bb de Mozart"},"content":{"rendered":"<p>L\u2019Atelier d\u2019op\u00e9ra de l\u2019Universit\u00e9 de Montr\u00e9al<br \/>\nEn collaboration avec l\u2019Orchestre de l\u2019Universit\u00e9 de Montr\u00e9al<br \/>\nAvec la participation du Choeur de l&rsquo;Atelier d&rsquo;op\u00e9ra<\/p>\n<p>Direction musicale : Jean-Fran\u00e7ois Rivest<br \/>\nMise en sc\u00e8ne : Mise en sc\u00e8ne : Claude Poissant<br \/>\nDirection de l\u2019Atelier d\u2019op\u00e9ra : Robin Wheeler<\/p>\n<p>Le mot du chef Rivest\u2026<\/p>\n<p>\u00ab Dans l\u2019\u00e9cologie d\u2019une institution musicale, l\u2019op\u00e9ra joue un r\u00f4le rassembleur et parfaitement social et, pour l\u2019OUM, implique de jeunes musiciens de tout acabit : instrumentistes, musicologues, compositeurs, solistes, penseurs et chefs d\u2019orchestre adjoints qui travaillent ensemble au succ\u00e8s de l\u2019entreprise.<\/p>\n<p>L\u2019action de cet opera buffa dont le titre complet est Cos\u00ec fan tutte, ossia La scuola degli amanti (\u00ab Ainsi font-elles toutes ou L\u2019\u00c9cole des amants \u00bb) se d\u00e9roule \u00e0 Naples, mais l\u2019intrigue est li\u00e9e \u00e0 un vrai scandale viennois impliquant des militaires qui s\u2019\u00e9changent leurs \u00e9pouses. Cependant, l\u2019histoire a des ant\u00e9c\u00e9dents litt\u00e9raires dans Boccaccio, Shakespeare et Cervantes, et la formule de l\u2019\u00e9change entre deux couples s\u2019inspirerait des marivaudages de Marivaux !<\/p>\n<p>Le livret en deux actes de Da Ponte, digne successeur de M\u00e9tastase, sollicite chez Mozart de miraculeuses couleurs orchestrales et associations m\u00e9lodiques, et des harmonies voluptueuses au service d\u2019un magistral chass\u00e9-crois\u00e9 de personnages profond\u00e9ment th\u00e9\u00e2tral et social. \u00c0 tous ces points de vue, l\u2019efficacit\u00e9 de Mozart est redoutable.\u00bb &#8211; Jean-Fran\u00e7ois Rivest<\/p>\n<p>Prix : 28 $; 14 $ (\u00e9tudiants)<\/p>\n","protected":false},"excerpt":{"rendered":"<p>L\u2019Atelier d\u2019op\u00e9ra de l\u2019Universit\u00e9 de Montr\u00e9al En collaboration avec l\u2019Orchestre de l\u2019Universit\u00e9 de Montr\u00e9al Avec la participation du Choeur de l&rsquo;Atelier d&rsquo;op\u00e9ra Direction musicale : Jean-Fran\u00e7ois Rivest Mise en sc\u00e8ne : Mise en sc\u00e8ne : Claude Poissant Direction de l\u2019Atelier d\u2019op\u00e9ra : Robin Wheeler Le mot du chef Rivest\u2026 \u00ab Dans l\u2019\u00e9cologie d\u2019une institution musicale, [&hellip;]<\/p>\n","protected":false},"author":1,"featured_media":58530,"comment_status":"open","ping_status":"closed","template":"","meta":{"om_disable_all_campaigns":false,"jetpack_post_was_ever_published":false},"tags":[],"tribe_events_cat":[4992,6487,5050],"acf":[],"jetpack_sharing_enabled":true,"_links":{"self":[{"href":"https:\/\/www.ludwig-van.com\/montreal\/wp-json\/wp\/v2\/tribe_events\/58529"}],"collection":[{"href":"https:\/\/www.ludwig-van.com\/montreal\/wp-json\/wp\/v2\/tribe_events"}],"about":[{"href":"https:\/\/www.ludwig-van.com\/montreal\/wp-json\/wp\/v2\/types\/tribe_events"}],"author":[{"embeddable":true,"href":"https:\/\/www.ludwig-van.com\/montreal\/wp-json\/wp\/v2\/users\/1"}],"replies":[{"embeddable":true,"href":"https:\/\/www.ludwig-van.com\/montreal\/wp-json\/wp\/v2\/comments?post=58529"}],"version-history":[{"count":1,"href":"https:\/\/www.ludwig-van.com\/montreal\/wp-json\/wp\/v2\/tribe_events\/58529\/revisions"}],"predecessor-version":[{"id":58531,"href":"https:\/\/www.ludwig-van.com\/montreal\/wp-json\/wp\/v2\/tribe_events\/58529\/revisions\/58531"}],"wp:featuredmedia":[{"embeddable":true,"href":"https:\/\/www.ludwig-van.com\/montreal\/wp-json\/wp\/v2\/media\/58530"}],"wp:attachment":[{"href":"https:\/\/www.ludwig-van.com\/montreal\/wp-json\/wp\/v2\/media?parent=58529"}],"wp:term":[{"taxonomy":"post_tag","embeddable":true,"href":"https:\/\/www.ludwig-van.com\/montreal\/wp-json\/wp\/v2\/tags?post=58529"},{"taxonomy":"tribe_events_cat","embeddable":true,"href":"https:\/\/www.ludwig-van.com\/montreal\/wp-json\/wp\/v2\/tribe_events_cat?post=58529"}],"curies":[{"name":"wp","href":"https:\/\/api.w.org\/{rel}","templated":true}]}}

Université de Montréal | Opéra « Cosi fan tutte » de Mozart

<p>L’Atelier d’opéra de l’Université de Montréal<br />
En collaboration avec l’Orchestre de l’Université de Montréal<br />
Avec la participation du Choeur de l&rsquo;Atelier d&rsquo;opéra</p>
<p>Direction musicale : Jean-François Rivest<br />
Mise en scène : Mise en scène : Claude Poissant<br />
Direction de l’Atelier d’opéra : Robin Wheeler</p>
<p>Le mot du chef Rivest…</p>
<p>« Dans l’écologie d’une institution musicale, l’opéra joue un rôle rassembleur et parfaitement social et, pour l’OUM, implique de jeunes musiciens de tout acabit : instrumentistes, musicologues, compositeurs, solistes, penseurs et chefs d’orchestre adjoints qui travaillent ensemble au succès de l’entreprise.</p>
<p>L’action de cet opera buffa dont le titre complet est Così fan tutte, ossia La scuola degli amanti (« Ainsi font-elles toutes ou L’École des amants ») se déroule à Naples, mais l’intrigue est liée à un vrai scandale viennois impliquant des militaires qui s’échangent leurs épouses. Cependant, l’histoire a des antécédents littéraires dans Boccaccio, Shakespeare et Cervantes, et la formule de l’échange entre deux couples s’inspirerait des marivaudages de Marivaux !</p>
<p>Le livret en deux actes de Da Ponte, digne successeur de Métastase, sollicite chez Mozart de miraculeuses couleurs orchestrales et associations mélodiques, et des harmonies voluptueuses au service d’un magistral chassé-croisé de personnages profondément théâtral et social. À tous ces points de vue, l’efficacité de Mozart est redoutable.» &#8211; Jean-François Rivest</p>
<p>Prix : 28 $; 14 $ (étudiants)</p>

<p>L’Atelier d’opéra de l’Université de Montréal En collaboration avec l’Orchestre de l’Université de Montréal Avec la participation du Choeur de l&rsquo;Atelier d&rsquo;opéra Direction musicale : Jean-François Rivest Mise en scène : Mise en scène : Claude Poissant Direction de l’Atelier d’opéra : Robin Wheeler Le mot du chef Rivest… « Dans l’écologie d’une institution musicale, [&hellip;]</p>
