{"id":58467,"date":"2019-01-28T18:17:11","date_gmt":"2019-01-28T23:17:11","guid":{"rendered":"https:\/\/www.ludwig-van.com\/montreal\/?post_type=tribe_events&#038;p=58467"},"modified":"2019-01-28T18:17:11","modified_gmt":"2019-01-28T23:17:11","slug":"chapelle-historique-pasteur-mathieu-gaudet-schubert-grand-voyage-xii","status":"publish","type":"tribe_events","link":"https:\/\/www.ludwig-van.com\/montreal\/event\/chapelle-historique-pasteur-mathieu-gaudet-schubert-grand-voyage-xii\/","title":{"rendered":"Chapelle historique du Bon-Pasteur et Mathieu Gaudet | Schubert, le grand voyage XII"},"content":{"rendered":"<p>Mathieu Gaudet, piano<br \/>\n\u00c9thel Gu\u00e9ret, soprano invit\u00e9e<\/p>\n<p>Concert de cl\u00f4ture de cette s\u00e9rie r\u00e9partie sur 4 ans, comprenant le cycle complet des sonates de Franz Schubert, plus d\u2019autres \u0153uvres majeures.<\/p>\n<p>Sonate no 12 D 664 en la<br \/>\nSonate no 20 D 960 en si b\u00e9mol<\/p>\n","protected":false},"excerpt":{"rendered":"<p>Mathieu Gaudet, piano \u00c9thel Gu\u00e9ret, soprano invit\u00e9e Concert de cl\u00f4ture de cette s\u00e9rie r\u00e9partie sur 4 ans, comprenant le cycle complet des sonates de Franz Schubert, plus d\u2019autres \u0153uvres majeures. Sonate no 12 D 664 en la Sonate no 20 D 960 en si b\u00e9mol<\/p>\n","protected":false},"author":1,"featured_media":58460,"comment_status":"open","ping_status":"closed","template":"","meta":{"om_disable_all_campaigns":false,"jetpack_post_was_ever_published":false},"tags":[],"tribe_events_cat":[5052,5024,5050],"acf":[],"jetpack_sharing_enabled":true,"_links":{"self":[{"href":"https:\/\/www.ludwig-van.com\/montreal\/wp-json\/wp\/v2\/tribe_events\/58467"}],"collection":[{"href":"https:\/\/www.ludwig-van.com\/montreal\/wp-json\/wp\/v2\/tribe_events"}],"about":[{"href":"https:\/\/www.ludwig-van.com\/montreal\/wp-json\/wp\/v2\/types\/tribe_events"}],"author":[{"embeddable":true,"href":"https:\/\/www.ludwig-van.com\/montreal\/wp-json\/wp\/v2\/users\/1"}],"replies":[{"embeddable":true,"href":"https:\/\/www.ludwig-van.com\/montreal\/wp-json\/wp\/v2\/comments?post=58467"}],"version-history":[{"count":1,"href":"https:\/\/www.ludwig-van.com\/montreal\/wp-json\/wp\/v2\/tribe_events\/58467\/revisions"}],"predecessor-version":[{"id":58468,"href":"https:\/\/www.ludwig-van.com\/montreal\/wp-json\/wp\/v2\/tribe_events\/58467\/revisions\/58468"}],"wp:featuredmedia":[{"embeddable":true,"href":"https:\/\/www.ludwig-van.com\/montreal\/wp-json\/wp\/v2\/media\/58460"}],"wp:attachment":[{"href":"https:\/\/www.ludwig-van.com\/montreal\/wp-json\/wp\/v2\/media?parent=58467"}],"wp:term":[{"taxonomy":"post_tag","embeddable":true,"href":"https:\/\/www.ludwig-van.com\/montreal\/wp-json\/wp\/v2\/tags?post=58467"},{"taxonomy":"tribe_events_cat","embeddable":true,"href":"https:\/\/www.ludwig-van.com\/montreal\/wp-json\/wp\/v2\/tribe_events_cat?post=58467"}],"curies":[{"name":"wp","href":"https:\/\/api.w.org\/{rel}","templated":true}]}}

<p>Mathieu Gaudet, piano<br />
Éthel Guéret, soprano invitée</p>
<p>Concert de clôture de cette série répartie sur 4 ans, comprenant le cycle complet des sonates de Franz Schubert, plus d’autres œuvres majeures.</p>
<p>Sonate no 12 D 664 en la<br />
Sonate no 20 D 960 en si bémol</p>

<p>Mathieu Gaudet, piano Éthel Guéret, soprano invitée Concert de clôture de cette série répartie sur 4 ans, comprenant le cycle complet des sonates de Franz Schubert, plus d’autres œuvres majeures. Sonate no 12 D 664 en la Sonate no 20 D 960 en si bémol</p>
