{"id":58464,"date":"2019-01-28T18:14:53","date_gmt":"2019-01-28T23:14:53","guid":{"rendered":"https:\/\/www.ludwig-van.com\/montreal\/?post_type=tribe_events&#038;p=58464"},"modified":"2019-01-28T18:19:05","modified_gmt":"2019-01-28T23:19:05","slug":"chapelle-historique-pasteur-mathieu-gaudet-schubert-grand-voyage-xi","status":"publish","type":"tribe_events","link":"https:\/\/www.ludwig-van.com\/montreal\/event\/chapelle-historique-pasteur-mathieu-gaudet-schubert-grand-voyage-xi\/","title":{"rendered":"Chapelle historique du Bon-Pasteur et Mathieu Gaudet | Schubert, le grand voyage XI"},"content":{"rendered":"<p>Mathieu Gaudet, piano<br \/>\nFlorence Bourget, mezzo-soprano invit\u00e9e<\/p>\n<p>Sonate 2 D 279 en Do<br \/>\nImpromtus D 935<\/p>\n<p>11e volet de cette s\u00e9rie r\u00e9partie sur 4 ans, comprenant le cycle complet des sonates de Franz Schubert, plus d\u2019autres \u0153uvres majeures.<\/p>\n","protected":false},"excerpt":{"rendered":"<p>Mathieu Gaudet, piano Florence Bourget, mezzo-soprano invit\u00e9e Sonate 2 D 279 en Do Impromtus D 935 11e volet de cette s\u00e9rie r\u00e9partie sur 4 ans, comprenant le cycle complet des sonates de Franz Schubert, plus d\u2019autres \u0153uvres majeures.<\/p>\n","protected":false},"author":1,"featured_media":58465,"comment_status":"open","ping_status":"closed","template":"","meta":{"om_disable_all_campaigns":false,"jetpack_post_was_ever_published":false},"tags":[],"tribe_events_cat":[5052,5024,5050],"acf":[],"jetpack_sharing_enabled":true,"_links":{"self":[{"href":"https:\/\/www.ludwig-van.com\/montreal\/wp-json\/wp\/v2\/tribe_events\/58464"}],"collection":[{"href":"https:\/\/www.ludwig-van.com\/montreal\/wp-json\/wp\/v2\/tribe_events"}],"about":[{"href":"https:\/\/www.ludwig-van.com\/montreal\/wp-json\/wp\/v2\/types\/tribe_events"}],"author":[{"embeddable":true,"href":"https:\/\/www.ludwig-van.com\/montreal\/wp-json\/wp\/v2\/users\/1"}],"replies":[{"embeddable":true,"href":"https:\/\/www.ludwig-van.com\/montreal\/wp-json\/wp\/v2\/comments?post=58464"}],"version-history":[{"count":2,"href":"https:\/\/www.ludwig-van.com\/montreal\/wp-json\/wp\/v2\/tribe_events\/58464\/revisions"}],"predecessor-version":[{"id":58469,"href":"https:\/\/www.ludwig-van.com\/montreal\/wp-json\/wp\/v2\/tribe_events\/58464\/revisions\/58469"}],"wp:featuredmedia":[{"embeddable":true,"href":"https:\/\/www.ludwig-van.com\/montreal\/wp-json\/wp\/v2\/media\/58465"}],"wp:attachment":[{"href":"https:\/\/www.ludwig-van.com\/montreal\/wp-json\/wp\/v2\/media?parent=58464"}],"wp:term":[{"taxonomy":"post_tag","embeddable":true,"href":"https:\/\/www.ludwig-van.com\/montreal\/wp-json\/wp\/v2\/tags?post=58464"},{"taxonomy":"tribe_events_cat","embeddable":true,"href":"https:\/\/www.ludwig-van.com\/montreal\/wp-json\/wp\/v2\/tribe_events_cat?post=58464"}],"curies":[{"name":"wp","href":"https:\/\/api.w.org\/{rel}","templated":true}]}}

<p>Mathieu Gaudet, piano<br />
Florence Bourget, mezzo-soprano invitée</p>
<p>Sonate 2 D 279 en Do<br />
Impromtus D 935</p>
<p>11e volet de cette série répartie sur 4 ans, comprenant le cycle complet des sonates de Franz Schubert, plus d’autres œuvres majeures.</p>

<p>Mathieu Gaudet, piano Florence Bourget, mezzo-soprano invitée Sonate 2 D 279 en Do Impromtus D 935 11e volet de cette série répartie sur 4 ans, comprenant le cycle complet des sonates de Franz Schubert, plus d’autres œuvres majeures.</p>
