{"id":58451,"date":"2019-01-28T14:17:48","date_gmt":"2019-01-28T19:17:48","guid":{"rendered":"https:\/\/www.ludwig-van.com\/montreal\/?post_type=tribe_events&#038;p=58451"},"modified":"2019-01-28T14:17:48","modified_gmt":"2019-01-28T19:17:48","slug":"pallade-musica-monarques-nobles","status":"publish","type":"tribe_events","link":"https:\/\/www.ludwig-van.com\/montreal\/event\/pallade-musica-monarques-nobles\/","title":{"rendered":"Pallade Musica | Monarques &#038; Nobles"},"content":{"rendered":"<p>The program delves into the various rival factions active in London upon Handel\u2019s arrival, featuring the results of some of the most famous rivalries of the opera world (Handel vs Bononcini, Handel vs Porpora) as well as some of the forgotten factions such as the English Opera Project and Handel\u2019s followers and successors. The vocal works will be sung the young Canadian countertenor Michael Taylor. Michael has won prizes at numerous international competitions and has performed on opera and concert stages worldwide \u2013 notably at the Hamburg State Opera, New York\u2019s Lincoln Center, Cadogan Hall in London, the Venice Arsenale, Izumi Hall in Osaka, Montreal\u2019s Maison Symphonique and the Elgin Theater Toronto. A key feature of the program will be Michael\u2019s short monologues telling of the political conflicts in London during the first half of the eighteenth century and how the musical rivalries reflected important political rivalries. Through these stories, and through performing the related music, we hope to capture and relay the sense of importance and authority that music had in eighteenth-century London.<\/p>\n<p>Handel \u201cSe in fiorito\u201d \u2013 Voice, violin, cello, b.c.<br \/>\nBononcini \u201cAffetto, gioia e riso\u201d \u2013 Voice, Violin, b.c.<br \/>\nHandel \u2013 Violin Sonata tbd<br \/>\nAriosti: \u201cHan posto\u201d \u2013 Voice, violin, continuo<br \/>\nHaym: \u201cSussurrando\u201d \u2013 Voice, continuo<br \/>\nHaym: Trio Sonata<br \/>\nPorpora: \u201cBella Diva\u201d \u2013 voice, cello, continuo<br \/>\nArne: \u201cO too lovely\u201d \u2013 voice, violin, cello, b.c.<br \/>\nPepusch\/Arne tbd \u2013 voice, b.c.<br \/>\nDall\u2019abaco: Cello Sonata in A+ \u2013 cello<br \/>\nSmith: \u201cFlower of this purple dye\u201d \u2013 voice, b.c.<br \/>\nHandel: \u201cOn the valleys\u201d \u2013 voice, violin, cello, b.c.<\/p>\n<p>Pallade Musica (musique d\u2019Ath\u00e9na) r\u00e9unit quatre musiciens parmi les plus prometteurs de la sc\u00e8ne baroque montr\u00e9alaise. L\u2019ensemble, compos\u00e9 de Tanya LaPerri\u00e8re (violon baroque), Elinor Frey (violoncelle baroque), Esteban La Rotta (th\u00e9orbe) et M\u00e9lisande McNabney (clavecin), a remport\u00e9 le deuxi\u00e8me prix au Internationaal Van Wassenaer Concours \u00e0 Utrecht en 2014 et le premier prix au Early Music America Baroque Performance Competition \u00e0 New York en 2012. Ses interpr\u00e9tations, bas\u00e9es sur la recherche et l\u2019exploration, sont reconnues comme \u00e9tant expressives et \u00e9l\u00e9gantes et sont \u00e9logieusement qualifi\u00e9es par les critiques de \u00ab virtuosit\u00e9 spectaculaire \u00bb (Tom Strini Blog) et de \u00ab sens formidable d\u2019ensemble \u00bb (Milwaukee Journal Sentinel).<\/p>\n","protected":false},"excerpt":{"rendered":"<p>The program delves into the various rival factions active in London upon Handel\u2019s arrival, featuring the results of some of the most famous rivalries of the opera world (Handel vs Bononcini, Handel vs Porpora) as well as some of the forgotten factions such as the English Opera Project and Handel\u2019s followers and successors. The vocal [&hellip;]<\/p>\n","protected":false},"author":1,"featured_media":56353,"comment_status":"open","ping_status":"closed","template":"","meta":{"om_disable_all_campaigns":false,"jetpack_post_was_ever_published":false},"tags":[],"tribe_events_cat":[6109,5052,6476,5050],"acf":[],"jetpack_sharing_enabled":true,"_links":{"self":[{"href":"https:\/\/www.ludwig-van.com\/montreal\/wp-json\/wp\/v2\/tribe_events\/58451"}],"collection":[{"href":"https:\/\/www.ludwig-van.com\/montreal\/wp-json\/wp\/v2\/tribe_events"}],"about":[{"href":"https:\/\/www.ludwig-van.com\/montreal\/wp-json\/wp\/v2\/types\/tribe_events"}],"author":[{"embeddable":true,"href":"https:\/\/www.ludwig-van.com\/montreal\/wp-json\/wp\/v2\/users\/1"}],"replies":[{"embeddable":true,"href":"https:\/\/www.ludwig-van.com\/montreal\/wp-json\/wp\/v2\/comments?post=58451"}],"version-history":[{"count":1,"href":"https:\/\/www.ludwig-van.com\/montreal\/wp-json\/wp\/v2\/tribe_events\/58451\/revisions"}],"predecessor-version":[{"id":58453,"href":"https:\/\/www.ludwig-van.com\/montreal\/wp-json\/wp\/v2\/tribe_events\/58451\/revisions\/58453"}],"wp:featuredmedia":[{"embeddable":true,"href":"https:\/\/www.ludwig-van.com\/montreal\/wp-json\/wp\/v2\/media\/56353"}],"wp:attachment":[{"href":"https:\/\/www.ludwig-van.com\/montreal\/wp-json\/wp\/v2\/media?parent=58451"}],"wp:term":[{"taxonomy":"post_tag","embeddable":true,"href":"https:\/\/www.ludwig-van.com\/montreal\/wp-json\/wp\/v2\/tags?post=58451"},{"taxonomy":"tribe_events_cat","embeddable":true,"href":"https:\/\/www.ludwig-van.com\/montreal\/wp-json\/wp\/v2\/tribe_events_cat?post=58451"}],"curies":[{"name":"wp","href":"https:\/\/api.w.org\/{rel}","templated":true}]}}

<p>The program delves into the various rival factions active in London upon Handel’s arrival, featuring the results of some of the most famous rivalries of the opera world (Handel vs Bononcini, Handel vs Porpora) as well as some of the forgotten factions such as the English Opera Project and Handel’s followers and successors. The vocal works will be sung the young Canadian countertenor Michael Taylor. Michael has won prizes at numerous international competitions and has performed on opera and concert stages worldwide – notably at the Hamburg State Opera, New York’s Lincoln Center, Cadogan Hall in London, the Venice Arsenale, Izumi Hall in Osaka, Montreal’s Maison Symphonique and the Elgin Theater Toronto. A key feature of the program will be Michael’s short monologues telling of the political conflicts in London during the first half of the eighteenth century and how the musical rivalries reflected important political rivalries. Through these stories, and through performing the related music, we hope to capture and relay the sense of importance and authority that music had in eighteenth-century London.</p>
<p>Handel “Se in fiorito” – Voice, violin, cello, b.c.<br />
Bononcini “Affetto, gioia e riso” – Voice, Violin, b.c.<br />
Handel – Violin Sonata tbd<br />
Ariosti: “Han posto” – Voice, violin, continuo<br />
Haym: “Sussurrando” – Voice, continuo<br />
Haym: Trio Sonata<br />
Porpora: “Bella Diva” – voice, cello, continuo<br />
Arne: “O too lovely” – voice, violin, cello, b.c.<br />
Pepusch/Arne tbd – voice, b.c.<br />
Dall’abaco: Cello Sonata in A+ – cello<br />
Smith: “Flower of this purple dye” – voice, b.c.<br />
Handel: “On the valleys” – voice, violin, cello, b.c.</p>
<p>Pallade Musica (musique d’Athéna) réunit quatre musiciens parmi les plus prometteurs de la scène baroque montréalaise. L’ensemble, composé de Tanya LaPerrière (violon baroque), Elinor Frey (violoncelle baroque), Esteban La Rotta (théorbe) et Mélisande McNabney (clavecin), a remporté le deuxième prix au Internationaal Van Wassenaer Concours à Utrecht en 2014 et le premier prix au Early Music America Baroque Performance Competition à New York en 2012. Ses interprétations, basées sur la recherche et l’exploration, sont reconnues comme étant expressives et élégantes et sont élogieusement qualifiées par les critiques de « virtuosité spectaculaire » (Tom Strini Blog) et de « sens formidable d’ensemble » (Milwaukee Journal Sentinel).</p>
