{"id":58014,"date":"2018-12-10T19:50:52","date_gmt":"2018-12-11T00:50:52","guid":{"rendered":"https:\/\/www.ludwig-van.com\/montreal\/?post_type=tribe_events&#038;p=58014"},"modified":"2018-12-10T19:50:52","modified_gmt":"2018-12-11T00:50:52","slug":"arte-musica-tableaux-musique-lamerique-influence","status":"publish","type":"tribe_events","link":"https:\/\/www.ludwig-van.com\/montreal\/event\/arte-musica-tableaux-musique-lamerique-influence\/","title":{"rendered":"Arte Musica | Tableaux en musique &#8211; L&rsquo;Am\u00e9rique sous influence"},"content":{"rendered":"<p>Un r\u00e9pertoire magnifique d\u2019\u0153uvres de compositeurs am\u00e9ricains influenc\u00e9s par les Europ\u00e9ens.<\/p>\n<p>Visite Concert : d\u00e9couvrez d\u00e8s 17 h l&rsquo;exposition Calder gr\u00e2ce \u00e0 une visite guid\u00e9e exclusive apr\u00e8s les heures d&rsquo;ouverture du Mus\u00e9e, suivi du concert \u00e0 18 h 30.<\/p>\n<p><strong>ARTISTES<\/strong><br \/>\nMusiciens de l&rsquo;OSM :<br \/>\nMarianne Dugal, violon<br \/>\nMarie Lacasse, violon<br \/>\nSofia Gentile, alto<br \/>\nSylvain Murray, violoncelle<\/p>\n<p><strong>PROGRAMME<\/strong><br \/>\nGERSHWIN, <em>Lullaby<\/em>, pour quatuor \u00e0 cordes<br \/>\nPISTON, Quatuor \u00e0 cordes no 3<br \/>\nCOPLAND,\u00a0<em>Two Pieces<\/em>, pour quatuor \u00e0 cordes<br \/>\nBARBER, Quatuor \u00e0 cordes en si mineur, op. 11<\/p>\n","protected":false},"excerpt":{"rendered":"<p>Un r\u00e9pertoire magnifique d\u2019\u0153uvres de compositeurs am\u00e9ricains influenc\u00e9s par les Europ\u00e9ens. Visite Concert : d\u00e9couvrez d\u00e8s 17 h l&rsquo;exposition Calder gr\u00e2ce \u00e0 une visite guid\u00e9e exclusive apr\u00e8s les heures d&rsquo;ouverture du Mus\u00e9e, suivi du concert \u00e0 18 h 30. ARTISTES Musiciens de l&rsquo;OSM : Marianne Dugal, violon Marie Lacasse, violon Sofia Gentile, alto Sylvain Murray, [&hellip;]<\/p>\n","protected":false},"author":1,"featured_media":57315,"comment_status":"open","ping_status":"closed","template":"","meta":{"om_disable_all_campaigns":false,"jetpack_post_was_ever_published":false},"tags":[],"tribe_events_cat":[6109,5052,5327,5124,6476],"acf":[],"jetpack_sharing_enabled":true,"_links":{"self":[{"href":"https:\/\/www.ludwig-van.com\/montreal\/wp-json\/wp\/v2\/tribe_events\/58014"}],"collection":[{"href":"https:\/\/www.ludwig-van.com\/montreal\/wp-json\/wp\/v2\/tribe_events"}],"about":[{"href":"https:\/\/www.ludwig-van.com\/montreal\/wp-json\/wp\/v2\/types\/tribe_events"}],"author":[{"embeddable":true,"href":"https:\/\/www.ludwig-van.com\/montreal\/wp-json\/wp\/v2\/users\/1"}],"replies":[{"embeddable":true,"href":"https:\/\/www.ludwig-van.com\/montreal\/wp-json\/wp\/v2\/comments?post=58014"}],"version-history":[{"count":1,"href":"https:\/\/www.ludwig-van.com\/montreal\/wp-json\/wp\/v2\/tribe_events\/58014\/revisions"}],"predecessor-version":[{"id":58015,"href":"https:\/\/www.ludwig-van.com\/montreal\/wp-json\/wp\/v2\/tribe_events\/58014\/revisions\/58015"}],"wp:featuredmedia":[{"embeddable":true,"href":"https:\/\/www.ludwig-van.com\/montreal\/wp-json\/wp\/v2\/media\/57315"}],"wp:attachment":[{"href":"https:\/\/www.ludwig-van.com\/montreal\/wp-json\/wp\/v2\/media?parent=58014"}],"wp:term":[{"taxonomy":"post_tag","embeddable":true,"href":"https:\/\/www.ludwig-van.com\/montreal\/wp-json\/wp\/v2\/tags?post=58014"},{"taxonomy":"tribe_events_cat","embeddable":true,"href":"https:\/\/www.ludwig-van.com\/montreal\/wp-json\/wp\/v2\/tribe_events_cat?post=58014"}],"curies":[{"name":"wp","href":"https:\/\/api.w.org\/{rel}","templated":true}]}}

Arte Musica | Tableaux en musique &#8211; L&rsquo;Amérique sous influence

<p>Un répertoire magnifique d’œuvres de compositeurs américains influencés par les Européens.</p>
<p>Visite Concert : découvrez dès 17 h l&rsquo;exposition Calder grâce à une visite guidée exclusive après les heures d&rsquo;ouverture du Musée, suivi du concert à 18 h 30.</p>
<p><strong>ARTISTES</strong><br />
Musiciens de l&rsquo;OSM :<br />
Marianne Dugal, violon<br />
Marie Lacasse, violon<br />
Sofia Gentile, alto<br />
Sylvain Murray, violoncelle</p>
<p><strong>PROGRAMME</strong><br />
GERSHWIN, <em>Lullaby</em>, pour quatuor à cordes<br />
PISTON, Quatuor à cordes no 3<br />
COPLAND, <em>Two Pieces</em>, pour quatuor à cordes<br />
BARBER, Quatuor à cordes en si mineur, op. 11</p>

<p>Un répertoire magnifique d’œuvres de compositeurs américains influencés par les Européens. Visite Concert : découvrez dès 17 h l&rsquo;exposition Calder grâce à une visite guidée exclusive après les heures d&rsquo;ouverture du Musée, suivi du concert à 18 h 30. ARTISTES Musiciens de l&rsquo;OSM : Marianne Dugal, violon Marie Lacasse, violon Sofia Gentile, alto Sylvain Murray, [&hellip;]</p>
