{"id":58008,"date":"2018-12-10T19:31:11","date_gmt":"2018-12-11T00:31:11","guid":{"rendered":"https:\/\/www.ludwig-van.com\/montreal\/?post_type=tribe_events&#038;p=58008"},"modified":"2018-12-10T19:31:11","modified_gmt":"2018-12-11T00:31:11","slug":"concerts-lmmc-artemis-quartett","status":"publish","type":"tribe_events","link":"https:\/\/www.ludwig-van.com\/montreal\/event\/concerts-lmmc-artemis-quartett\/","title":{"rendered":"Concerts LMMC | Artemis Quartett"},"content":{"rendered":"<p>Vineta Sareika &#8211; violon<br \/>\nGregor Sigl &#8211; alto<br \/>\nAnthea Kreston &#8211; violon<br \/>\nEckart Runge &#8211; violoncelle<\/p>\n<p>Le quatuor Artemis, fond\u00e9 en 1989 par quatre \u00e9tudiants du conservatoire de L\u00fcbeck en Allemagne, \u00e9tait laur\u00e9at du Deutscher Musikwettbewerb en 1995, du Premier prix du concours international de l\u2019ARD en 1996 et du Premio Paolo-Borciani en 1997. Apr\u00e8s avoir b\u00e9n\u00e9fici\u00e9 de l\u2019enseignement de Walter Levin (premier violon du quatuor LaSalle), des quatuors Alban Berg, Juilliard et Emerson, le quatuor Artemis a fait des d\u00e9buts remarqu\u00e9s \u00e0 la Philharmonie de Berlin en 1999. Depuis, il poursuit une brillante carri\u00e8re internationale, participe \u00e0 de nombreux festivals tout en enseignant \u00e0 l\u2019Universit\u00e9 des Arts de Berlin et \u00e0 la Chapelle Reine \u00c9lisabeth \u00e0 Bruxelles. Son vaste r\u00e9pertoire s\u2019\u00e9tend de l\u2019int\u00e9grale des quatuors de Beethoven \u00e0 la musique contemporaine, en passant par Astor Piazzola. Sa discographie, tr\u00e8s \u00e9toff\u00e9e, a obtenu plusieurs r\u00e9compenses dont le Gramophone Award, le Diapason d\u2019or, ECHO Klassik et le Preis der deutschen Schallplattenkritik.<\/p>\n<p>3e fois au LMMC.<\/p>\n<p>Billets simples pour la saison 2018-2019:<br \/>\nAdulte 50$<br \/>\n\u00c9tudiant (jusqu\u2019\u00e0 26 ans) 20$<\/p>\n<p>Abonnements 2018-2019:<br \/>\nAdulte 300$<br \/>\n\u00c9tudiant (jusqu\u2019\u00e0 26 ans) 80$<\/p>\n","protected":false},"excerpt":{"rendered":"<p>Vineta Sareika &#8211; violon Gregor Sigl &#8211; alto Anthea Kreston &#8211; violon Eckart Runge &#8211; violoncelle Le quatuor Artemis, fond\u00e9 en 1989 par quatre \u00e9tudiants du conservatoire de L\u00fcbeck en Allemagne, \u00e9tait laur\u00e9at du Deutscher Musikwettbewerb en 1995, du Premier prix du concours international de l\u2019ARD en 1996 et du Premio Paolo-Borciani en 1997. Apr\u00e8s [&hellip;]<\/p>\n","protected":false},"author":1,"featured_media":52508,"comment_status":"open","ping_status":"closed","template":"","meta":{"om_disable_all_campaigns":false,"jetpack_post_was_ever_published":false},"tags":[],"tribe_events_cat":[6109,5052,5124,6476],"acf":[],"jetpack_sharing_enabled":true,"_links":{"self":[{"href":"https:\/\/www.ludwig-van.com\/montreal\/wp-json\/wp\/v2\/tribe_events\/58008"}],"collection":[{"href":"https:\/\/www.ludwig-van.com\/montreal\/wp-json\/wp\/v2\/tribe_events"}],"about":[{"href":"https:\/\/www.ludwig-van.com\/montreal\/wp-json\/wp\/v2\/types\/tribe_events"}],"author":[{"embeddable":true,"href":"https:\/\/www.ludwig-van.com\/montreal\/wp-json\/wp\/v2\/users\/1"}],"replies":[{"embeddable":true,"href":"https:\/\/www.ludwig-van.com\/montreal\/wp-json\/wp\/v2\/comments?post=58008"}],"version-history":[{"count":1,"href":"https:\/\/www.ludwig-van.com\/montreal\/wp-json\/wp\/v2\/tribe_events\/58008\/revisions"}],"predecessor-version":[{"id":58009,"href":"https:\/\/www.ludwig-van.com\/montreal\/wp-json\/wp\/v2\/tribe_events\/58008\/revisions\/58009"}],"wp:featuredmedia":[{"embeddable":true,"href":"https:\/\/www.ludwig-van.com\/montreal\/wp-json\/wp\/v2\/media\/52508"}],"wp:attachment":[{"href":"https:\/\/www.ludwig-van.com\/montreal\/wp-json\/wp\/v2\/media?parent=58008"}],"wp:term":[{"taxonomy":"post_tag","embeddable":true,"href":"https:\/\/www.ludwig-van.com\/montreal\/wp-json\/wp\/v2\/tags?post=58008"},{"taxonomy":"tribe_events_cat","embeddable":true,"href":"https:\/\/www.ludwig-van.com\/montreal\/wp-json\/wp\/v2\/tribe_events_cat?post=58008"}],"curies":[{"name":"wp","href":"https:\/\/api.w.org\/{rel}","templated":true}]}}

<p>Vineta Sareika &#8211; violon<br />
Gregor Sigl &#8211; alto<br />
Anthea Kreston &#8211; violon<br />
Eckart Runge &#8211; violoncelle</p>
<p>Le quatuor Artemis, fondé en 1989 par quatre étudiants du conservatoire de Lübeck en Allemagne, était lauréat du Deutscher Musikwettbewerb en 1995, du Premier prix du concours international de l’ARD en 1996 et du Premio Paolo-Borciani en 1997. Après avoir bénéficié de l’enseignement de Walter Levin (premier violon du quatuor LaSalle), des quatuors Alban Berg, Juilliard et Emerson, le quatuor Artemis a fait des débuts remarqués à la Philharmonie de Berlin en 1999. Depuis, il poursuit une brillante carrière internationale, participe à de nombreux festivals tout en enseignant à l’Université des Arts de Berlin et à la Chapelle Reine Élisabeth à Bruxelles. Son vaste répertoire s’étend de l’intégrale des quatuors de Beethoven à la musique contemporaine, en passant par Astor Piazzola. Sa discographie, très étoffée, a obtenu plusieurs récompenses dont le Gramophone Award, le Diapason d’or, ECHO Klassik et le Preis der deutschen Schallplattenkritik.</p>
<p>3e fois au LMMC.</p>
<p>Billets simples pour la saison 2018-2019:<br />
Adulte 50$<br />
Étudiant (jusqu’à 26 ans) 20$</p>
<p>Abonnements 2018-2019:<br />
Adulte 300$<br />
Étudiant (jusqu’à 26 ans) 80$</p>

<p>Vineta Sareika &#8211; violon Gregor Sigl &#8211; alto Anthea Kreston &#8211; violon Eckart Runge &#8211; violoncelle Le quatuor Artemis, fondé en 1989 par quatre étudiants du conservatoire de Lübeck en Allemagne, était lauréat du Deutscher Musikwettbewerb en 1995, du Premier prix du concours international de l’ARD en 1996 et du Premio Paolo-Borciani en 1997. Après [&hellip;]</p>
