{"id":57617,"date":"2018-11-20T17:58:48","date_gmt":"2018-11-20T22:58:48","guid":{"rendered":"https:\/\/www.ludwig-van.com\/montreal\/?post_type=tribe_events&#038;p=57617"},"modified":"2018-11-20T17:58:48","modified_gmt":"2018-11-20T22:58:48","slug":"arte-musica-39e-christmas-sing-in-de-cbc-chantons-noel","status":"publish","type":"tribe_events","link":"https:\/\/www.ludwig-van.com\/montreal\/event\/arte-musica-39e-christmas-sing-in-de-cbc-chantons-noel\/","title":{"rendered":"Arte Musica | 39e Christmas Sing-In de la CBC \u2013 Chantons No\u00ebl !"},"content":{"rendered":"<p>&nbsp;<\/p>\n<p>Fid\u00e8le \u00e0 la tradition, Arte Musica invite \u00e0 la diffusion simultan\u00e9e du concert de No\u00ebl pr\u00e9sent\u00e9 \u00e0 l\u2019\u00e9glise St.<br \/>\nAndrew et St. Paul, dans le cadre de la 39e\u00a0\u00e9dition de cette populaire c\u00e9l\u00e9bration montr\u00e9alaise.<\/p>\n<p><em>Un \u00e9v\u00e8nement produit par la CBC Montreal, en collaboration avec l\u2019\u00e9glise St. Andrew et St. Paul, la Fondation<\/em><br \/>\n<em>Arte Musica et le Mus\u00e9e des beaux-arts de Montr\u00e9al. Les dons seront vers\u00e9s \u00e0 un organisme de charit\u00e9 local.<\/em><\/p>\n<p><strong>Choeur de l\u2019\u00c9glise St. Andrew et St. Paul<\/strong><br \/>\n<strong>Ensemble de cuivres et percussions du Sing-In<\/strong><br \/>\n<strong>Jonathan Oldengarm<\/strong>, orgue<br \/>\n<strong>Jean-S\u00e9bastien Vall\u00e9e<\/strong>, chef<\/p>\n<p>Billets CBC Chantons No\u00ebl<br \/>\nLe samedi 24 novembre \u00e0 12 h 00, vous pourrez r\u00e9server vos billets en ligne \u00e0 Eventbrite.ca<br \/>\nAllez sur Eventbrite.ca et tapez \u00abCBC Sing-In 2018\u00bb dans le champs de recherche<br \/>\nLa salle se remplira rapidement, donc marquez vos calendriers pour le 24 novembre \u00e0 12 h 00 !<\/p>\n","protected":false},"excerpt":{"rendered":"<p>&nbsp; Fid\u00e8le \u00e0 la tradition, Arte Musica invite \u00e0 la diffusion simultan\u00e9e du concert de No\u00ebl pr\u00e9sent\u00e9 \u00e0 l\u2019\u00e9glise St. Andrew et St. Paul, dans le cadre de la 39e\u00a0\u00e9dition de cette populaire c\u00e9l\u00e9bration montr\u00e9alaise. Un \u00e9v\u00e8nement produit par la CBC Montreal, en collaboration avec l\u2019\u00e9glise St. Andrew et St. Paul, la Fondation Arte Musica [&hellip;]<\/p>\n","protected":false},"author":1,"featured_media":49703,"comment_status":"open","ping_status":"closed","template":"","meta":{"om_disable_all_campaigns":false,"jetpack_post_was_ever_published":false},"tags":[],"tribe_events_cat":[5718,5562,5027,5050],"acf":[],"jetpack_sharing_enabled":true,"_links":{"self":[{"href":"https:\/\/www.ludwig-van.com\/montreal\/wp-json\/wp\/v2\/tribe_events\/57617"}],"collection":[{"href":"https:\/\/www.ludwig-van.com\/montreal\/wp-json\/wp\/v2\/tribe_events"}],"about":[{"href":"https:\/\/www.ludwig-van.com\/montreal\/wp-json\/wp\/v2\/types\/tribe_events"}],"author":[{"embeddable":true,"href":"https:\/\/www.ludwig-van.com\/montreal\/wp-json\/wp\/v2\/users\/1"}],"replies":[{"embeddable":true,"href":"https:\/\/www.ludwig-van.com\/montreal\/wp-json\/wp\/v2\/comments?post=57617"}],"version-history":[{"count":1,"href":"https:\/\/www.ludwig-van.com\/montreal\/wp-json\/wp\/v2\/tribe_events\/57617\/revisions"}],"predecessor-version":[{"id":57618,"href":"https:\/\/www.ludwig-van.com\/montreal\/wp-json\/wp\/v2\/tribe_events\/57617\/revisions\/57618"}],"wp:featuredmedia":[{"embeddable":true,"href":"https:\/\/www.ludwig-van.com\/montreal\/wp-json\/wp\/v2\/media\/49703"}],"wp:attachment":[{"href":"https:\/\/www.ludwig-van.com\/montreal\/wp-json\/wp\/v2\/media?parent=57617"}],"wp:term":[{"taxonomy":"post_tag","embeddable":true,"href":"https:\/\/www.ludwig-van.com\/montreal\/wp-json\/wp\/v2\/tags?post=57617"},{"taxonomy":"tribe_events_cat","embeddable":true,"href":"https:\/\/www.ludwig-van.com\/montreal\/wp-json\/wp\/v2\/tribe_events_cat?post=57617"}],"curies":[{"name":"wp","href":"https:\/\/api.w.org\/{rel}","templated":true}]}}

Arte Musica | 39e Christmas Sing-In de la CBC – Chantons Noël !

<p>&nbsp;</p>
<p>Fidèle à la tradition, Arte Musica invite à la diffusion simultanée du concert de Noël présenté à l’église St.<br />
Andrew et St. Paul, dans le cadre de la 39e édition de cette populaire célébration montréalaise.</p>
<p><em>Un évènement produit par la CBC Montreal, en collaboration avec l’église St. Andrew et St. Paul, la Fondation</em><br />
<em>Arte Musica et le Musée des beaux-arts de Montréal. Les dons seront versés à un organisme de charité local.</em></p>
<p><strong>Choeur de l’Église St. Andrew et St. Paul</strong><br />
<strong>Ensemble de cuivres et percussions du Sing-In</strong><br />
<strong>Jonathan Oldengarm</strong>, orgue<br />
<strong>Jean-Sébastien Vallée</strong>, chef</p>
<p>Billets CBC Chantons Noël<br />
Le samedi 24 novembre à 12 h 00, vous pourrez réserver vos billets en ligne à Eventbrite.ca<br />
Allez sur Eventbrite.ca et tapez «CBC Sing-In 2018» dans le champs de recherche<br />
La salle se remplira rapidement, donc marquez vos calendriers pour le 24 novembre à 12 h 00 !</p>

<p>&nbsp; Fidèle à la tradition, Arte Musica invite à la diffusion simultanée du concert de Noël présenté à l’église St. Andrew et St. Paul, dans le cadre de la 39e édition de cette populaire célébration montréalaise. Un évènement produit par la CBC Montreal, en collaboration avec l’église St. Andrew et St. Paul, la Fondation Arte Musica [&hellip;]</p>
