{"id":57287,"date":"2018-11-02T14:23:26","date_gmt":"2018-11-02T18:23:26","guid":{"rendered":"https:\/\/www.ludwig-van.com\/montreal\/?post_type=tribe_events&#038;p=57287"},"modified":"2018-11-02T14:23:26","modified_gmt":"2018-11-02T18:23:26","slug":"arte-musica-boulevard-saint-germain","status":"publish","type":"tribe_events","link":"https:\/\/www.ludwig-van.com\/montreal\/event\/arte-musica-boulevard-saint-germain\/","title":{"rendered":"Arte Musica | Boulevard Saint-Germain"},"content":{"rendered":"<p>Avec la France en toile de fond, Guillaume Martineau donne libre cours \u00e0 son imagination en faisant ressortir les couleurs du jazz pr\u00e9sentes chez Ravel, Debussy et Satie. Il improvise \u00e9galement sur des chansons \u00e9ternelles de Piaf, Brassens et Brel.<\/p>\n<div class=\"content_wrap\">\n<p><strong>GUILLAUME MARTINEAU<\/strong>, piano<\/p>\n<\/div>\n","protected":false},"excerpt":{"rendered":"<p>Avec la France en toile de fond, Guillaume Martineau donne libre cours \u00e0 son imagination en faisant ressortir les couleurs du jazz pr\u00e9sentes chez Ravel, Debussy et Satie. Il improvise \u00e9galement sur des chansons \u00e9ternelles de Piaf, Brassens et Brel. GUILLAUME MARTINEAU, piano<\/p>\n","protected":false},"author":1,"featured_media":56882,"comment_status":"open","ping_status":"closed","template":"","meta":{"om_disable_all_campaigns":false,"jetpack_post_was_ever_published":false},"tags":[],"tribe_events_cat":[5501,5024],"acf":[],"jetpack_sharing_enabled":true,"_links":{"self":[{"href":"https:\/\/www.ludwig-van.com\/montreal\/wp-json\/wp\/v2\/tribe_events\/57287"}],"collection":[{"href":"https:\/\/www.ludwig-van.com\/montreal\/wp-json\/wp\/v2\/tribe_events"}],"about":[{"href":"https:\/\/www.ludwig-van.com\/montreal\/wp-json\/wp\/v2\/types\/tribe_events"}],"author":[{"embeddable":true,"href":"https:\/\/www.ludwig-van.com\/montreal\/wp-json\/wp\/v2\/users\/1"}],"replies":[{"embeddable":true,"href":"https:\/\/www.ludwig-van.com\/montreal\/wp-json\/wp\/v2\/comments?post=57287"}],"version-history":[{"count":1,"href":"https:\/\/www.ludwig-van.com\/montreal\/wp-json\/wp\/v2\/tribe_events\/57287\/revisions"}],"predecessor-version":[{"id":57288,"href":"https:\/\/www.ludwig-van.com\/montreal\/wp-json\/wp\/v2\/tribe_events\/57287\/revisions\/57288"}],"wp:featuredmedia":[{"embeddable":true,"href":"https:\/\/www.ludwig-van.com\/montreal\/wp-json\/wp\/v2\/media\/56882"}],"wp:attachment":[{"href":"https:\/\/www.ludwig-van.com\/montreal\/wp-json\/wp\/v2\/media?parent=57287"}],"wp:term":[{"taxonomy":"post_tag","embeddable":true,"href":"https:\/\/www.ludwig-van.com\/montreal\/wp-json\/wp\/v2\/tags?post=57287"},{"taxonomy":"tribe_events_cat","embeddable":true,"href":"https:\/\/www.ludwig-van.com\/montreal\/wp-json\/wp\/v2\/tribe_events_cat?post=57287"}],"curies":[{"name":"wp","href":"https:\/\/api.w.org\/{rel}","templated":true}]}}

<p>Avec la France en toile de fond, Guillaume Martineau donne libre cours à son imagination en faisant ressortir les couleurs du jazz présentes chez Ravel, Debussy et Satie. Il improvise également sur des chansons éternelles de Piaf, Brassens et Brel.</p>
<div class="content_wrap">
<p><strong>GUILLAUME MARTINEAU</strong>, piano</p>
</div>

<p>Avec la France en toile de fond, Guillaume Martineau donne libre cours à son imagination en faisant ressortir les couleurs du jazz présentes chez Ravel, Debussy et Satie. Il improvise également sur des chansons éternelles de Piaf, Brassens et Brel. GUILLAUME MARTINEAU, piano</p>
