{"id":56745,"date":"2018-10-10T18:58:33","date_gmt":"2018-10-10T22:58:33","guid":{"rendered":"https:\/\/www.ludwig-van.com\/montreal\/?post_type=tribe_events&#038;p=56745"},"modified":"2018-10-10T18:58:33","modified_gmt":"2018-10-10T22:58:33","slug":"ecole-de-musique-schulich-orchestre-baroque-de-mcgill-2","status":"publish","type":"tribe_events","link":"https:\/\/www.ludwig-van.com\/montreal\/event\/ecole-de-musique-schulich-orchestre-baroque-de-mcgill-2\/","title":{"rendered":"\u00c9cole de musique Schulich | Orchestre baroque de McGill"},"content":{"rendered":"<p>Concerti et concerti grossi<br \/>\nMusique dans le style italien<\/p>\n<p>Hank Knox, directeur artistique<\/p>\n<p>\u0152uvres de GEORG FRIDERICH HAENDEL, ARCANGELO CORELLI, PIETRO LOCATELLI, FRANCESCO MARIA VERACINI<\/p>\n<div class=\"field-label\">Prix:\u00a0<span style=\"font-family: -apple-system, BlinkMacSystemFont, 'Segoe UI', Roboto, Oxygen-Sans, Ubuntu, Cantarell, 'Helvetica Neue', sans-serif;\">18$ \/ 12$<\/span><\/div>\n<p>Billets en vente\u00a0<a href=\"http:\/\/schulich.ticketmob.com\/event.cfm?id=175203&amp;cart\" target=\"_blank\" rel=\"noopener\">en ligne<\/a>, par t\u00e9l\u00e9phone (514-398-4547) ou en personne \u00e0 la\u00a0<a href=\"https:\/\/www.mcgill.ca\/music\/fr\/node\/14\" target=\"_blank\" rel=\"noopener\">billetterie<\/a>\u00a0de l\u2019\u00c9cole de musique Schulich : ouverte du lundi au vendredi 12 h \u00e0 18 h (555 rue Sherbrooke Ouest) Les taxes applicables sont incluses dans le prix des billets, des frais de service s\u2019appliquent pour l\u2019achat de billets fait en ligne.<\/p>\n","protected":false},"excerpt":{"rendered":"<p>Concerti et concerti grossi Musique dans le style italien Hank Knox, directeur artistique \u0152uvres de GEORG FRIDERICH HAENDEL, ARCANGELO CORELLI, PIETRO LOCATELLI, FRANCESCO MARIA VERACINI Prix:\u00a018$ \/ 12$ Billets en vente\u00a0en ligne, par t\u00e9l\u00e9phone (514-398-4547) ou en personne \u00e0 la\u00a0billetterie\u00a0de l\u2019\u00c9cole de musique Schulich : ouverte du lundi au vendredi 12 h \u00e0 18 h [&hellip;]<\/p>\n","protected":false},"author":1,"featured_media":51285,"comment_status":"open","ping_status":"closed","template":"","meta":{"om_disable_all_campaigns":false,"jetpack_post_was_ever_published":false},"tags":[],"tribe_events_cat":[5053],"acf":[],"jetpack_sharing_enabled":true,"_links":{"self":[{"href":"https:\/\/www.ludwig-van.com\/montreal\/wp-json\/wp\/v2\/tribe_events\/56745"}],"collection":[{"href":"https:\/\/www.ludwig-van.com\/montreal\/wp-json\/wp\/v2\/tribe_events"}],"about":[{"href":"https:\/\/www.ludwig-van.com\/montreal\/wp-json\/wp\/v2\/types\/tribe_events"}],"author":[{"embeddable":true,"href":"https:\/\/www.ludwig-van.com\/montreal\/wp-json\/wp\/v2\/users\/1"}],"replies":[{"embeddable":true,"href":"https:\/\/www.ludwig-van.com\/montreal\/wp-json\/wp\/v2\/comments?post=56745"}],"version-history":[{"count":1,"href":"https:\/\/www.ludwig-van.com\/montreal\/wp-json\/wp\/v2\/tribe_events\/56745\/revisions"}],"predecessor-version":[{"id":56746,"href":"https:\/\/www.ludwig-van.com\/montreal\/wp-json\/wp\/v2\/tribe_events\/56745\/revisions\/56746"}],"wp:featuredmedia":[{"embeddable":true,"href":"https:\/\/www.ludwig-van.com\/montreal\/wp-json\/wp\/v2\/media\/51285"}],"wp:attachment":[{"href":"https:\/\/www.ludwig-van.com\/montreal\/wp-json\/wp\/v2\/media?parent=56745"}],"wp:term":[{"taxonomy":"post_tag","embeddable":true,"href":"https:\/\/www.ludwig-van.com\/montreal\/wp-json\/wp\/v2\/tags?post=56745"},{"taxonomy":"tribe_events_cat","embeddable":true,"href":"https:\/\/www.ludwig-van.com\/montreal\/wp-json\/wp\/v2\/tribe_events_cat?post=56745"}],"curies":[{"name":"wp","href":"https:\/\/api.w.org\/{rel}","templated":true}]}}

École de musique Schulich | Orchestre baroque de McGill

<p>Concerti et concerti grossi<br />
Musique dans le style italien</p>
<p>Hank Knox, directeur artistique</p>
<p>Œuvres de GEORG FRIDERICH HAENDEL, ARCANGELO CORELLI, PIETRO LOCATELLI, FRANCESCO MARIA VERACINI</p>
<div class="field-label">Prix: <span style="font-family: -apple-system, BlinkMacSystemFont, 'Segoe UI', Roboto, Oxygen-Sans, Ubuntu, Cantarell, 'Helvetica Neue', sans-serif;">18$ / 12$</span></div>
<p>Billets en vente <a href="http://schulich.ticketmob.com/event.cfm?id=175203&amp;cart" target="_blank" rel="noopener">en ligne</a>, par téléphone (514-398-4547) ou en personne à la <a href="https://www.mcgill.ca/music/fr/node/14" target="_blank" rel="noopener">billetterie</a> de l’École de musique Schulich : ouverte du lundi au vendredi 12 h à 18 h (555 rue Sherbrooke Ouest) Les taxes applicables sont incluses dans le prix des billets, des frais de service s’appliquent pour l’achat de billets fait en ligne.</p>

<p>Concerti et concerti grossi Musique dans le style italien Hank Knox, directeur artistique Œuvres de GEORG FRIDERICH HAENDEL, ARCANGELO CORELLI, PIETRO LOCATELLI, FRANCESCO MARIA VERACINI Prix: 18$ / 12$ Billets en vente en ligne, par téléphone (514-398-4547) ou en personne à la billetterie de l’École de musique Schulich : ouverte du lundi au vendredi 12 h à 18 h [&hellip;]</p>
