{"id":56679,"date":"2018-10-06T00:52:50","date_gmt":"2018-10-06T04:52:50","guid":{"rendered":"https:\/\/www.ludwig-van.com\/montreal\/?post_type=tribe_events&#038;p=56679"},"modified":"2018-10-06T00:52:50","modified_gmt":"2018-10-06T04:52:50","slug":"cioc-festival-couleurs-de-lorgue-francais-pascale-rouet","status":"publish","type":"tribe_events","link":"https:\/\/www.ludwig-van.com\/montreal\/event\/cioc-festival-couleurs-de-lorgue-francais-pascale-rouet\/","title":{"rendered":"CIOC | Festival des couleurs de l&rsquo;orgue fran\u00e7ais : Pascale Rouet"},"content":{"rendered":"<p>Pascale Rouet entre au Conservatoire National Sup\u00e9rieur de Musique de Paris et, en 1991, est nomm\u00e9e co-titulaire de l&rsquo;orgue Formentelli de l&rsquo;abbatiale de Mouzon. Consciente de la richesse de la musique d&rsquo;orgue des origines \u00e0 nos jours, elle essaie d&rsquo;aborder un r\u00e9pertoire aussi \u00e9tendu et vari\u00e9 que possible; sa discographie comprend une vingtaine d&rsquo;enregistrements allant de la musique ancienne \u00e0 celle d&rsquo;aujourd&rsquo;hui.<\/p>\n<p>Jean-Joseph Mouret: Fanfares pour des trompettes, timbales, violons et hautbois (transcription P. Rouet)<br \/>\nJan Pietersszoon Sweelinck: Le Songe de Jan Pieterszoon Sweelink (extraits)<br \/>\nBruce Mather: Pi\u00e8ce pour membre no. 2<br \/>\nMichel Bo\u00e9dec: Danses bretonnes, Rid\u00e9es 6 temps, Gavotte de l&rsquo;Avent, Aleppian Circle<br \/>\nJean-Pierre Leguay: Pr\u00e9lude no. 17<br \/>\nPierre Du Mage: Livre d&rsquo;orgue<\/p>\n<p><strong>S\u00e9rie Festival des couleurs de l&rsquo;orgue fran\u00e7ais<\/strong><\/p>\n<p>Pour la 24e ann\u00e9e cons\u00e9cutive, la chapelle du Grand S\u00e9minaire de Montr\u00e9al accueille le Festival des couleurs de l\u2019orgue fran\u00e7ais tous les dimanches d\u2019octobre.Profitez de l\u2019occasion pour p\u00e9n\u00e9trer dans le Grand S\u00e9minaire de 1857 et d\u00e9couvrir la chapelle de Jean-Omer Marchand (1907), un des secrets les mieux gard\u00e9s de Montr\u00e9al, et la vo\u00fbte de l\u2019abside orn\u00e9e de la Pr\u00e9sentation de la Vierge par Joseph Saint-Charles.<\/p>\n","protected":false},"excerpt":{"rendered":"<p>Pascale Rouet entre au Conservatoire National Sup\u00e9rieur de Musique de Paris et, en 1991, est nomm\u00e9e co-titulaire de l&rsquo;orgue Formentelli de l&rsquo;abbatiale de Mouzon. Consciente de la richesse de la musique d&rsquo;orgue des origines \u00e0 nos jours, elle essaie d&rsquo;aborder un r\u00e9pertoire aussi \u00e9tendu et vari\u00e9 que possible; sa discographie comprend une vingtaine d&rsquo;enregistrements allant [&hellip;]<\/p>\n","protected":false},"author":1,"featured_media":56680,"comment_status":"open","ping_status":"closed","template":"","meta":{"om_disable_all_campaigns":false,"jetpack_post_was_ever_published":false},"tags":[],"tribe_events_cat":[5562],"acf":[],"jetpack_sharing_enabled":true,"_links":{"self":[{"href":"https:\/\/www.ludwig-van.com\/montreal\/wp-json\/wp\/v2\/tribe_events\/56679"}],"collection":[{"href":"https:\/\/www.ludwig-van.com\/montreal\/wp-json\/wp\/v2\/tribe_events"}],"about":[{"href":"https:\/\/www.ludwig-van.com\/montreal\/wp-json\/wp\/v2\/types\/tribe_events"}],"author":[{"embeddable":true,"href":"https:\/\/www.ludwig-van.com\/montreal\/wp-json\/wp\/v2\/users\/1"}],"replies":[{"embeddable":true,"href":"https:\/\/www.ludwig-van.com\/montreal\/wp-json\/wp\/v2\/comments?post=56679"}],"version-history":[{"count":1,"href":"https:\/\/www.ludwig-van.com\/montreal\/wp-json\/wp\/v2\/tribe_events\/56679\/revisions"}],"predecessor-version":[{"id":56681,"href":"https:\/\/www.ludwig-van.com\/montreal\/wp-json\/wp\/v2\/tribe_events\/56679\/revisions\/56681"}],"wp:featuredmedia":[{"embeddable":true,"href":"https:\/\/www.ludwig-van.com\/montreal\/wp-json\/wp\/v2\/media\/56680"}],"wp:attachment":[{"href":"https:\/\/www.ludwig-van.com\/montreal\/wp-json\/wp\/v2\/media?parent=56679"}],"wp:term":[{"taxonomy":"post_tag","embeddable":true,"href":"https:\/\/www.ludwig-van.com\/montreal\/wp-json\/wp\/v2\/tags?post=56679"},{"taxonomy":"tribe_events_cat","embeddable":true,"href":"https:\/\/www.ludwig-van.com\/montreal\/wp-json\/wp\/v2\/tribe_events_cat?post=56679"}],"curies":[{"name":"wp","href":"https:\/\/api.w.org\/{rel}","templated":true}]}}

CIOC | Festival des couleurs de l&rsquo;orgue français : Pascale Rouet

<p>Pascale Rouet entre au Conservatoire National Supérieur de Musique de Paris et, en 1991, est nommée co-titulaire de l&rsquo;orgue Formentelli de l&rsquo;abbatiale de Mouzon. Consciente de la richesse de la musique d&rsquo;orgue des origines à nos jours, elle essaie d&rsquo;aborder un répertoire aussi étendu et varié que possible; sa discographie comprend une vingtaine d&rsquo;enregistrements allant de la musique ancienne à celle d&rsquo;aujourd&rsquo;hui.</p>
<p>Jean-Joseph Mouret: Fanfares pour des trompettes, timbales, violons et hautbois (transcription P. Rouet)<br />
Jan Pietersszoon Sweelinck: Le Songe de Jan Pieterszoon Sweelink (extraits)<br />
Bruce Mather: Pièce pour membre no. 2<br />
Michel Boédec: Danses bretonnes, Ridées 6 temps, Gavotte de l&rsquo;Avent, Aleppian Circle<br />
Jean-Pierre Leguay: Prélude no. 17<br />
Pierre Du Mage: Livre d&rsquo;orgue</p>
<p><strong>Série Festival des couleurs de l&rsquo;orgue français</strong></p>
<p>Pour la 24e année consécutive, la chapelle du Grand Séminaire de Montréal accueille le Festival des couleurs de l’orgue français tous les dimanches d’octobre.Profitez de l’occasion pour pénétrer dans le Grand Séminaire de 1857 et découvrir la chapelle de Jean-Omer Marchand (1907), un des secrets les mieux gardés de Montréal, et la voûte de l’abside ornée de la Présentation de la Vierge par Joseph Saint-Charles.</p>

<p>Pascale Rouet entre au Conservatoire National Supérieur de Musique de Paris et, en 1991, est nommée co-titulaire de l&rsquo;orgue Formentelli de l&rsquo;abbatiale de Mouzon. Consciente de la richesse de la musique d&rsquo;orgue des origines à nos jours, elle essaie d&rsquo;aborder un répertoire aussi étendu et varié que possible; sa discographie comprend une vingtaine d&rsquo;enregistrements allant [&hellip;]</p>
