{"id":56482,"date":"2018-09-19T18:05:16","date_gmt":"2018-09-19T22:05:16","guid":{"rendered":"https:\/\/www.ludwig-van.com\/montreal\/?post_type=tribe_events&#038;p=56482"},"modified":"2018-09-19T18:05:16","modified_gmt":"2018-09-19T22:05:16","slug":"arte-musica-de-lune","status":"publish","type":"tribe_events","link":"https:\/\/www.ludwig-van.com\/montreal\/event\/arte-musica-de-lune\/","title":{"rendered":"Arte Musica | Sur les pas de la lune"},"content":{"rendered":"<p>Pour cette carte blanche, la compositrice canadienne Kelly-Marie Murphy, laur\u00e9ate en 2018 du Prix Azrieli pour la musique, propose un programme comprenant deux de ses propres compositions qui font \u00e9cho \u00e0 l\u2019\u0153uvre la plus c\u00e9l\u00e8bre de Schoenberg, le toujours fascinant\u00a0Pierrot lunaire.<\/p>\n<p>ARTISTES<br \/>\nMireille Lebel, mezzo-soprano<br \/>\nYehonatan Berick, violon et alto<br \/>\nChlo\u00e9 Dominguez, violoncelle<br \/>\nHubert Tanguay-Labrosse, clarinette<br \/>\nClaire Marchand, fl\u00fbte<br \/>\nLouise Bessette, piano<\/p>\n<p>PROGRAMME<br \/>\nSCHOENBERG,\u00a0<em>Pierrot lunaire<\/em>, op. 31<br \/>\nKelly-Marie MURPHY, <em>Sur les pas de la lune<\/em><br \/>\nKelly-Marie MURPHY, <em>To Hold Back the Chaos, I Transformed Fire and Cloud<\/em><\/p>\n<p>Prix : 18.05$ &#8211; 33.92$<\/p>\n","protected":false},"excerpt":{"rendered":"<p>Pour cette carte blanche, la compositrice canadienne Kelly-Marie Murphy, laur\u00e9ate en 2018 du Prix Azrieli pour la musique, propose un programme comprenant deux de ses propres compositions qui font \u00e9cho \u00e0 l\u2019\u0153uvre la plus c\u00e9l\u00e8bre de Schoenberg, le toujours fascinant\u00a0Pierrot lunaire. ARTISTES Mireille Lebel, mezzo-soprano Yehonatan Berick, violon et alto Chlo\u00e9 Dominguez, violoncelle Hubert Tanguay-Labrosse, [&hellip;]<\/p>\n","protected":false},"author":1,"featured_media":56474,"comment_status":"open","ping_status":"closed","template":"","meta":{"om_disable_all_campaigns":false,"jetpack_post_was_ever_published":false},"tags":[],"tribe_events_cat":[6109,5052,5327,5024,5124,6476,5050],"acf":[],"jetpack_sharing_enabled":true,"_links":{"self":[{"href":"https:\/\/www.ludwig-van.com\/montreal\/wp-json\/wp\/v2\/tribe_events\/56482"}],"collection":[{"href":"https:\/\/www.ludwig-van.com\/montreal\/wp-json\/wp\/v2\/tribe_events"}],"about":[{"href":"https:\/\/www.ludwig-van.com\/montreal\/wp-json\/wp\/v2\/types\/tribe_events"}],"author":[{"embeddable":true,"href":"https:\/\/www.ludwig-van.com\/montreal\/wp-json\/wp\/v2\/users\/1"}],"replies":[{"embeddable":true,"href":"https:\/\/www.ludwig-van.com\/montreal\/wp-json\/wp\/v2\/comments?post=56482"}],"version-history":[{"count":1,"href":"https:\/\/www.ludwig-van.com\/montreal\/wp-json\/wp\/v2\/tribe_events\/56482\/revisions"}],"predecessor-version":[{"id":56483,"href":"https:\/\/www.ludwig-van.com\/montreal\/wp-json\/wp\/v2\/tribe_events\/56482\/revisions\/56483"}],"wp:featuredmedia":[{"embeddable":true,"href":"https:\/\/www.ludwig-van.com\/montreal\/wp-json\/wp\/v2\/media\/56474"}],"wp:attachment":[{"href":"https:\/\/www.ludwig-van.com\/montreal\/wp-json\/wp\/v2\/media?parent=56482"}],"wp:term":[{"taxonomy":"post_tag","embeddable":true,"href":"https:\/\/www.ludwig-van.com\/montreal\/wp-json\/wp\/v2\/tags?post=56482"},{"taxonomy":"tribe_events_cat","embeddable":true,"href":"https:\/\/www.ludwig-van.com\/montreal\/wp-json\/wp\/v2\/tribe_events_cat?post=56482"}],"curies":[{"name":"wp","href":"https:\/\/api.w.org\/{rel}","templated":true}]}}

<p>Pour cette carte blanche, la compositrice canadienne Kelly-Marie Murphy, lauréate en 2018 du Prix Azrieli pour la musique, propose un programme comprenant deux de ses propres compositions qui font écho à l’œuvre la plus célèbre de Schoenberg, le toujours fascinant Pierrot lunaire.</p>
<p>ARTISTES<br />
Mireille Lebel, mezzo-soprano<br />
Yehonatan Berick, violon et alto<br />
Chloé Dominguez, violoncelle<br />
Hubert Tanguay-Labrosse, clarinette<br />
Claire Marchand, flûte<br />
Louise Bessette, piano</p>
<p>PROGRAMME<br />
SCHOENBERG, <em>Pierrot lunaire</em>, op. 31<br />
Kelly-Marie MURPHY, <em>Sur les pas de la lune</em><br />
Kelly-Marie MURPHY, <em>To Hold Back the Chaos, I Transformed Fire and Cloud</em></p>
<p>Prix : 18.05$ &#8211; 33.92$</p>

<p>Pour cette carte blanche, la compositrice canadienne Kelly-Marie Murphy, lauréate en 2018 du Prix Azrieli pour la musique, propose un programme comprenant deux de ses propres compositions qui font écho à l’œuvre la plus célèbre de Schoenberg, le toujours fascinant Pierrot lunaire. ARTISTES Mireille Lebel, mezzo-soprano Yehonatan Berick, violon et alto Chloé Dominguez, violoncelle Hubert Tanguay-Labrosse, [&hellip;]</p>
