{"id":55892,"date":"2018-08-10T17:46:03","date_gmt":"2018-08-10T21:46:03","guid":{"rendered":"https:\/\/www.ludwig-van.com\/montreal\/?post_type=tribe_events&#038;p=55892"},"modified":"2018-08-10T17:46:03","modified_gmt":"2018-08-10T21:46:03","slug":"osm-viree-classique-alexei-volodin-belle-bois-dormant","status":"publish","type":"tribe_events","link":"https:\/\/www.ludwig-van.com\/montreal\/event\/osm-viree-classique-alexei-volodin-belle-bois-dormant\/","title":{"rendered":"OSM | Vir\u00e9e classique : Alexei Volodin et la Belle au bois dormant"},"content":{"rendered":"<p>Montr\u00e9al re\u00e7oit le pianiste virtuose Alexei Volodin, qui a marqu\u00e9 les esprits lors de son dernier passage avec l\u2019OSM. Il interpr\u00e8te cette fois un arrangement de la suite <em>La belle au bois dormant\u00a0<\/em>de Tcha\u00efkovski, qui connut un retentissant succ\u00e8s d\u00e8s sa cr\u00e9ation en 1890.<\/p>\n<p><strong>PRIX JEUNESSE 17 ans et moins\u00a0: 10$ par concert<\/strong><\/p>\n<p>OEUVRES<br \/>\nNikola\u00ef Medtner, <em>Skazki<\/em>\u00a0[Contes de f\u00e9e], op. 20, n<sup>o<\/sup> 1 (5 min)<br \/>\nTcha\u00efkovski, <em>La belle au bois dormant<\/em>, op. 66 (arr. M. Pletnev) (28 min)<br \/>\nBalakirev, <em>Islamey<\/em>, op. 18 (10 min)<\/p>\n","protected":false},"excerpt":{"rendered":"<p>Montr\u00e9al re\u00e7oit le pianiste virtuose Alexei Volodin, qui a marqu\u00e9 les esprits lors de son dernier passage avec l\u2019OSM. Il interpr\u00e8te cette fois un arrangement de la suite La belle au bois dormant\u00a0de Tcha\u00efkovski, qui connut un retentissant succ\u00e8s d\u00e8s sa cr\u00e9ation en 1890. PRIX JEUNESSE 17 ans et moins\u00a0: 10$ par concert OEUVRES Nikola\u00ef [&hellip;]<\/p>\n","protected":false},"author":1,"featured_media":55870,"comment_status":"open","ping_status":"closed","template":"","meta":{"om_disable_all_campaigns":false,"jetpack_post_was_ever_published":false},"tags":[],"tribe_events_cat":[5513,5024],"acf":[],"jetpack_sharing_enabled":true,"_links":{"self":[{"href":"https:\/\/www.ludwig-van.com\/montreal\/wp-json\/wp\/v2\/tribe_events\/55892"}],"collection":[{"href":"https:\/\/www.ludwig-van.com\/montreal\/wp-json\/wp\/v2\/tribe_events"}],"about":[{"href":"https:\/\/www.ludwig-van.com\/montreal\/wp-json\/wp\/v2\/types\/tribe_events"}],"author":[{"embeddable":true,"href":"https:\/\/www.ludwig-van.com\/montreal\/wp-json\/wp\/v2\/users\/1"}],"replies":[{"embeddable":true,"href":"https:\/\/www.ludwig-van.com\/montreal\/wp-json\/wp\/v2\/comments?post=55892"}],"version-history":[{"count":1,"href":"https:\/\/www.ludwig-van.com\/montreal\/wp-json\/wp\/v2\/tribe_events\/55892\/revisions"}],"predecessor-version":[{"id":55894,"href":"https:\/\/www.ludwig-van.com\/montreal\/wp-json\/wp\/v2\/tribe_events\/55892\/revisions\/55894"}],"wp:featuredmedia":[{"embeddable":true,"href":"https:\/\/www.ludwig-van.com\/montreal\/wp-json\/wp\/v2\/media\/55870"}],"wp:attachment":[{"href":"https:\/\/www.ludwig-van.com\/montreal\/wp-json\/wp\/v2\/media?parent=55892"}],"wp:term":[{"taxonomy":"post_tag","embeddable":true,"href":"https:\/\/www.ludwig-van.com\/montreal\/wp-json\/wp\/v2\/tags?post=55892"},{"taxonomy":"tribe_events_cat","embeddable":true,"href":"https:\/\/www.ludwig-van.com\/montreal\/wp-json\/wp\/v2\/tribe_events_cat?post=55892"}],"curies":[{"name":"wp","href":"https:\/\/api.w.org\/{rel}","templated":true}]}}

OSM | Virée classique : Alexei Volodin et la Belle au bois dormant

<p>Montréal reçoit le pianiste virtuose Alexei Volodin, qui a marqué les esprits lors de son dernier passage avec l’OSM. Il interprète cette fois un arrangement de la suite <em>La belle au bois dormant </em>de Tchaïkovski, qui connut un retentissant succès dès sa création en 1890.</p>
<p><strong>PRIX JEUNESSE 17 ans et moins : 10$ par concert</strong></p>
<p>OEUVRES<br />
Nikolaï Medtner, <em>Skazki</em> [Contes de fée], op. 20, n<sup>o</sup> 1 (5 min)<br />
Tchaïkovski, <em>La belle au bois dormant</em>, op. 66 (arr. M. Pletnev) (28 min)<br />
Balakirev, <em>Islamey</em>, op. 18 (10 min)</p>

<p>Montréal reçoit le pianiste virtuose Alexei Volodin, qui a marqué les esprits lors de son dernier passage avec l’OSM. Il interprète cette fois un arrangement de la suite La belle au bois dormant de Tchaïkovski, qui connut un retentissant succès dès sa création en 1890. PRIX JEUNESSE 17 ans et moins : 10$ par concert OEUVRES Nikolaï [&hellip;]</p>
