{"id":55575,"date":"2018-07-22T21:08:08","date_gmt":"2018-07-23T01:08:08","guid":{"rendered":"https:\/\/www.ludwig-van.com\/montreal\/?post_type=tribe_events&#038;p=55575"},"modified":"2018-07-22T21:08:08","modified_gmt":"2018-07-23T01:08:08","slug":"chapelle-historique-pasteur-trio-milot-bareil-tetreault","status":"publish","type":"tribe_events","link":"https:\/\/www.ludwig-van.com\/montreal\/event\/chapelle-historique-pasteur-trio-milot-bareil-tetreault\/","title":{"rendered":"Chapelle historique du Bon-Pasteur | Trio Milot \/ Bareil \/ T\u00e9treault"},"content":{"rendered":"<p>Val\u00e9rie Milot, harpe<br \/>\nAntoine Bareil, violon<br \/>\nSt\u00e9phane T\u00e9treault, violoncelle<\/p>\n<p>Georg Friedrich Handel \/ Johan Halvorsen Passacaglia pour violon et violoncelle<br \/>\nArvo P\u00e4rt: Mozart-Adagio pour violon, violoncelle et piano (harpe)<br \/>\nJacques Ibert: Trio pour violon, violoncelle et harpe<br \/>\nHenriette Reni\u00e9: Danse des lutins<br \/>\nHenriette Reni\u00e9: Trio pour violon et violoncelle et harpe<\/p>\n<p>Billets disponibles le 20 septembre 2018<\/p>\n","protected":false},"excerpt":{"rendered":"<p>Val\u00e9rie Milot, harpe Antoine Bareil, violon St\u00e9phane T\u00e9treault, violoncelle Georg Friedrich Handel \/ Johan Halvorsen Passacaglia pour violon et violoncelle Arvo P\u00e4rt: Mozart-Adagio pour violon, violoncelle et piano (harpe) Jacques Ibert: Trio pour violon, violoncelle et harpe Henriette Reni\u00e9: Danse des lutins Henriette Reni\u00e9: Trio pour violon et violoncelle et harpe Billets disponibles le 20 [&hellip;]<\/p>\n","protected":false},"author":1,"featured_media":54719,"comment_status":"open","ping_status":"closed","template":"","meta":{"om_disable_all_campaigns":false,"jetpack_post_was_ever_published":false},"tags":[],"tribe_events_cat":[6109,5052,5565,6476],"acf":[],"jetpack_sharing_enabled":true,"_links":{"self":[{"href":"https:\/\/www.ludwig-van.com\/montreal\/wp-json\/wp\/v2\/tribe_events\/55575"}],"collection":[{"href":"https:\/\/www.ludwig-van.com\/montreal\/wp-json\/wp\/v2\/tribe_events"}],"about":[{"href":"https:\/\/www.ludwig-van.com\/montreal\/wp-json\/wp\/v2\/types\/tribe_events"}],"author":[{"embeddable":true,"href":"https:\/\/www.ludwig-van.com\/montreal\/wp-json\/wp\/v2\/users\/1"}],"replies":[{"embeddable":true,"href":"https:\/\/www.ludwig-van.com\/montreal\/wp-json\/wp\/v2\/comments?post=55575"}],"version-history":[{"count":1,"href":"https:\/\/www.ludwig-van.com\/montreal\/wp-json\/wp\/v2\/tribe_events\/55575\/revisions"}],"predecessor-version":[{"id":55576,"href":"https:\/\/www.ludwig-van.com\/montreal\/wp-json\/wp\/v2\/tribe_events\/55575\/revisions\/55576"}],"wp:featuredmedia":[{"embeddable":true,"href":"https:\/\/www.ludwig-van.com\/montreal\/wp-json\/wp\/v2\/media\/54719"}],"wp:attachment":[{"href":"https:\/\/www.ludwig-van.com\/montreal\/wp-json\/wp\/v2\/media?parent=55575"}],"wp:term":[{"taxonomy":"post_tag","embeddable":true,"href":"https:\/\/www.ludwig-van.com\/montreal\/wp-json\/wp\/v2\/tags?post=55575"},{"taxonomy":"tribe_events_cat","embeddable":true,"href":"https:\/\/www.ludwig-van.com\/montreal\/wp-json\/wp\/v2\/tribe_events_cat?post=55575"}],"curies":[{"name":"wp","href":"https:\/\/api.w.org\/{rel}","templated":true}]}}

Chapelle historique du Bon-Pasteur | Trio Milot / Bareil / Tétreault

<p>Valérie Milot, harpe<br />
Antoine Bareil, violon<br />
Stéphane Tétreault, violoncelle</p>
<p>Georg Friedrich Handel / Johan Halvorsen Passacaglia pour violon et violoncelle<br />
Arvo Pärt: Mozart-Adagio pour violon, violoncelle et piano (harpe)<br />
Jacques Ibert: Trio pour violon, violoncelle et harpe<br />
Henriette Renié: Danse des lutins<br />
Henriette Renié: Trio pour violon et violoncelle et harpe</p>
<p>Billets disponibles le 20 septembre 2018</p>

<p>Valérie Milot, harpe Antoine Bareil, violon Stéphane Tétreault, violoncelle Georg Friedrich Handel / Johan Halvorsen Passacaglia pour violon et violoncelle Arvo Pärt: Mozart-Adagio pour violon, violoncelle et piano (harpe) Jacques Ibert: Trio pour violon, violoncelle et harpe Henriette Renié: Danse des lutins Henriette Renié: Trio pour violon et violoncelle et harpe Billets disponibles le 20 [&hellip;]</p>
