{"id":55562,"date":"2018-07-22T20:02:49","date_gmt":"2018-07-23T00:02:49","guid":{"rendered":"https:\/\/www.ludwig-van.com\/montreal\/?post_type=tribe_events&#038;p=55562"},"modified":"2018-07-22T20:02:49","modified_gmt":"2018-07-23T00:02:49","slug":"chapelle-historique-pasteur-concert-dimprovisation","status":"publish","type":"tribe_events","link":"https:\/\/www.ludwig-van.com\/montreal\/event\/chapelle-historique-pasteur-concert-dimprovisation\/","title":{"rendered":"Chapelle historique du Bon-Pasteur | Concert d\u2019improvisation"},"content":{"rendered":"<p>Philippe Prud&rsquo;homme, piano<br \/>\nSerhiy Salov, piano<\/p>\n<p>Lors de concert, le public est invit\u00e9 \u00e0 choisir th\u00e8mes et styles musicaux desquels les 2 improvisateurs aguerris s\u2019inspirent sur le vif. Une premi\u00e8re \u00e0 la Chapelle \u00e0 ne pas manquer.<\/p>\n","protected":false},"excerpt":{"rendered":"<p>Philippe Prud&rsquo;homme, piano Serhiy Salov, piano Lors de concert, le public est invit\u00e9 \u00e0 choisir th\u00e8mes et styles musicaux desquels les 2 improvisateurs aguerris s\u2019inspirent sur le vif. Une premi\u00e8re \u00e0 la Chapelle \u00e0 ne pas manquer.<\/p>\n","protected":false},"author":1,"featured_media":54727,"comment_status":"open","ping_status":"closed","template":"","meta":{"om_disable_all_campaigns":false,"jetpack_post_was_ever_published":false},"tags":[],"tribe_events_cat":[5024],"acf":[],"jetpack_sharing_enabled":true,"_links":{"self":[{"href":"https:\/\/www.ludwig-van.com\/montreal\/wp-json\/wp\/v2\/tribe_events\/55562"}],"collection":[{"href":"https:\/\/www.ludwig-van.com\/montreal\/wp-json\/wp\/v2\/tribe_events"}],"about":[{"href":"https:\/\/www.ludwig-van.com\/montreal\/wp-json\/wp\/v2\/types\/tribe_events"}],"author":[{"embeddable":true,"href":"https:\/\/www.ludwig-van.com\/montreal\/wp-json\/wp\/v2\/users\/1"}],"replies":[{"embeddable":true,"href":"https:\/\/www.ludwig-van.com\/montreal\/wp-json\/wp\/v2\/comments?post=55562"}],"version-history":[{"count":1,"href":"https:\/\/www.ludwig-van.com\/montreal\/wp-json\/wp\/v2\/tribe_events\/55562\/revisions"}],"predecessor-version":[{"id":55563,"href":"https:\/\/www.ludwig-van.com\/montreal\/wp-json\/wp\/v2\/tribe_events\/55562\/revisions\/55563"}],"wp:featuredmedia":[{"embeddable":true,"href":"https:\/\/www.ludwig-van.com\/montreal\/wp-json\/wp\/v2\/media\/54727"}],"wp:attachment":[{"href":"https:\/\/www.ludwig-van.com\/montreal\/wp-json\/wp\/v2\/media?parent=55562"}],"wp:term":[{"taxonomy":"post_tag","embeddable":true,"href":"https:\/\/www.ludwig-van.com\/montreal\/wp-json\/wp\/v2\/tags?post=55562"},{"taxonomy":"tribe_events_cat","embeddable":true,"href":"https:\/\/www.ludwig-van.com\/montreal\/wp-json\/wp\/v2\/tribe_events_cat?post=55562"}],"curies":[{"name":"wp","href":"https:\/\/api.w.org\/{rel}","templated":true}]}}

<p>Philippe Prud&rsquo;homme, piano<br />
Serhiy Salov, piano</p>
<p>Lors de concert, le public est invité à choisir thèmes et styles musicaux desquels les 2 improvisateurs aguerris s’inspirent sur le vif. Une première à la Chapelle à ne pas manquer.</p>

<p>Philippe Prud&rsquo;homme, piano Serhiy Salov, piano Lors de concert, le public est invité à choisir thèmes et styles musicaux desquels les 2 improvisateurs aguerris s’inspirent sur le vif. Une première à la Chapelle à ne pas manquer.</p>
