{"id":55458,"date":"2018-07-19T01:03:56","date_gmt":"2018-07-19T05:03:56","guid":{"rendered":"https:\/\/www.ludwig-van.com\/montreal\/?post_type=tribe_events&#038;p=55458"},"modified":"2018-07-19T01:03:56","modified_gmt":"2018-07-19T05:03:56","slug":"orchestre-metropolitain-concert-de-cloture-festival-de-lanaudiere","status":"publish","type":"tribe_events","link":"https:\/\/www.ludwig-van.com\/montreal\/event\/orchestre-metropolitain-concert-de-cloture-festival-de-lanaudiere\/","title":{"rendered":"Orchestre M\u00e9tropolitain | Concert de cl\u00f4ture du Festival de Lanaudi\u00e8re"},"content":{"rendered":"<p>Symbole de r\u00e9sistance et d\u2019opposition au nazisme et au militarisme, la 7<sup>e<\/sup>\u00a0Symphonie de Chostakovitch, l\u2019une de ses \u0153uvres les plus c\u00e9l\u00e8bres, est aussi un hymne \u00e0 Leningrad, ville qui a connu un si\u00e8ge militaire qui dura 900 jours.<\/p>\n<p>Yannick N\u00e9zet-S\u00e9guin, chef<br \/>\nMarc-Andr\u00e9 Hamelin, piano<\/p>\n<p>CHOSTAKOVITCH :\u00a0Concerto pour piano n<sup>o<\/sup> 2<br \/>\nCHOSTAKOVITCH :\u00a0Symphonie n<sup>o<\/sup> 7 \u00ab\u00a0Leningrad\u00a0\u00bb<\/p>\n<p><strong>Pr\u00e9sent\u00e9 dans le cadre du Festival de Lanaudi\u00e8re<br \/>\n<\/strong><\/p>\n","protected":false},"excerpt":{"rendered":"<p>Symbole de r\u00e9sistance et d\u2019opposition au nazisme et au militarisme, la 7e\u00a0Symphonie de Chostakovitch, l\u2019une de ses \u0153uvres les plus c\u00e9l\u00e8bres, est aussi un hymne \u00e0 Leningrad, ville qui a connu un si\u00e8ge militaire qui dura 900 jours. Yannick N\u00e9zet-S\u00e9guin, chef Marc-Andr\u00e9 Hamelin, piano CHOSTAKOVITCH :\u00a0Concerto pour piano no 2 CHOSTAKOVITCH :\u00a0Symphonie no 7 \u00ab\u00a0Leningrad\u00a0\u00bb [&hellip;]<\/p>\n","protected":false},"author":1,"featured_media":50045,"comment_status":"open","ping_status":"closed","template":"","meta":{"om_disable_all_campaigns":false,"jetpack_post_was_ever_published":false},"tags":[],"tribe_events_cat":[5513,6487,5024],"acf":[],"jetpack_sharing_enabled":true,"_links":{"self":[{"href":"https:\/\/www.ludwig-van.com\/montreal\/wp-json\/wp\/v2\/tribe_events\/55458"}],"collection":[{"href":"https:\/\/www.ludwig-van.com\/montreal\/wp-json\/wp\/v2\/tribe_events"}],"about":[{"href":"https:\/\/www.ludwig-van.com\/montreal\/wp-json\/wp\/v2\/types\/tribe_events"}],"author":[{"embeddable":true,"href":"https:\/\/www.ludwig-van.com\/montreal\/wp-json\/wp\/v2\/users\/1"}],"replies":[{"embeddable":true,"href":"https:\/\/www.ludwig-van.com\/montreal\/wp-json\/wp\/v2\/comments?post=55458"}],"version-history":[{"count":1,"href":"https:\/\/www.ludwig-van.com\/montreal\/wp-json\/wp\/v2\/tribe_events\/55458\/revisions"}],"predecessor-version":[{"id":55459,"href":"https:\/\/www.ludwig-van.com\/montreal\/wp-json\/wp\/v2\/tribe_events\/55458\/revisions\/55459"}],"wp:featuredmedia":[{"embeddable":true,"href":"https:\/\/www.ludwig-van.com\/montreal\/wp-json\/wp\/v2\/media\/50045"}],"wp:attachment":[{"href":"https:\/\/www.ludwig-van.com\/montreal\/wp-json\/wp\/v2\/media?parent=55458"}],"wp:term":[{"taxonomy":"post_tag","embeddable":true,"href":"https:\/\/www.ludwig-van.com\/montreal\/wp-json\/wp\/v2\/tags?post=55458"},{"taxonomy":"tribe_events_cat","embeddable":true,"href":"https:\/\/www.ludwig-van.com\/montreal\/wp-json\/wp\/v2\/tribe_events_cat?post=55458"}],"curies":[{"name":"wp","href":"https:\/\/api.w.org\/{rel}","templated":true}]}}

Orchestre Métropolitain | Concert de clôture du Festival de Lanaudière

<p>Symbole de résistance et d’opposition au nazisme et au militarisme, la 7<sup>e</sup> Symphonie de Chostakovitch, l’une de ses œuvres les plus célèbres, est aussi un hymne à Leningrad, ville qui a connu un siège militaire qui dura 900 jours.</p>
<p>Yannick Nézet-Séguin, chef<br />
Marc-André Hamelin, piano</p>
<p>CHOSTAKOVITCH : Concerto pour piano n<sup>o</sup> 2<br />
CHOSTAKOVITCH : Symphonie n<sup>o</sup> 7 « Leningrad »</p>
<p><strong>Présenté dans le cadre du Festival de Lanaudière<br />
</strong></p>

<p>Symbole de résistance et d’opposition au nazisme et au militarisme, la 7e Symphonie de Chostakovitch, l’une de ses œuvres les plus célèbres, est aussi un hymne à Leningrad, ville qui a connu un siège militaire qui dura 900 jours. Yannick Nézet-Séguin, chef Marc-André Hamelin, piano CHOSTAKOVITCH : Concerto pour piano no 2 CHOSTAKOVITCH : Symphonie no 7 « Leningrad » [&hellip;]</p>
