{"id":55178,"date":"2018-07-02T18:05:07","date_gmt":"2018-07-02T22:05:07","guid":{"rendered":"https:\/\/www.ludwig-van.com\/montreal\/?post_type=tribe_events&#038;p=55178"},"modified":"2018-07-02T18:05:07","modified_gmt":"2018-07-02T22:05:07","slug":"jeunesses-musicales-bal-globetrotteurs-2","status":"publish","type":"tribe_events","link":"https:\/\/www.ludwig-van.com\/montreal\/event\/jeunesses-musicales-bal-globetrotteurs-2\/","title":{"rendered":"Jeunesses Musicales | Le bal des globetrotteurs"},"content":{"rendered":"<p><strong>Faites le tour du monde en dansant.\u00a0<\/strong>Vos valises sont pr\u00eates ? Partez \u00e0 travers le monde \u00e0 la rencontre de musiques et de danses locales, de l\u2019Am\u00e9rique du Sud \u00e0 l\u2019Afrique. Dans cet atelier ax\u00e9 sur la diversit\u00e9 culturelle, les enfants s\u2019initient \u00e0 la cumbia, \u00e0 la danse africaine et m\u00eame \u00e0 certains chants traditionnels.<\/p>\n<p><strong>Public cible<\/strong>\u00a0: 5 \u00e0 12 ans<br \/>\n<strong>Dur\u00e9e de chaque atelier<\/strong>\u00a0: 55\u00a0minutes<br \/>\n<strong>Langue\u00a0<\/strong>: fran\u00e7ais<\/p>\n<p>22 juillet 2018 \u00e0 14h00, 15h05 et 16h10<\/p>\n<p><strong>Conception: Christophe Montoya<\/strong><\/p>\n","protected":false},"excerpt":{"rendered":"<p>Faites le tour du monde en dansant.\u00a0Vos valises sont pr\u00eates ? Partez \u00e0 travers le monde \u00e0 la rencontre de musiques et de danses locales, de l\u2019Am\u00e9rique du Sud \u00e0 l\u2019Afrique. Dans cet atelier ax\u00e9 sur la diversit\u00e9 culturelle, les enfants s\u2019initient \u00e0 la cumbia, \u00e0 la danse africaine et m\u00eame \u00e0 certains chants traditionnels. [&hellip;]<\/p>\n","protected":false},"author":1,"featured_media":51717,"comment_status":"open","ping_status":"closed","template":"","meta":{"om_disable_all_campaigns":false,"jetpack_post_was_ever_published":false},"tags":[],"tribe_events_cat":[6002,6139,5563],"acf":[],"jetpack_sharing_enabled":true,"_links":{"self":[{"href":"https:\/\/www.ludwig-van.com\/montreal\/wp-json\/wp\/v2\/tribe_events\/55178"}],"collection":[{"href":"https:\/\/www.ludwig-van.com\/montreal\/wp-json\/wp\/v2\/tribe_events"}],"about":[{"href":"https:\/\/www.ludwig-van.com\/montreal\/wp-json\/wp\/v2\/types\/tribe_events"}],"author":[{"embeddable":true,"href":"https:\/\/www.ludwig-van.com\/montreal\/wp-json\/wp\/v2\/users\/1"}],"replies":[{"embeddable":true,"href":"https:\/\/www.ludwig-van.com\/montreal\/wp-json\/wp\/v2\/comments?post=55178"}],"version-history":[{"count":1,"href":"https:\/\/www.ludwig-van.com\/montreal\/wp-json\/wp\/v2\/tribe_events\/55178\/revisions"}],"predecessor-version":[{"id":55186,"href":"https:\/\/www.ludwig-van.com\/montreal\/wp-json\/wp\/v2\/tribe_events\/55178\/revisions\/55186"}],"wp:featuredmedia":[{"embeddable":true,"href":"https:\/\/www.ludwig-van.com\/montreal\/wp-json\/wp\/v2\/media\/51717"}],"wp:attachment":[{"href":"https:\/\/www.ludwig-van.com\/montreal\/wp-json\/wp\/v2\/media?parent=55178"}],"wp:term":[{"taxonomy":"post_tag","embeddable":true,"href":"https:\/\/www.ludwig-van.com\/montreal\/wp-json\/wp\/v2\/tags?post=55178"},{"taxonomy":"tribe_events_cat","embeddable":true,"href":"https:\/\/www.ludwig-van.com\/montreal\/wp-json\/wp\/v2\/tribe_events_cat?post=55178"}],"curies":[{"name":"wp","href":"https:\/\/api.w.org\/{rel}","templated":true}]}}

<p><strong>Faites le tour du monde en dansant. </strong>Vos valises sont prêtes ? Partez à travers le monde à la rencontre de musiques et de danses locales, de l’Amérique du Sud à l’Afrique. Dans cet atelier axé sur la diversité culturelle, les enfants s’initient à la cumbia, à la danse africaine et même à certains chants traditionnels.</p>
<p><strong>Public cible</strong> : 5 à 12 ans<br />
<strong>Durée de chaque atelier</strong> : 55 minutes<br />
<strong>Langue </strong>: français</p>
<p>22 juillet 2018 à 14h00, 15h05 et 16h10</p>
<p><strong>Conception: Christophe Montoya</strong></p>

<p>Faites le tour du monde en dansant. Vos valises sont prêtes ? Partez à travers le monde à la rencontre de musiques et de danses locales, de l’Amérique du Sud à l’Afrique. Dans cet atelier axé sur la diversité culturelle, les enfants s’initient à la cumbia, à la danse africaine et même à certains chants traditionnels. [&hellip;]</p>
