{"id":54832,"date":"2018-06-15T15:50:03","date_gmt":"2018-06-15T19:50:03","guid":{"rendered":"https:\/\/www.ludwig-van.com\/montreal\/?post_type=tribe_events&#038;p=54832"},"modified":"2018-06-15T15:50:03","modified_gmt":"2018-06-15T19:50:03","slug":"cammac-dimanche-denvoutement-maravillosa-espana","status":"publish","type":"tribe_events","link":"https:\/\/www.ludwig-van.com\/montreal\/event\/cammac-dimanche-denvoutement-maravillosa-espana\/","title":{"rendered":"CAMMAC | Un dimanche d\u2019envo\u00fbtement &#8211; \u00a1Maravillosa Espa\u00f1a!"},"content":{"rendered":"<p>La voix, la danse et la guitare r\u00e9unies pour offrir toute la saveur, l\u2019exub\u00e9rance et la d\u00e9licatesse de l\u2019Espagne. Avec la chanteuse Fr\u00e9d\u00e9rique Drolet, la danseuse Aur\u00e9lie Brunelle et le guitariste Michel Beauchamp, vous serez envo\u00fbt\u00e9s par des m\u00e9lodies passionn\u00e9es aux rythmes ib\u00e9riques enflamm\u00e9s. Puisant dans le r\u00e9pertoire de cette contr\u00e9e, ce spectacle vous fera entrer au c\u0153ur m\u00eame du pays de Cervant\u00e8s.<\/p>\n<p>Au Centre musical CAMMAC, on peut bien s\u00fbr <a href=\"https:\/\/cammac.ca\/faire_de_la_musique\/\" target=\"_blank\" rel=\"noopener\">faire de la musique<\/a> \u2013 mais on peut \u00e9galement en \u00e9couter ! En effet, CAMMAC propose une s\u00e9rie de concerts de qualit\u00e9, le Festival Dimanche en musique pour le bonheur des participants au programme estival, mais \u00e9galement ouvert \u00e0 tous!<\/p>\n<p>Les concerts d\u00e9butent \u00e0 11h et sont suivis d\u2019un brunch.<\/p>\n<p>A\u00een\u00e9s, \u00e9tudiants* et enfants: consultez les tarifs sp\u00e9ciaux qui s\u2019appliquent \u00e0 vous!<br \/>\n*18 \u00e0 24 ans inclusivement<\/p>\n<p>Membres \u2018adultes\u2019 de CAMMAC (25 \u00e0 64 ans inclusivement): \u00e9crivez-nous pour obtenir votre code rabais! communications@cammac.ca<\/p>\n<p>Nouveaut\u00e9 2018: L\u2019h\u00e9bergement (samedi soir) est disponible au magnifique H\u00f4tel du lac Carling \u00e0 un tarif pr\u00e9f\u00e9rentiel n\u00e9goci\u00e9 pour CAMMAC. Cet h\u00f4tel est situ\u00e9 \u00e0 20 minutes de CAMMAC. R\u00e9servez votre chambre d\u00e8s maintenant directement aupr\u00e8s de l\u2019h\u00f4tel: 1 844 922-7546 ou 450 533-5468 et mentionnez CAMMAC et le Festival dimanche en musique!<\/p>\n","protected":false},"excerpt":{"rendered":"<p>La voix, la danse et la guitare r\u00e9unies pour offrir toute la saveur, l\u2019exub\u00e9rance et la d\u00e9licatesse de l\u2019Espagne. Avec la chanteuse Fr\u00e9d\u00e9rique Drolet, la danseuse Aur\u00e9lie Brunelle et le guitariste Michel Beauchamp, vous serez envo\u00fbt\u00e9s par des m\u00e9lodies passionn\u00e9es aux rythmes ib\u00e9riques enflamm\u00e9s. Puisant dans le r\u00e9pertoire de cette contr\u00e9e, ce spectacle vous fera [&hellip;]<\/p>\n","protected":false},"author":1,"featured_media":54833,"comment_status":"open","ping_status":"closed","template":"","meta":{"om_disable_all_campaigns":false,"jetpack_post_was_ever_published":false},"tags":[],"tribe_events_cat":[6002,5513,5902,5050,5563],"acf":[],"jetpack_sharing_enabled":true,"_links":{"self":[{"href":"https:\/\/www.ludwig-van.com\/montreal\/wp-json\/wp\/v2\/tribe_events\/54832"}],"collection":[{"href":"https:\/\/www.ludwig-van.com\/montreal\/wp-json\/wp\/v2\/tribe_events"}],"about":[{"href":"https:\/\/www.ludwig-van.com\/montreal\/wp-json\/wp\/v2\/types\/tribe_events"}],"author":[{"embeddable":true,"href":"https:\/\/www.ludwig-van.com\/montreal\/wp-json\/wp\/v2\/users\/1"}],"replies":[{"embeddable":true,"href":"https:\/\/www.ludwig-van.com\/montreal\/wp-json\/wp\/v2\/comments?post=54832"}],"version-history":[{"count":1,"href":"https:\/\/www.ludwig-van.com\/montreal\/wp-json\/wp\/v2\/tribe_events\/54832\/revisions"}],"predecessor-version":[{"id":54834,"href":"https:\/\/www.ludwig-van.com\/montreal\/wp-json\/wp\/v2\/tribe_events\/54832\/revisions\/54834"}],"wp:featuredmedia":[{"embeddable":true,"href":"https:\/\/www.ludwig-van.com\/montreal\/wp-json\/wp\/v2\/media\/54833"}],"wp:attachment":[{"href":"https:\/\/www.ludwig-van.com\/montreal\/wp-json\/wp\/v2\/media?parent=54832"}],"wp:term":[{"taxonomy":"post_tag","embeddable":true,"href":"https:\/\/www.ludwig-van.com\/montreal\/wp-json\/wp\/v2\/tags?post=54832"},{"taxonomy":"tribe_events_cat","embeddable":true,"href":"https:\/\/www.ludwig-van.com\/montreal\/wp-json\/wp\/v2\/tribe_events_cat?post=54832"}],"curies":[{"name":"wp","href":"https:\/\/api.w.org\/{rel}","templated":true}]}}

CAMMAC | Un dimanche d’envoûtement &#8211; ¡Maravillosa España!

<p>La voix, la danse et la guitare réunies pour offrir toute la saveur, l’exubérance et la délicatesse de l’Espagne. Avec la chanteuse Frédérique Drolet, la danseuse Aurélie Brunelle et le guitariste Michel Beauchamp, vous serez envoûtés par des mélodies passionnées aux rythmes ibériques enflammés. Puisant dans le répertoire de cette contrée, ce spectacle vous fera entrer au cœur même du pays de Cervantès.</p>
<p>Au Centre musical CAMMAC, on peut bien sûr <a href="https://cammac.ca/faire_de_la_musique/" target="_blank" rel="noopener">faire de la musique</a> – mais on peut également en écouter ! En effet, CAMMAC propose une série de concerts de qualité, le Festival Dimanche en musique pour le bonheur des participants au programme estival, mais également ouvert à tous!</p>
<p>Les concerts débutent à 11h et sont suivis d’un brunch.</p>
<p>Aînés, étudiants* et enfants: consultez les tarifs spéciaux qui s’appliquent à vous!<br />
*18 à 24 ans inclusivement</p>
<p>Membres ‘adultes’ de CAMMAC (25 à 64 ans inclusivement): écrivez-nous pour obtenir votre code rabais! communications@cammac.ca</p>
<p>Nouveauté 2018: L’hébergement (samedi soir) est disponible au magnifique Hôtel du lac Carling à un tarif préférentiel négocié pour CAMMAC. Cet hôtel est situé à 20 minutes de CAMMAC. Réservez votre chambre dès maintenant directement auprès de l’hôtel: 1 844 922-7546 ou 450 533-5468 et mentionnez CAMMAC et le Festival dimanche en musique!</p>

<p>La voix, la danse et la guitare réunies pour offrir toute la saveur, l’exubérance et la délicatesse de l’Espagne. Avec la chanteuse Frédérique Drolet, la danseuse Aurélie Brunelle et le guitariste Michel Beauchamp, vous serez envoûtés par des mélodies passionnées aux rythmes ibériques enflammés. Puisant dans le répertoire de cette contrée, ce spectacle vous fera [&hellip;]</p>
