{"id":54328,"date":"2018-05-20T22:24:39","date_gmt":"2018-05-21T02:24:39","guid":{"rendered":"https:\/\/www.ludwig-van.com\/montreal\/?post_type=tribe_events&#038;p=54328"},"modified":"2018-05-26T23:20:50","modified_gmt":"2018-05-27T03:20:50","slug":"pentaedre-carte-blanche-a-martin-carpentier","status":"publish","type":"tribe_events","link":"https:\/\/www.ludwig-van.com\/montreal\/event\/pentaedre-carte-blanche-a-martin-carpentier\/","title":{"rendered":"Penta\u00e8dre | Carte blanche \u00e0 Martin Carpentier"},"content":{"rendered":"<p>La musique des ma\u00eetres allemands romantiques<br \/>\navec Constance Joanis au piano et Catherine Perron au violoncelle<\/p>\n<p>Martin Carpentier, clarinettiste de Penta\u00e8dre, s\u2019entoure de brillantes musiciennes pour donner vie \u00e0 de grandes pages de musique allemande romantique comme le magnifique trio de Brahms pour clarinette, violoncelle et piano. Douceur m\u00e9lancolique, \u00e9l\u00e9gance et fougue, ce concert mettra en lumi\u00e8re la clarinette dans toute sa polyvalence.<\/p>\n<p>Robert Schumann (1810-1856 ) : Trois romances pour clarinette et piano, op 94<br \/>\nFantasiest\u00fccke pour violoncelle et piano, op. 73<br \/>\nJohannes Brahms (1833-1897) : Trio en la mineur pour clarinette, violoncelle et piano, op. 114<br \/>\nCarl Fr\u00fchling (1868-1937) : Trio en la mineur pour clarinette, violoncelle et piano, op. 40<\/p>\n<p>ADMISSION: 32$ R\u00c9GULIER \/ 27$ A\u00ceN\u00c9 \/ 12$ \u00c9TUDIANT<\/p>\n","protected":false},"excerpt":{"rendered":"<p>La musique des ma\u00eetres allemands romantiques avec Constance Joanis au piano et Catherine Perron au violoncelle Martin Carpentier, clarinettiste de Penta\u00e8dre, s\u2019entoure de brillantes musiciennes pour donner vie \u00e0 de grandes pages de musique allemande romantique comme le magnifique trio de Brahms pour clarinette, violoncelle et piano. Douceur m\u00e9lancolique, \u00e9l\u00e9gance et fougue, ce concert mettra [&hellip;]<\/p>\n","protected":false},"author":1,"featured_media":54329,"comment_status":"open","ping_status":"closed","template":"","meta":{"om_disable_all_campaigns":false,"jetpack_post_was_ever_published":false},"tags":[],"tribe_events_cat":[6109,5052,5024],"acf":[],"jetpack_sharing_enabled":true,"_links":{"self":[{"href":"https:\/\/www.ludwig-van.com\/montreal\/wp-json\/wp\/v2\/tribe_events\/54328"}],"collection":[{"href":"https:\/\/www.ludwig-van.com\/montreal\/wp-json\/wp\/v2\/tribe_events"}],"about":[{"href":"https:\/\/www.ludwig-van.com\/montreal\/wp-json\/wp\/v2\/types\/tribe_events"}],"author":[{"embeddable":true,"href":"https:\/\/www.ludwig-van.com\/montreal\/wp-json\/wp\/v2\/users\/1"}],"replies":[{"embeddable":true,"href":"https:\/\/www.ludwig-van.com\/montreal\/wp-json\/wp\/v2\/comments?post=54328"}],"version-history":[{"count":3,"href":"https:\/\/www.ludwig-van.com\/montreal\/wp-json\/wp\/v2\/tribe_events\/54328\/revisions"}],"predecessor-version":[{"id":54465,"href":"https:\/\/www.ludwig-van.com\/montreal\/wp-json\/wp\/v2\/tribe_events\/54328\/revisions\/54465"}],"wp:featuredmedia":[{"embeddable":true,"href":"https:\/\/www.ludwig-van.com\/montreal\/wp-json\/wp\/v2\/media\/54329"}],"wp:attachment":[{"href":"https:\/\/www.ludwig-van.com\/montreal\/wp-json\/wp\/v2\/media?parent=54328"}],"wp:term":[{"taxonomy":"post_tag","embeddable":true,"href":"https:\/\/www.ludwig-van.com\/montreal\/wp-json\/wp\/v2\/tags?post=54328"},{"taxonomy":"tribe_events_cat","embeddable":true,"href":"https:\/\/www.ludwig-van.com\/montreal\/wp-json\/wp\/v2\/tribe_events_cat?post=54328"}],"curies":[{"name":"wp","href":"https:\/\/api.w.org\/{rel}","templated":true}]}}

Pentaèdre | Carte blanche à Martin Carpentier

<p>La musique des maîtres allemands romantiques<br />
avec Constance Joanis au piano et Catherine Perron au violoncelle</p>
<p>Martin Carpentier, clarinettiste de Pentaèdre, s’entoure de brillantes musiciennes pour donner vie à de grandes pages de musique allemande romantique comme le magnifique trio de Brahms pour clarinette, violoncelle et piano. Douceur mélancolique, élégance et fougue, ce concert mettra en lumière la clarinette dans toute sa polyvalence.</p>
<p>Robert Schumann (1810-1856 ) : Trois romances pour clarinette et piano, op 94<br />
Fantasiestücke pour violoncelle et piano, op. 73<br />
Johannes Brahms (1833-1897) : Trio en la mineur pour clarinette, violoncelle et piano, op. 114<br />
Carl Frühling (1868-1937) : Trio en la mineur pour clarinette, violoncelle et piano, op. 40</p>
<p>ADMISSION: 32$ RÉGULIER / 27$ AÎNÉ / 12$ ÉTUDIANT</p>

<p>La musique des maîtres allemands romantiques avec Constance Joanis au piano et Catherine Perron au violoncelle Martin Carpentier, clarinettiste de Pentaèdre, s’entoure de brillantes musiciennes pour donner vie à de grandes pages de musique allemande romantique comme le magnifique trio de Brahms pour clarinette, violoncelle et piano. Douceur mélancolique, élégance et fougue, ce concert mettra [&hellip;]</p>
