{"id":52785,"date":"2018-03-23T17:15:31","date_gmt":"2018-03-23T21:15:31","guid":{"rendered":"https:\/\/www.ludwig-van.com\/montreal\/?post_type=tribe_events&#038;p=52785"},"modified":"2018-04-09T14:11:07","modified_gmt":"2018-04-09T18:11:07","slug":"musique-de-chambre-allegra-oeuvres-de-shostakovich-ravel-joaquin-turina","status":"publish","type":"tribe_events","link":"https:\/\/www.ludwig-van.com\/montreal\/event\/musique-de-chambre-allegra-oeuvres-de-shostakovich-ravel-joaquin-turina\/","title":{"rendered":"Musique de chambre Allegra | \u0152uvres de Shostakovich, Ravel, et Joaquin Turina"},"content":{"rendered":"<p>Dorothy Fieldman Fraiberg, piano<br \/>\nSimon Aldrich, clarinette<br \/>\nAlexander Lozowski, violon<br \/>\nElvira Misbakhova, violon<br \/>\nBrian Bacon, alto<br \/>\nSheila Hannigan, violoncelle<\/p>\n<p><strong>Joaquin Turina<\/strong> (1882-1949)<br \/>\nSc\u00e8ne andalouse pour piano, quatuor \u00e0 cordes et alto (arrang\u00e9e par Simon Aldrich pour piano, quatuor \u00e0 cordes et clarinette)<\/p>\n<p><strong>Maurice Ravel<\/strong> (1875-1937)<br \/>\nLe tombeau de Couperin (arrang\u00e9 pour quatuor \u00e0 cordes et clarinette)<\/p>\n<p><strong>Dmitri Shostakovich<\/strong> (1906-1975)<br \/>\nQuintette pour piano, deux violons, alto et violoncelle en sol mineur, op. 57<\/p>\n","protected":false},"excerpt":{"rendered":"<p>Dorothy Fieldman Fraiberg, piano Simon Aldrich, clarinette Alexander Lozowski, violon Elvira Misbakhova, violon Brian Bacon, alto Sheila Hannigan, violoncelle Joaquin Turina (1882-1949) Sc\u00e8ne andalouse pour piano, quatuor \u00e0 cordes et alto (arrang\u00e9e par Simon Aldrich pour piano, quatuor \u00e0 cordes et clarinette) Maurice Ravel (1875-1937) Le tombeau de Couperin (arrang\u00e9 pour quatuor \u00e0 cordes et [&hellip;]<\/p>\n","protected":false},"author":1,"featured_media":53337,"comment_status":"open","ping_status":"closed","template":"","meta":{"om_disable_all_campaigns":false,"jetpack_post_was_ever_published":false},"tags":[],"tribe_events_cat":[6109,5052,5024,5124,6476],"acf":[],"jetpack_sharing_enabled":true,"_links":{"self":[{"href":"https:\/\/www.ludwig-van.com\/montreal\/wp-json\/wp\/v2\/tribe_events\/52785"}],"collection":[{"href":"https:\/\/www.ludwig-van.com\/montreal\/wp-json\/wp\/v2\/tribe_events"}],"about":[{"href":"https:\/\/www.ludwig-van.com\/montreal\/wp-json\/wp\/v2\/types\/tribe_events"}],"author":[{"embeddable":true,"href":"https:\/\/www.ludwig-van.com\/montreal\/wp-json\/wp\/v2\/users\/1"}],"replies":[{"embeddable":true,"href":"https:\/\/www.ludwig-van.com\/montreal\/wp-json\/wp\/v2\/comments?post=52785"}],"version-history":[{"count":1,"href":"https:\/\/www.ludwig-van.com\/montreal\/wp-json\/wp\/v2\/tribe_events\/52785\/revisions"}],"predecessor-version":[{"id":52787,"href":"https:\/\/www.ludwig-van.com\/montreal\/wp-json\/wp\/v2\/tribe_events\/52785\/revisions\/52787"}],"wp:featuredmedia":[{"embeddable":true,"href":"https:\/\/www.ludwig-van.com\/montreal\/wp-json\/wp\/v2\/media\/53337"}],"wp:attachment":[{"href":"https:\/\/www.ludwig-van.com\/montreal\/wp-json\/wp\/v2\/media?parent=52785"}],"wp:term":[{"taxonomy":"post_tag","embeddable":true,"href":"https:\/\/www.ludwig-van.com\/montreal\/wp-json\/wp\/v2\/tags?post=52785"},{"taxonomy":"tribe_events_cat","embeddable":true,"href":"https:\/\/www.ludwig-van.com\/montreal\/wp-json\/wp\/v2\/tribe_events_cat?post=52785"}],"curies":[{"name":"wp","href":"https:\/\/api.w.org\/{rel}","templated":true}]}}

Musique de chambre Allegra | Œuvres de Shostakovich, Ravel, et Joaquin Turina

<p>Dorothy Fieldman Fraiberg, piano<br />
Simon Aldrich, clarinette<br />
Alexander Lozowski, violon<br />
Elvira Misbakhova, violon<br />
Brian Bacon, alto<br />
Sheila Hannigan, violoncelle</p>
<p><strong>Joaquin Turina</strong> (1882-1949)<br />
Scène andalouse pour piano, quatuor à cordes et alto (arrangée par Simon Aldrich pour piano, quatuor à cordes et clarinette)</p>
<p><strong>Maurice Ravel</strong> (1875-1937)<br />
Le tombeau de Couperin (arrangé pour quatuor à cordes et clarinette)</p>
<p><strong>Dmitri Shostakovich</strong> (1906-1975)<br />
Quintette pour piano, deux violons, alto et violoncelle en sol mineur, op. 57</p>

<p>Dorothy Fieldman Fraiberg, piano Simon Aldrich, clarinette Alexander Lozowski, violon Elvira Misbakhova, violon Brian Bacon, alto Sheila Hannigan, violoncelle Joaquin Turina (1882-1949) Scène andalouse pour piano, quatuor à cordes et alto (arrangée par Simon Aldrich pour piano, quatuor à cordes et clarinette) Maurice Ravel (1875-1937) Le tombeau de Couperin (arrangé pour quatuor à cordes et [&hellip;]</p>
