{"id":52745,"date":"2018-03-22T20:35:54","date_gmt":"2018-03-23T00:35:54","guid":{"rendered":"https:\/\/www.ludwig-van.com\/montreal\/?post_type=tribe_events&#038;p=52745"},"modified":"2018-03-22T20:35:54","modified_gmt":"2018-03-23T00:35:54","slug":"petits-violons-concert-de-fin-dannee-53e-anniversaire","status":"publish","type":"tribe_events","link":"https:\/\/www.ludwig-van.com\/montreal\/event\/petits-violons-concert-de-fin-dannee-53e-anniversaire\/","title":{"rendered":"Petits Violons | Concert de fin d\u2019ann\u00e9e \u2013 53e anniversaire"},"content":{"rendered":"<p>Concert de fin d\u2019ann\u00e9e \u2013 53e anniversaire<\/p>\n<p><strong>Invit\u00e9 : Nicolas Ellis, chef d\u2019orchestre<\/strong><\/p>\n<p>Symphonie no 40<br \/>\n<strong>W. A. Mozart<\/strong><\/p>\n<p>Autres pi\u00e8ces du programme \u00e0 d\u00e9terminer.<\/p>\n<p>Salle Pierre-Mercure du Centre Pierre P\u00e9ladeau<br \/>\nM\u00e9tro : Station Berri-UQ\u00c0M, sortie St-Denis<\/p>\n<p>Billetterie du Centre Pierre-Mercure au 514-987-6919 ou allez en ligne sur <a href=\"https:\/\/www.eventbrite.ca\/e\/les-petits-violons-concert-de-fin-dannee-53e-anniversaire-tickets-42289146977\" target=\"_blank\" rel=\"noopener\">Eventbrite<\/a><\/p>\n","protected":false},"excerpt":{"rendered":"<p>Concert de fin d\u2019ann\u00e9e \u2013 53e anniversaire Invit\u00e9 : Nicolas Ellis, chef d\u2019orchestre Symphonie no 40 W. A. Mozart Autres pi\u00e8ces du programme \u00e0 d\u00e9terminer. Salle Pierre-Mercure du Centre Pierre P\u00e9ladeau M\u00e9tro : Station Berri-UQ\u00c0M, sortie St-Denis Billetterie du Centre Pierre-Mercure au 514-987-6919 ou allez en ligne sur Eventbrite<\/p>\n","protected":false},"author":1,"featured_media":51850,"comment_status":"open","ping_status":"closed","template":"","meta":{"om_disable_all_campaigns":false,"jetpack_post_was_ever_published":false},"tags":[],"tribe_events_cat":[6109,5124,6476],"acf":[],"jetpack_sharing_enabled":true,"_links":{"self":[{"href":"https:\/\/www.ludwig-van.com\/montreal\/wp-json\/wp\/v2\/tribe_events\/52745"}],"collection":[{"href":"https:\/\/www.ludwig-van.com\/montreal\/wp-json\/wp\/v2\/tribe_events"}],"about":[{"href":"https:\/\/www.ludwig-van.com\/montreal\/wp-json\/wp\/v2\/types\/tribe_events"}],"author":[{"embeddable":true,"href":"https:\/\/www.ludwig-van.com\/montreal\/wp-json\/wp\/v2\/users\/1"}],"replies":[{"embeddable":true,"href":"https:\/\/www.ludwig-van.com\/montreal\/wp-json\/wp\/v2\/comments?post=52745"}],"version-history":[{"count":1,"href":"https:\/\/www.ludwig-van.com\/montreal\/wp-json\/wp\/v2\/tribe_events\/52745\/revisions"}],"predecessor-version":[{"id":52746,"href":"https:\/\/www.ludwig-van.com\/montreal\/wp-json\/wp\/v2\/tribe_events\/52745\/revisions\/52746"}],"wp:featuredmedia":[{"embeddable":true,"href":"https:\/\/www.ludwig-van.com\/montreal\/wp-json\/wp\/v2\/media\/51850"}],"wp:attachment":[{"href":"https:\/\/www.ludwig-van.com\/montreal\/wp-json\/wp\/v2\/media?parent=52745"}],"wp:term":[{"taxonomy":"post_tag","embeddable":true,"href":"https:\/\/www.ludwig-van.com\/montreal\/wp-json\/wp\/v2\/tags?post=52745"},{"taxonomy":"tribe_events_cat","embeddable":true,"href":"https:\/\/www.ludwig-van.com\/montreal\/wp-json\/wp\/v2\/tribe_events_cat?post=52745"}],"curies":[{"name":"wp","href":"https:\/\/api.w.org\/{rel}","templated":true}]}}

Petits Violons | Concert de fin d’année – 53e anniversaire

<p>Concert de fin d’année – 53e anniversaire</p>
<p><strong>Invité : Nicolas Ellis, chef d’orchestre</strong></p>
<p>Symphonie no 40<br />
<strong>W. A. Mozart</strong></p>
<p>Autres pièces du programme à déterminer.</p>
<p>Salle Pierre-Mercure du Centre Pierre Péladeau<br />
Métro : Station Berri-UQÀM, sortie St-Denis</p>
<p>Billetterie du Centre Pierre-Mercure au 514-987-6919 ou allez en ligne sur <a href="https://www.eventbrite.ca/e/les-petits-violons-concert-de-fin-dannee-53e-anniversaire-tickets-42289146977" target="_blank" rel="noopener">Eventbrite</a></p>

<p>Concert de fin d’année – 53e anniversaire Invité : Nicolas Ellis, chef d’orchestre Symphonie no 40 W. A. Mozart Autres pièces du programme à déterminer. Salle Pierre-Mercure du Centre Pierre Péladeau Métro : Station Berri-UQÀM, sortie St-Denis Billetterie du Centre Pierre-Mercure au 514-987-6919 ou allez en ligne sur Eventbrite</p>
