{"id":52420,"date":"2018-03-10T10:23:12","date_gmt":"2018-03-10T15:23:12","guid":{"rendered":"https:\/\/www.ludwig-van.com\/montreal\/?post_type=tribe_events&#038;p=52420"},"modified":"2018-03-10T10:32:55","modified_gmt":"2018-03-10T15:32:55","slug":"fondation-arte-musica-jean-efflam-bavouzet-chambriste","status":"publish","type":"tribe_events","link":"https:\/\/www.ludwig-van.com\/montreal\/event\/fondation-arte-musica-jean-efflam-bavouzet-chambriste\/","title":{"rendered":"Fondation Arte Musica | Jean-Efflam Bavouzet, chambriste"},"content":{"rendered":"<p>Deux pages d\u2019exception se disputent la faveur du public ! L\u2019\u00e9tonnant et audacieux <em>Quatuor K. 590 <\/em>est le dernier \u00e9crit par Mozart et est consid\u00e9r\u00e9 comme un chef-d\u2019\u0153uvre m\u00e9connu, alors que le tr\u00e8s romantique <em>Quintette pour piano et cordes <\/em>de Franck est le premier grand quintette du r\u00e9pertoire\u00a0 fran\u00e7ais.<\/p>\n<p><em>On pourra \u00e9galement entendre Jean-Efflam Bavouzet en <a href=\"https:\/\/www.ludwig-van.com\/montreal\/event\/fondation-arte-musica-jean-efflam-bavouzet\/\">r\u00e9cital le 19 avril<\/a>.<\/em><\/p>\n<p>ARTISTES<\/p>\n<p><strong>Axel Strauss<\/strong>, violon<br \/>\n<strong>Alicia Choi<\/strong>, violon<br \/>\n<strong>Douglas McNabney<\/strong>, alto<br \/>\n<strong>St\u00e9phane T\u00e9treault<\/strong>, violoncelle<br \/>\n<strong>Jean-Efflam Bavouzet<\/strong>, piano<\/p>\n<p>PROGRAMME<\/p>\n<p><strong>MOZART<\/strong><br \/>\nQuatuor \u00e0 cordes en <em>fa<\/em> majeur, K. 590<br \/>\nDuo pour violon et alto\u00a0n\u00b0 1 en <em>sol<\/em> majeur, K. 423<\/p>\n<p><strong>FRANCK<\/strong><br \/>\nQuintette pour piano et cordes en <em>fa<\/em> mineur<\/p>\n","protected":false},"excerpt":{"rendered":"<p>Deux pages d\u2019exception se disputent la faveur du public ! L\u2019\u00e9tonnant et audacieux Quatuor K. 590 est le dernier \u00e9crit par Mozart et est consid\u00e9r\u00e9 comme un chef-d\u2019\u0153uvre m\u00e9connu, alors que le tr\u00e8s romantique Quintette pour piano et cordes de Franck est le premier grand quintette du r\u00e9pertoire\u00a0 fran\u00e7ais. On pourra \u00e9galement entendre Jean-Efflam Bavouzet [&hellip;]<\/p>\n","protected":false},"author":1,"featured_media":52421,"comment_status":"open","ping_status":"closed","template":"","meta":{"om_disable_all_campaigns":false,"jetpack_post_was_ever_published":false},"tags":[],"tribe_events_cat":[6109,5052,5024,5124,6476],"acf":[],"jetpack_sharing_enabled":true,"_links":{"self":[{"href":"https:\/\/www.ludwig-van.com\/montreal\/wp-json\/wp\/v2\/tribe_events\/52420"}],"collection":[{"href":"https:\/\/www.ludwig-van.com\/montreal\/wp-json\/wp\/v2\/tribe_events"}],"about":[{"href":"https:\/\/www.ludwig-van.com\/montreal\/wp-json\/wp\/v2\/types\/tribe_events"}],"author":[{"embeddable":true,"href":"https:\/\/www.ludwig-van.com\/montreal\/wp-json\/wp\/v2\/users\/1"}],"replies":[{"embeddable":true,"href":"https:\/\/www.ludwig-van.com\/montreal\/wp-json\/wp\/v2\/comments?post=52420"}],"version-history":[{"count":2,"href":"https:\/\/www.ludwig-van.com\/montreal\/wp-json\/wp\/v2\/tribe_events\/52420\/revisions"}],"predecessor-version":[{"id":52427,"href":"https:\/\/www.ludwig-van.com\/montreal\/wp-json\/wp\/v2\/tribe_events\/52420\/revisions\/52427"}],"wp:featuredmedia":[{"embeddable":true,"href":"https:\/\/www.ludwig-van.com\/montreal\/wp-json\/wp\/v2\/media\/52421"}],"wp:attachment":[{"href":"https:\/\/www.ludwig-van.com\/montreal\/wp-json\/wp\/v2\/media?parent=52420"}],"wp:term":[{"taxonomy":"post_tag","embeddable":true,"href":"https:\/\/www.ludwig-van.com\/montreal\/wp-json\/wp\/v2\/tags?post=52420"},{"taxonomy":"tribe_events_cat","embeddable":true,"href":"https:\/\/www.ludwig-van.com\/montreal\/wp-json\/wp\/v2\/tribe_events_cat?post=52420"}],"curies":[{"name":"wp","href":"https:\/\/api.w.org\/{rel}","templated":true}]}}

<p>Deux pages d’exception se disputent la faveur du public ! L’étonnant et audacieux <em>Quatuor K. 590 </em>est le dernier écrit par Mozart et est considéré comme un chef-d’œuvre méconnu, alors que le très romantique <em>Quintette pour piano et cordes </em>de Franck est le premier grand quintette du répertoire  français.</p>
<p><em>On pourra également entendre Jean-Efflam Bavouzet en <a href="https://www.ludwig-van.com/montreal/event/fondation-arte-musica-jean-efflam-bavouzet/">récital le 19 avril</a>.</em></p>
<p>ARTISTES</p>
<p><strong>Axel Strauss</strong>, violon<br />
<strong>Alicia Choi</strong>, violon<br />
<strong>Douglas McNabney</strong>, alto<br />
<strong>Stéphane Tétreault</strong>, violoncelle<br />
<strong>Jean-Efflam Bavouzet</strong>, piano</p>
<p>PROGRAMME</p>
<p><strong>MOZART</strong><br />
Quatuor à cordes en <em>fa</em> majeur, K. 590<br />
Duo pour violon et alto n° 1 en <em>sol</em> majeur, K. 423</p>
<p><strong>FRANCK</strong><br />
Quintette pour piano et cordes en <em>fa</em> mineur</p>

<p>Deux pages d’exception se disputent la faveur du public ! L’étonnant et audacieux Quatuor K. 590 est le dernier écrit par Mozart et est considéré comme un chef-d’œuvre méconnu, alors que le très romantique Quintette pour piano et cordes de Franck est le premier grand quintette du répertoire  français. On pourra également entendre Jean-Efflam Bavouzet [&hellip;]</p>
