{"id":52417,"date":"2018-03-10T10:16:18","date_gmt":"2018-03-10T15:16:18","guid":{"rendered":"https:\/\/www.ludwig-van.com\/montreal\/?post_type=tribe_events&#038;p=52417"},"modified":"2018-03-10T10:16:18","modified_gmt":"2018-03-10T15:16:18","slug":"fondation-arte-musica-jean-pierre-zanella","status":"publish","type":"tribe_events","link":"https:\/\/www.ludwig-van.com\/montreal\/event\/fondation-arte-musica-jean-pierre-zanella\/","title":{"rendered":"Fondation Arte Musica | Jean-Pierre Zanella"},"content":{"rendered":"<p>R\u00e9cipiendaire du Prix Oscar-Peterson en 2011, Jean-Pierre Zanella est l\u2019un de nos musiciens de jazz les plus talentueux. Son plus r\u00e9cent album,<em>Quattro venti<\/em>, est le fruit d\u2019un s\u00e9jour de cr\u00e9ation \u00e0 Rome, o\u00f9 il a \u00e9t\u00e9 inspir\u00e9 par <em>la grande bellezza\u00a0<\/em>de l\u2019Italie.<\/p>\n<p>ARTISTES<br \/>\n<strong style=\"line-height: inherit;\">Jean-Pierre\u00a0 Zanella<\/strong>, saxophone<br \/>\n<strong style=\"line-height: inherit;\">Pierre Fran\u00e7ois<\/strong>, piano<br \/>\n<strong style=\"line-height: inherit;\">R\u00e9mi-Jean LeBlanc<\/strong>, contrebasse<br \/>\n<strong style=\"line-height: inherit;\">Paul Brochu<\/strong>, batterie<\/p>\n","protected":false},"excerpt":{"rendered":"<p>R\u00e9cipiendaire du Prix Oscar-Peterson en 2011, Jean-Pierre Zanella est l\u2019un de nos musiciens de jazz les plus talentueux. Son plus r\u00e9cent album,Quattro venti, est le fruit d\u2019un s\u00e9jour de cr\u00e9ation \u00e0 Rome, o\u00f9 il a \u00e9t\u00e9 inspir\u00e9 par la grande bellezza\u00a0de l\u2019Italie. ARTISTES Jean-Pierre\u00a0 Zanella, saxophone Pierre Fran\u00e7ois, piano R\u00e9mi-Jean LeBlanc, contrebasse Paul Brochu, batterie<\/p>\n","protected":false},"author":1,"featured_media":52418,"comment_status":"open","ping_status":"closed","template":"","meta":{"om_disable_all_campaigns":false,"jetpack_post_was_ever_published":false},"tags":[],"tribe_events_cat":[5501],"acf":[],"jetpack_sharing_enabled":true,"_links":{"self":[{"href":"https:\/\/www.ludwig-van.com\/montreal\/wp-json\/wp\/v2\/tribe_events\/52417"}],"collection":[{"href":"https:\/\/www.ludwig-van.com\/montreal\/wp-json\/wp\/v2\/tribe_events"}],"about":[{"href":"https:\/\/www.ludwig-van.com\/montreal\/wp-json\/wp\/v2\/types\/tribe_events"}],"author":[{"embeddable":true,"href":"https:\/\/www.ludwig-van.com\/montreal\/wp-json\/wp\/v2\/users\/1"}],"replies":[{"embeddable":true,"href":"https:\/\/www.ludwig-van.com\/montreal\/wp-json\/wp\/v2\/comments?post=52417"}],"version-history":[{"count":1,"href":"https:\/\/www.ludwig-van.com\/montreal\/wp-json\/wp\/v2\/tribe_events\/52417\/revisions"}],"predecessor-version":[{"id":52419,"href":"https:\/\/www.ludwig-van.com\/montreal\/wp-json\/wp\/v2\/tribe_events\/52417\/revisions\/52419"}],"wp:featuredmedia":[{"embeddable":true,"href":"https:\/\/www.ludwig-van.com\/montreal\/wp-json\/wp\/v2\/media\/52418"}],"wp:attachment":[{"href":"https:\/\/www.ludwig-van.com\/montreal\/wp-json\/wp\/v2\/media?parent=52417"}],"wp:term":[{"taxonomy":"post_tag","embeddable":true,"href":"https:\/\/www.ludwig-van.com\/montreal\/wp-json\/wp\/v2\/tags?post=52417"},{"taxonomy":"tribe_events_cat","embeddable":true,"href":"https:\/\/www.ludwig-van.com\/montreal\/wp-json\/wp\/v2\/tribe_events_cat?post=52417"}],"curies":[{"name":"wp","href":"https:\/\/api.w.org\/{rel}","templated":true}]}}

<p>Récipiendaire du Prix Oscar-Peterson en 2011, Jean-Pierre Zanella est l’un de nos musiciens de jazz les plus talentueux. Son plus récent album,<em>Quattro venti</em>, est le fruit d’un séjour de création à Rome, où il a été inspiré par <em>la grande bellezza </em>de l’Italie.</p>
<p>ARTISTES<br />
<strong style="line-height: inherit;">Jean-Pierre  Zanella</strong>, saxophone<br />
<strong style="line-height: inherit;">Pierre François</strong>, piano<br />
<strong style="line-height: inherit;">Rémi-Jean LeBlanc</strong>, contrebasse<br />
<strong style="line-height: inherit;">Paul Brochu</strong>, batterie</p>

<p>Récipiendaire du Prix Oscar-Peterson en 2011, Jean-Pierre Zanella est l’un de nos musiciens de jazz les plus talentueux. Son plus récent album,Quattro venti, est le fruit d’un séjour de création à Rome, où il a été inspiré par la grande bellezza de l’Italie. ARTISTES Jean-Pierre  Zanella, saxophone Pierre François, piano Rémi-Jean LeBlanc, contrebasse Paul Brochu, batterie</p>
