{"id":52210,"date":"2018-03-02T22:29:06","date_gmt":"2018-03-03T03:29:06","guid":{"rendered":"https:\/\/www.ludwig-van.com\/montreal\/?post_type=tribe_events&#038;p=52210"},"modified":"2018-03-02T22:29:06","modified_gmt":"2018-03-03T03:29:06","slug":"chapelle-historique-pasteur-quatuor-de-guitares-canada","status":"publish","type":"tribe_events","link":"https:\/\/www.ludwig-van.com\/montreal\/event\/chapelle-historique-pasteur-quatuor-de-guitares-canada\/","title":{"rendered":"Chapelle Historique du Bon-Pasteur | Quatuor de guitares du Canada"},"content":{"rendered":"<p>Quatuor de guitares du Canada :<br \/>\nJulien Bisaillon<br \/>\nRenaud C\u00f4t\u00e9-Gigu\u00e8re<br \/>\nBruno Roussel<br \/>\nLouis Tr\u00e9panier<\/p>\n<p>\u0152uvres de Vivaldi, Hans Bud\u00ebrl, Radam\u00e9s Gnatalli, Renaud C\u00f4t\u00e9 Gigu\u00e8re, Patrick Roux et Rossini.<\/p>\n","protected":false},"excerpt":{"rendered":"<p>Quatuor de guitares du Canada : Julien Bisaillon Renaud C\u00f4t\u00e9-Gigu\u00e8re Bruno Roussel Louis Tr\u00e9panier \u0152uvres de Vivaldi, Hans Bud\u00ebrl, Radam\u00e9s Gnatalli, Renaud C\u00f4t\u00e9 Gigu\u00e8re, Patrick Roux et Rossini.<\/p>\n","protected":false},"author":1,"featured_media":52211,"comment_status":"open","ping_status":"closed","template":"","meta":{"om_disable_all_campaigns":false,"jetpack_post_was_ever_published":false},"tags":[],"tribe_events_cat":[5109,5902],"acf":[],"jetpack_sharing_enabled":true,"_links":{"self":[{"href":"https:\/\/www.ludwig-van.com\/montreal\/wp-json\/wp\/v2\/tribe_events\/52210"}],"collection":[{"href":"https:\/\/www.ludwig-van.com\/montreal\/wp-json\/wp\/v2\/tribe_events"}],"about":[{"href":"https:\/\/www.ludwig-van.com\/montreal\/wp-json\/wp\/v2\/types\/tribe_events"}],"author":[{"embeddable":true,"href":"https:\/\/www.ludwig-van.com\/montreal\/wp-json\/wp\/v2\/users\/1"}],"replies":[{"embeddable":true,"href":"https:\/\/www.ludwig-van.com\/montreal\/wp-json\/wp\/v2\/comments?post=52210"}],"version-history":[{"count":1,"href":"https:\/\/www.ludwig-van.com\/montreal\/wp-json\/wp\/v2\/tribe_events\/52210\/revisions"}],"predecessor-version":[{"id":52213,"href":"https:\/\/www.ludwig-van.com\/montreal\/wp-json\/wp\/v2\/tribe_events\/52210\/revisions\/52213"}],"wp:featuredmedia":[{"embeddable":true,"href":"https:\/\/www.ludwig-van.com\/montreal\/wp-json\/wp\/v2\/media\/52211"}],"wp:attachment":[{"href":"https:\/\/www.ludwig-van.com\/montreal\/wp-json\/wp\/v2\/media?parent=52210"}],"wp:term":[{"taxonomy":"post_tag","embeddable":true,"href":"https:\/\/www.ludwig-van.com\/montreal\/wp-json\/wp\/v2\/tags?post=52210"},{"taxonomy":"tribe_events_cat","embeddable":true,"href":"https:\/\/www.ludwig-van.com\/montreal\/wp-json\/wp\/v2\/tribe_events_cat?post=52210"}],"curies":[{"name":"wp","href":"https:\/\/api.w.org\/{rel}","templated":true}]}}

<p>Quatuor de guitares du Canada :<br />
Julien Bisaillon<br />
Renaud Côté-Giguère<br />
Bruno Roussel<br />
Louis Trépanier</p>
<p>Œuvres de Vivaldi, Hans Budërl, Radamés Gnatalli, Renaud Côté Giguère, Patrick Roux et Rossini.</p>

<p>Quatuor de guitares du Canada : Julien Bisaillon Renaud Côté-Giguère Bruno Roussel Louis Trépanier Œuvres de Vivaldi, Hans Budërl, Radamés Gnatalli, Renaud Côté Giguère, Patrick Roux et Rossini.</p>
