{"id":52161,"date":"2018-03-01T20:57:35","date_gmt":"2018-03-02T01:57:35","guid":{"rendered":"https:\/\/www.ludwig-van.com\/montreal\/?post_type=tribe_events&#038;p=52161"},"modified":"2018-03-01T20:57:35","modified_gmt":"2018-03-02T01:57:35","slug":"conservatoire-de-musique-de-montreal-concours-de-concerto-finale","status":"publish","type":"tribe_events","link":"https:\/\/www.ludwig-van.com\/montreal\/event\/conservatoire-de-musique-de-montreal-concours-de-concerto-finale\/2018-03-27\/","title":{"rendered":"Conservatoire de musique de Montre\u0301al | Concours de concerto &#8211; Finale"},"content":{"rendered":"<p>La premi\u00e8re \u00e9preuve est le 26 mars de 10 h \u00e0 18 h<br class=\"autobr\" \/>Les finales se d\u00e9rouleront les mardi 27 et mercredi 28 mars \u00e0 19 h<\/p>\n<p>Le concours de concerto s\u00e9lectionne les solistes qui participeront \u00e0 l\u2019un des concerts de l\u2019Orchestre au cours de la saison 2018-2019. Les laur\u00e9ats sont retenus en fonction de la qualit\u00e9 de leur interpr\u00e9tation et de la possibilit\u00e9 d\u2019int\u00e9grer \u00e0 l\u2019Orchestre l\u2019oeuvre qu\u2019ils interpr\u00e8tent.<\/p>\n<p>ENTR\u00c9E LIBRE<\/p>\n","protected":false},"excerpt":{"rendered":"<p>La premi\u00e8re \u00e9preuve est le 26 mars de 10 h \u00e0 18 hLes finales se d\u00e9rouleront les mardi 27 et mercredi 28 mars \u00e0 19 h Le concours de concerto s\u00e9lectionne les solistes qui participeront \u00e0 l\u2019un des concerts de l\u2019Orchestre au cours de la saison 2018-2019. Les laur\u00e9ats sont retenus en fonction de la [&hellip;]<\/p>\n","protected":false},"author":1,"featured_media":48666,"comment_status":"open","ping_status":"closed","template":"","meta":{"om_disable_all_campaigns":false,"jetpack_post_was_ever_published":false},"tags":[],"tribe_events_cat":[5771],"acf":[],"jetpack_sharing_enabled":true,"_links":{"self":[{"href":"https:\/\/www.ludwig-van.com\/montreal\/wp-json\/wp\/v2\/tribe_events\/52161"}],"collection":[{"href":"https:\/\/www.ludwig-van.com\/montreal\/wp-json\/wp\/v2\/tribe_events"}],"about":[{"href":"https:\/\/www.ludwig-van.com\/montreal\/wp-json\/wp\/v2\/types\/tribe_events"}],"author":[{"embeddable":true,"href":"https:\/\/www.ludwig-van.com\/montreal\/wp-json\/wp\/v2\/users\/1"}],"replies":[{"embeddable":true,"href":"https:\/\/www.ludwig-van.com\/montreal\/wp-json\/wp\/v2\/comments?post=52161"}],"version-history":[{"count":1,"href":"https:\/\/www.ludwig-van.com\/montreal\/wp-json\/wp\/v2\/tribe_events\/52161\/revisions"}],"predecessor-version":[{"id":52162,"href":"https:\/\/www.ludwig-van.com\/montreal\/wp-json\/wp\/v2\/tribe_events\/52161\/revisions\/52162"}],"wp:featuredmedia":[{"embeddable":true,"href":"https:\/\/www.ludwig-van.com\/montreal\/wp-json\/wp\/v2\/media\/48666"}],"wp:attachment":[{"href":"https:\/\/www.ludwig-van.com\/montreal\/wp-json\/wp\/v2\/media?parent=52161"}],"wp:term":[{"taxonomy":"post_tag","embeddable":true,"href":"https:\/\/www.ludwig-van.com\/montreal\/wp-json\/wp\/v2\/tags?post=52161"},{"taxonomy":"tribe_events_cat","embeddable":true,"href":"https:\/\/www.ludwig-van.com\/montreal\/wp-json\/wp\/v2\/tribe_events_cat?post=52161"}],"curies":[{"name":"wp","href":"https:\/\/api.w.org\/{rel}","templated":true}]}}

<p>La première épreuve est le 26 mars de 10 h à 18 h<br class="autobr" />Les finales se dérouleront les mardi 27 et mercredi 28 mars à 19 h</p>
<p>Le concours de concerto sélectionne les solistes qui participeront à l’un des concerts de l’Orchestre au cours de la saison 2018-2019. Les lauréats sont retenus en fonction de la qualité de leur interprétation et de la possibilité d’intégrer à l’Orchestre l’oeuvre qu’ils interprètent.</p>
<p>ENTRÉE LIBRE</p>

<p>La première épreuve est le 26 mars de 10 h à 18 hLes finales se dérouleront les mardi 27 et mercredi 28 mars à 19 h Le concours de concerto sélectionne les solistes qui participeront à l’un des concerts de l’Orchestre au cours de la saison 2018-2019. Les lauréats sont retenus en fonction de la [&hellip;]</p>
