{"id":51954,"date":"2018-02-22T19:39:16","date_gmt":"2018-02-23T00:39:16","guid":{"rendered":"https:\/\/www.ludwig-van.com\/montreal\/?post_type=tribe_events&#038;p=51954"},"modified":"2018-02-22T19:39:16","modified_gmt":"2018-02-23T00:39:16","slug":"osm-andre-sauve-avec-losm","status":"publish","type":"tribe_events","link":"https:\/\/www.ludwig-van.com\/montreal\/event\/osm-andre-sauve-avec-losm\/2018-03-26\/","title":{"rendered":"OSM | Andr\u00e9 Sauv\u00e9 avec l&rsquo;OSM"},"content":{"rendered":"<p>Pr\u00e9sent\u00e9 pour la premi\u00e8re fois dans le cadre du Festival Juste pour rire 2017 et acclam\u00e9 par la critique, le spectacle \u00ab\u00a0Andr\u00e9 Sauv\u00e9 avec l\u2019Orchestre Symphonique de Montr\u00e9al\u00a0\u00bb propose une incursion unique dans des textes in\u00e9dits d\u2019Andr\u00e9 Sauv\u00e9. Avec ce concept hors du commun, mariant humour et musique, la grandeur des \u0153uvres classiques viendra soutenir, illustrer, appuyer et donner image \u00e0 son univers pour en d\u00e9cupler sa folie. Car oui, une fois de plus, et ce pour notre plus grand plaisir, il poursuit son aventure \u00e0 travers les m\u00e9andres de notre fonctionnement humain. Il persiste dans cette voie qui est celle de s\u2019explorer soi-m\u00eame.<\/p>\n<p>En juxtaposant ainsi l\u2019existentiel et le banal, le crucial et l\u2019inutile, on en arrive \u00e0 se demander si l\u2019un ne se retrouve pas un peu dans l\u2019autre. Et si le \u00ab\u00a0petit\u00a0\u00bb n\u2019\u00e9tait qu\u2019un tesson dans lequel se miroite le \u00ab\u00a0grand\u00a0\u00bb? S\u2019il en est ainsi, l\u2019exploration n\u2019aura pas \u00e9t\u00e9 vaine.<\/p>\n<p>Ne manquez pas cet \u00e9v\u00e9nement unique et grandiose de retour \u00e0 la demande g\u00e9n\u00e9rale pour seulement 3 repr\u00e9sentations \u00e0 la Maison symphonique\u00a0!<\/p>\n<p><strong>PR\u00c9SENTATION DU CONCERT<\/strong><br \/>\nTextes : Andr\u00e9 Sauv\u00e9<br \/>\nMise en sc\u00e8ne : Pierre Bernard<br \/>\nAdam Johnson : Chef d\u2019orchestre<\/p>\n","protected":false},"excerpt":{"rendered":"<p>Pr\u00e9sent\u00e9 pour la premi\u00e8re fois dans le cadre du Festival Juste pour rire 2017 et acclam\u00e9 par la critique, le spectacle \u00ab\u00a0Andr\u00e9 Sauv\u00e9 avec l\u2019Orchestre Symphonique de Montr\u00e9al\u00a0\u00bb propose une incursion unique dans des textes in\u00e9dits d\u2019Andr\u00e9 Sauv\u00e9. Avec ce concept hors du commun, mariant humour et musique, la grandeur des \u0153uvres classiques viendra soutenir, [&hellip;]<\/p>\n","protected":false},"author":1,"featured_media":51955,"comment_status":"open","ping_status":"closed","template":"","meta":{"om_disable_all_campaigns":false,"jetpack_post_was_ever_published":false},"tags":[],"tribe_events_cat":[6487],"acf":[],"jetpack_sharing_enabled":true,"_links":{"self":[{"href":"https:\/\/www.ludwig-van.com\/montreal\/wp-json\/wp\/v2\/tribe_events\/51954"}],"collection":[{"href":"https:\/\/www.ludwig-van.com\/montreal\/wp-json\/wp\/v2\/tribe_events"}],"about":[{"href":"https:\/\/www.ludwig-van.com\/montreal\/wp-json\/wp\/v2\/types\/tribe_events"}],"author":[{"embeddable":true,"href":"https:\/\/www.ludwig-van.com\/montreal\/wp-json\/wp\/v2\/users\/1"}],"replies":[{"embeddable":true,"href":"https:\/\/www.ludwig-van.com\/montreal\/wp-json\/wp\/v2\/comments?post=51954"}],"version-history":[{"count":1,"href":"https:\/\/www.ludwig-van.com\/montreal\/wp-json\/wp\/v2\/tribe_events\/51954\/revisions"}],"predecessor-version":[{"id":51956,"href":"https:\/\/www.ludwig-van.com\/montreal\/wp-json\/wp\/v2\/tribe_events\/51954\/revisions\/51956"}],"wp:featuredmedia":[{"embeddable":true,"href":"https:\/\/www.ludwig-van.com\/montreal\/wp-json\/wp\/v2\/media\/51955"}],"wp:attachment":[{"href":"https:\/\/www.ludwig-van.com\/montreal\/wp-json\/wp\/v2\/media?parent=51954"}],"wp:term":[{"taxonomy":"post_tag","embeddable":true,"href":"https:\/\/www.ludwig-van.com\/montreal\/wp-json\/wp\/v2\/tags?post=51954"},{"taxonomy":"tribe_events_cat","embeddable":true,"href":"https:\/\/www.ludwig-van.com\/montreal\/wp-json\/wp\/v2\/tribe_events_cat?post=51954"}],"curies":[{"name":"wp","href":"https:\/\/api.w.org\/{rel}","templated":true}]}}

OSM | André Sauvé avec l&rsquo;OSM

<p>Présenté pour la première fois dans le cadre du Festival Juste pour rire 2017 et acclamé par la critique, le spectacle « André Sauvé avec l’Orchestre Symphonique de Montréal » propose une incursion unique dans des textes inédits d’André Sauvé. Avec ce concept hors du commun, mariant humour et musique, la grandeur des œuvres classiques viendra soutenir, illustrer, appuyer et donner image à son univers pour en décupler sa folie. Car oui, une fois de plus, et ce pour notre plus grand plaisir, il poursuit son aventure à travers les méandres de notre fonctionnement humain. Il persiste dans cette voie qui est celle de s’explorer soi-même.</p>
<p>En juxtaposant ainsi l’existentiel et le banal, le crucial et l’inutile, on en arrive à se demander si l’un ne se retrouve pas un peu dans l’autre. Et si le « petit » n’était qu’un tesson dans lequel se miroite le « grand »? S’il en est ainsi, l’exploration n’aura pas été vaine.</p>
<p>Ne manquez pas cet événement unique et grandiose de retour à la demande générale pour seulement 3 représentations à la Maison symphonique !</p>
<p><strong>PRÉSENTATION DU CONCERT</strong><br />
Textes : André Sauvé<br />
Mise en scène : Pierre Bernard<br />
Adam Johnson : Chef d’orchestre</p>

<p>Présenté pour la première fois dans le cadre du Festival Juste pour rire 2017 et acclamé par la critique, le spectacle « André Sauvé avec l’Orchestre Symphonique de Montréal » propose une incursion unique dans des textes inédits d’André Sauvé. Avec ce concept hors du commun, mariant humour et musique, la grandeur des œuvres classiques viendra soutenir, [&hellip;]</p>
