{"id":51297,"date":"2018-01-30T17:27:03","date_gmt":"2018-01-30T22:27:03","guid":{"rendered":"https:\/\/www.ludwig-van.com\/montreal\/?post_type=tribe_events&#038;p=51297"},"modified":"2018-01-30T17:27:03","modified_gmt":"2018-01-30T22:27:03","slug":"fondation-arte-musica-shakespeare-compagnie","status":"publish","type":"tribe_events","link":"https:\/\/www.ludwig-van.com\/montreal\/event\/fondation-arte-musica-shakespeare-compagnie\/","title":{"rendered":"Fondation Arte Musica | Shakespeare et compagnie"},"content":{"rendered":"<p>Quatre cent ans apr\u00e8s sa mort, Shakespeare reste une source d\u2019inspiration pour tous. Stephanie Moore et Tim Brady ont cr\u00e9\u00e9 des \u0153uvres sur des textes du grand dramaturge, mettant en valeur la richesse et la puissance du ch\u0153ur Voces Boreales et l\u2019ing\u00e9niosit\u00e9 de l\u2019ensemble Of Sound, Mind and Body.<\/p>\n<p><em>Une coproduction de Bradyworks, de l\u2019Institut choral de Montr\u00e9al et de la Fondation Arte Musica<\/em><\/p>\n<div id=\"websection1\" class=\"section_content_additionnel columns small-12 medium-4\">\n<div class=\"columns small-12\">\n<div class=\"title green_title\">ARTISTES<\/div>\n<div class=\"content_wrap\">\n<p><strong>OF SOUND, MIND AND BODY<br \/>\n<\/strong><strong>Tim Brady<\/strong>, guitare \u00e9lectrique<br \/>\n<strong>Helmut Lipsky<\/strong>, violon<br \/>\n<strong>Shawn Mativetsky<\/strong>, percussion<br \/>\n<strong>Ben Duinker<\/strong>, marimba<\/p>\n<p><strong>Ch\u0153ur VOCES BOREALES<br \/>\n<\/strong><strong>Andrew Gray<\/strong>, chef<\/p>\n<\/div>\n<\/div>\n<\/div>\n<div id=\"websection2\" class=\"section_content_additionnel columns small-12 medium-8\">\n<div class=\"columns small-12\">\n<div class=\"title green_title\">PROGRAMME<\/div>\n<div class=\"content_wrap\">\n<p><strong>Arvo P\u00c4RT <\/strong><em>Which was the son of\u2026<\/em><\/p>\n<p><strong>Peter KLATZOW <\/strong><em>Return of the Moon<\/em><\/p>\n<p><strong>Stephanie MOORE <\/strong>Cr\u00e9ation sur des textes de Shakespeare<\/p>\n<p><strong>Tim BRADY <\/strong>Symphonie no 8 \u00ab Whose Motion Sounds \u00bb, cr\u00e9ation sur des textes de Shakespeare<\/p>\n<\/div>\n<\/div>\n<\/div>\n","protected":false},"excerpt":{"rendered":"<p>Quatre cent ans apr\u00e8s sa mort, Shakespeare reste une source d\u2019inspiration pour tous. Stephanie Moore et Tim Brady ont cr\u00e9\u00e9 des \u0153uvres sur des textes du grand dramaturge, mettant en valeur la richesse et la puissance du ch\u0153ur Voces Boreales et l\u2019ing\u00e9niosit\u00e9 de l\u2019ensemble Of Sound, Mind and Body. Une coproduction de Bradyworks, de l\u2019Institut [&hellip;]<\/p>\n","protected":false},"author":1,"featured_media":51298,"comment_status":"open","ping_status":"closed","template":"","meta":{"om_disable_all_campaigns":false,"jetpack_post_was_ever_published":false},"tags":[],"tribe_events_cat":[5052,5327,5902,5027,6476,5050],"acf":[],"jetpack_sharing_enabled":true,"_links":{"self":[{"href":"https:\/\/www.ludwig-van.com\/montreal\/wp-json\/wp\/v2\/tribe_events\/51297"}],"collection":[{"href":"https:\/\/www.ludwig-van.com\/montreal\/wp-json\/wp\/v2\/tribe_events"}],"about":[{"href":"https:\/\/www.ludwig-van.com\/montreal\/wp-json\/wp\/v2\/types\/tribe_events"}],"author":[{"embeddable":true,"href":"https:\/\/www.ludwig-van.com\/montreal\/wp-json\/wp\/v2\/users\/1"}],"replies":[{"embeddable":true,"href":"https:\/\/www.ludwig-van.com\/montreal\/wp-json\/wp\/v2\/comments?post=51297"}],"version-history":[{"count":1,"href":"https:\/\/www.ludwig-van.com\/montreal\/wp-json\/wp\/v2\/tribe_events\/51297\/revisions"}],"predecessor-version":[{"id":51299,"href":"https:\/\/www.ludwig-van.com\/montreal\/wp-json\/wp\/v2\/tribe_events\/51297\/revisions\/51299"}],"wp:featuredmedia":[{"embeddable":true,"href":"https:\/\/www.ludwig-van.com\/montreal\/wp-json\/wp\/v2\/media\/51298"}],"wp:attachment":[{"href":"https:\/\/www.ludwig-van.com\/montreal\/wp-json\/wp\/v2\/media?parent=51297"}],"wp:term":[{"taxonomy":"post_tag","embeddable":true,"href":"https:\/\/www.ludwig-van.com\/montreal\/wp-json\/wp\/v2\/tags?post=51297"},{"taxonomy":"tribe_events_cat","embeddable":true,"href":"https:\/\/www.ludwig-van.com\/montreal\/wp-json\/wp\/v2\/tribe_events_cat?post=51297"}],"curies":[{"name":"wp","href":"https:\/\/api.w.org\/{rel}","templated":true}]}}

<p>Quatre cent ans après sa mort, Shakespeare reste une source d’inspiration pour tous. Stephanie Moore et Tim Brady ont créé des œuvres sur des textes du grand dramaturge, mettant en valeur la richesse et la puissance du chœur Voces Boreales et l’ingéniosité de l’ensemble Of Sound, Mind and Body.</p>
<p><em>Une coproduction de Bradyworks, de l’Institut choral de Montréal et de la Fondation Arte Musica</em></p>
<div id="websection1" class="section_content_additionnel columns small-12 medium-4">
<div class="columns small-12">
<div class="title green_title">ARTISTES</div>
<div class="content_wrap">
<p><strong>OF SOUND, MIND AND BODY<br />
</strong><strong>Tim Brady</strong>, guitare électrique<br />
<strong>Helmut Lipsky</strong>, violon<br />
<strong>Shawn Mativetsky</strong>, percussion<br />
<strong>Ben Duinker</strong>, marimba</p>
<p><strong>Chœur VOCES BOREALES<br />
</strong><strong>Andrew Gray</strong>, chef</p>
</div>
</div>
</div>
<div id="websection2" class="section_content_additionnel columns small-12 medium-8">
<div class="columns small-12">
<div class="title green_title">PROGRAMME</div>
<div class="content_wrap">
<p><strong>Arvo PÄRT </strong><em>Which was the son of…</em></p>
<p><strong>Peter KLATZOW </strong><em>Return of the Moon</em></p>
<p><strong>Stephanie MOORE </strong>Création sur des textes de Shakespeare</p>
<p><strong>Tim BRADY </strong>Symphonie no 8 « Whose Motion Sounds », création sur des textes de Shakespeare</p>
</div>
</div>
</div>

<p>Quatre cent ans après sa mort, Shakespeare reste une source d’inspiration pour tous. Stephanie Moore et Tim Brady ont créé des œuvres sur des textes du grand dramaturge, mettant en valeur la richesse et la puissance du chœur Voces Boreales et l’ingéniosité de l’ensemble Of Sound, Mind and Body. Une coproduction de Bradyworks, de l’Institut [&hellip;]</p>
