{"id":51109,"date":"2018-01-24T17:44:01","date_gmt":"2018-01-24T22:44:01","guid":{"rendered":"https:\/\/www.ludwig-van.com\/montreal\/?post_type=tribe_events&#038;p=51109"},"modified":"2018-01-24T17:44:01","modified_gmt":"2018-01-24T22:44:01","slug":"conservatoire-de-musique-de-montreal-ca-jazz-conservatoire-special-75e-anniversaire","status":"publish","type":"tribe_events","link":"https:\/\/www.ludwig-van.com\/montreal\/event\/conservatoire-de-musique-de-montreal-ca-jazz-conservatoire-special-75e-anniversaire\/","title":{"rendered":"Conservatoire de musique de Montr\u00e9al | \u00c7a jazz au Conservatoire : SP\u00c9CIAL 75e ANNIVERSAIRE"},"content":{"rendered":"<p><i>SP\u00c9CIAL 75<sup class=\"typo_exposants\">e<\/sup> ANNIVERSAIRE AVEC DES ANCIENS DU CONSERVATOIRE ET DES INVIT\u00c9S<\/i><\/p>\n<p><strong>Hommage aux trois grands\u00a0:<\/strong><br class=\"autobr\" \/>Oscar Peterson<br class=\"autobr\" \/>Maynard Ferguson<br class=\"autobr\" \/>Nick Ayoub<\/p>\n<p><strong>BIG BAND<\/strong><br class=\"autobr\" \/>Andr\u00e9 Leroux, saxophone<br class=\"autobr\" \/>Jocelyn Couture, trompette<br class=\"autobr\" \/>Alain Trudel, trombone<br class=\"autobr\" \/>Patrice Richer, trombone<br class=\"autobr\" \/>Pierre Beaudry, trombone<br class=\"autobr\" \/>Robert Ellis, trombone basse<br class=\"autobr\" \/>\u00c9ric Lagac\u00e9, contrebasse<br class=\"autobr\" \/>Et leurs invit\u00e9s surprises\u00a0!<\/p>\n<p><strong>Tarifs<\/strong><br class=\"autobr\" \/>R\u00e9gulier\u00a0: 15$<br class=\"autobr\" \/>\u00c9tudiants\u00a0: 7$<\/p>\n","protected":false},"excerpt":{"rendered":"<p>SP\u00c9CIAL 75e ANNIVERSAIRE AVEC DES ANCIENS DU CONSERVATOIRE ET DES INVIT\u00c9S Hommage aux trois grands\u00a0:Oscar PetersonMaynard FergusonNick Ayoub BIG BANDAndr\u00e9 Leroux, saxophoneJocelyn Couture, trompetteAlain Trudel, trombonePatrice Richer, trombonePierre Beaudry, tromboneRobert Ellis, trombone basse\u00c9ric Lagac\u00e9, contrebasseEt leurs invit\u00e9s surprises\u00a0! TarifsR\u00e9gulier\u00a0: 15$\u00c9tudiants\u00a0: 7$<\/p>\n","protected":false},"author":1,"featured_media":51111,"comment_status":"open","ping_status":"closed","template":"","meta":{"om_disable_all_campaigns":false,"jetpack_post_was_ever_published":false},"tags":[],"tribe_events_cat":[5501],"acf":[],"jetpack_sharing_enabled":true,"_links":{"self":[{"href":"https:\/\/www.ludwig-van.com\/montreal\/wp-json\/wp\/v2\/tribe_events\/51109"}],"collection":[{"href":"https:\/\/www.ludwig-van.com\/montreal\/wp-json\/wp\/v2\/tribe_events"}],"about":[{"href":"https:\/\/www.ludwig-van.com\/montreal\/wp-json\/wp\/v2\/types\/tribe_events"}],"author":[{"embeddable":true,"href":"https:\/\/www.ludwig-van.com\/montreal\/wp-json\/wp\/v2\/users\/1"}],"replies":[{"embeddable":true,"href":"https:\/\/www.ludwig-van.com\/montreal\/wp-json\/wp\/v2\/comments?post=51109"}],"version-history":[{"count":1,"href":"https:\/\/www.ludwig-van.com\/montreal\/wp-json\/wp\/v2\/tribe_events\/51109\/revisions"}],"predecessor-version":[{"id":51112,"href":"https:\/\/www.ludwig-van.com\/montreal\/wp-json\/wp\/v2\/tribe_events\/51109\/revisions\/51112"}],"wp:featuredmedia":[{"embeddable":true,"href":"https:\/\/www.ludwig-van.com\/montreal\/wp-json\/wp\/v2\/media\/51111"}],"wp:attachment":[{"href":"https:\/\/www.ludwig-van.com\/montreal\/wp-json\/wp\/v2\/media?parent=51109"}],"wp:term":[{"taxonomy":"post_tag","embeddable":true,"href":"https:\/\/www.ludwig-van.com\/montreal\/wp-json\/wp\/v2\/tags?post=51109"},{"taxonomy":"tribe_events_cat","embeddable":true,"href":"https:\/\/www.ludwig-van.com\/montreal\/wp-json\/wp\/v2\/tribe_events_cat?post=51109"}],"curies":[{"name":"wp","href":"https:\/\/api.w.org\/{rel}","templated":true}]}}

Conservatoire de musique de Montréal | Ça jazz au Conservatoire : SPÉCIAL 75e ANNIVERSAIRE

<p><i>SPÉCIAL 75<sup class="typo_exposants">e</sup> ANNIVERSAIRE AVEC DES ANCIENS DU CONSERVATOIRE ET DES INVITÉS</i></p>
<p><strong>Hommage aux trois grands :</strong><br class="autobr" />Oscar Peterson<br class="autobr" />Maynard Ferguson<br class="autobr" />Nick Ayoub</p>
<p><strong>BIG BAND</strong><br class="autobr" />André Leroux, saxophone<br class="autobr" />Jocelyn Couture, trompette<br class="autobr" />Alain Trudel, trombone<br class="autobr" />Patrice Richer, trombone<br class="autobr" />Pierre Beaudry, trombone<br class="autobr" />Robert Ellis, trombone basse<br class="autobr" />Éric Lagacé, contrebasse<br class="autobr" />Et leurs invités surprises !</p>
<p><strong>Tarifs</strong><br class="autobr" />Régulier : 15$<br class="autobr" />Étudiants : 7$</p>

<p>SPÉCIAL 75e ANNIVERSAIRE AVEC DES ANCIENS DU CONSERVATOIRE ET DES INVITÉS Hommage aux trois grands :Oscar PetersonMaynard FergusonNick Ayoub BIG BANDAndré Leroux, saxophoneJocelyn Couture, trompetteAlain Trudel, trombonePatrice Richer, trombonePierre Beaudry, tromboneRobert Ellis, trombone basseÉric Lagacé, contrebasseEt leurs invités surprises ! TarifsRégulier : 15$Étudiants : 7$</p>
