{"id":51053,"date":"2018-01-23T17:06:13","date_gmt":"2018-01-23T22:06:13","guid":{"rendered":"https:\/\/www.ludwig-van.com\/montreal\/?post_type=tribe_events&#038;p=51053"},"modified":"2018-01-23T17:06:13","modified_gmt":"2018-01-23T22:06:13","slug":"chapelle-historique-pasteur-concert-debussy","status":"publish","type":"tribe_events","link":"https:\/\/www.ludwig-van.com\/montreal\/event\/chapelle-historique-pasteur-concert-debussy\/","title":{"rendered":"Chapelle Historique du Bon-Pasteur | Concert Debussy"},"content":{"rendered":"<p>En comm\u00e9moration du centenaire de la mort de Claude Debussy.\u00a0\u0152uvres pour 2 pianos de Debussy et Paul Dukas.<\/p>\n<p>Fran\u00e7ois Zeitouni, piano<br \/>\nOlivier Godin, piano<\/p>\n<p>Paul Dukas\u00a0: La plainte au loin du faune (extr. du Tombeau de Claude Debussy)<br \/>\nClaude Debussy Petite suite (transcription pour deux pianos de Henri B\u00fcsser)<br \/>\nPr\u00e9lude \u00e0 l\u2019apr\u00e8s-midi d\u2019un faune (transcription pour deux pianos de l\u2019auteur)<br \/>\nSix \u00e9pigraphes antiques<br \/>\nEn blanc et noir<\/p>\n","protected":false},"excerpt":{"rendered":"<p>En comm\u00e9moration du centenaire de la mort de Claude Debussy.\u00a0\u0152uvres pour 2 pianos de Debussy et Paul Dukas. Fran\u00e7ois Zeitouni, piano Olivier Godin, piano Paul Dukas\u00a0: La plainte au loin du faune (extr. du Tombeau de Claude Debussy) Claude Debussy Petite suite (transcription pour deux pianos de Henri B\u00fcsser) Pr\u00e9lude \u00e0 l\u2019apr\u00e8s-midi d\u2019un faune (transcription [&hellip;]<\/p>\n","protected":false},"author":1,"featured_media":50910,"comment_status":"open","ping_status":"closed","template":"","meta":{"om_disable_all_campaigns":false,"jetpack_post_was_ever_published":false},"tags":[],"tribe_events_cat":[5052,5024],"acf":[],"jetpack_sharing_enabled":true,"_links":{"self":[{"href":"https:\/\/www.ludwig-van.com\/montreal\/wp-json\/wp\/v2\/tribe_events\/51053"}],"collection":[{"href":"https:\/\/www.ludwig-van.com\/montreal\/wp-json\/wp\/v2\/tribe_events"}],"about":[{"href":"https:\/\/www.ludwig-van.com\/montreal\/wp-json\/wp\/v2\/types\/tribe_events"}],"author":[{"embeddable":true,"href":"https:\/\/www.ludwig-van.com\/montreal\/wp-json\/wp\/v2\/users\/1"}],"replies":[{"embeddable":true,"href":"https:\/\/www.ludwig-van.com\/montreal\/wp-json\/wp\/v2\/comments?post=51053"}],"version-history":[{"count":1,"href":"https:\/\/www.ludwig-van.com\/montreal\/wp-json\/wp\/v2\/tribe_events\/51053\/revisions"}],"predecessor-version":[{"id":51056,"href":"https:\/\/www.ludwig-van.com\/montreal\/wp-json\/wp\/v2\/tribe_events\/51053\/revisions\/51056"}],"wp:featuredmedia":[{"embeddable":true,"href":"https:\/\/www.ludwig-van.com\/montreal\/wp-json\/wp\/v2\/media\/50910"}],"wp:attachment":[{"href":"https:\/\/www.ludwig-van.com\/montreal\/wp-json\/wp\/v2\/media?parent=51053"}],"wp:term":[{"taxonomy":"post_tag","embeddable":true,"href":"https:\/\/www.ludwig-van.com\/montreal\/wp-json\/wp\/v2\/tags?post=51053"},{"taxonomy":"tribe_events_cat","embeddable":true,"href":"https:\/\/www.ludwig-van.com\/montreal\/wp-json\/wp\/v2\/tribe_events_cat?post=51053"}],"curies":[{"name":"wp","href":"https:\/\/api.w.org\/{rel}","templated":true}]}}

<p>En commémoration du centenaire de la mort de Claude Debussy. Œuvres pour 2 pianos de Debussy et Paul Dukas.</p>
<p>François Zeitouni, piano<br />
Olivier Godin, piano</p>
<p>Paul Dukas : La plainte au loin du faune (extr. du Tombeau de Claude Debussy)<br />
Claude Debussy Petite suite (transcription pour deux pianos de Henri Büsser)<br />
Prélude à l’après-midi d’un faune (transcription pour deux pianos de l’auteur)<br />
Six épigraphes antiques<br />
En blanc et noir</p>

<p>En commémoration du centenaire de la mort de Claude Debussy. Œuvres pour 2 pianos de Debussy et Paul Dukas. François Zeitouni, piano Olivier Godin, piano Paul Dukas : La plainte au loin du faune (extr. du Tombeau de Claude Debussy) Claude Debussy Petite suite (transcription pour deux pianos de Henri Büsser) Prélude à l’après-midi d’un faune (transcription [&hellip;]</p>
