{"id":51032,"date":"2018-01-23T16:14:33","date_gmt":"2018-01-23T21:14:33","guid":{"rendered":"https:\/\/www.ludwig-van.com\/montreal\/?post_type=tribe_events&#038;p=51032"},"modified":"2018-01-23T16:14:33","modified_gmt":"2018-01-23T21:14:33","slug":"chapelle-historique-pasteur-piano-4-mains","status":"publish","type":"tribe_events","link":"https:\/\/www.ludwig-van.com\/montreal\/event\/chapelle-historique-pasteur-piano-4-mains\/","title":{"rendered":"Chapelle Historique du Bon-Pasteur | Piano 4 mains"},"content":{"rendered":"<p>Form\u00e9 de musiciens issue de cultures arabe et juive, ce duo 4 mains souhaite d\u00e9montrer que la musique cr\u00e9\u00e9e une opportunit\u00e9 d&rsquo;\u00e9coute et de dialogue entre les peuples.<\/p>\n<p>Jonathan Nemtanu, piano<br \/>\nMehdi Ghazi, piano<\/p>\n<p>Gustav Mahler: 3<sup>e<\/sup> movement de la Symphonie n<sup>o<\/sup> 1<br \/>\nCamille Saint-Sa\u00ebns: Suite alg\u00e9rienne, opus 60<br \/>\nJohannes Brahms: 16 Valses, opus 39<br \/>\nMaurice Ravel: Rhapsodie\u00a0espagnole<\/p>\n","protected":false},"excerpt":{"rendered":"<p>Form\u00e9 de musiciens issue de cultures arabe et juive, ce duo 4 mains souhaite d\u00e9montrer que la musique cr\u00e9\u00e9e une opportunit\u00e9 d&rsquo;\u00e9coute et de dialogue entre les peuples. Jonathan Nemtanu, piano Mehdi Ghazi, piano Gustav Mahler: 3e movement de la Symphonie no 1 Camille Saint-Sa\u00ebns: Suite alg\u00e9rienne, opus 60 Johannes Brahms: 16 Valses, opus 39 [&hellip;]<\/p>\n","protected":false},"author":1,"featured_media":50900,"comment_status":"open","ping_status":"closed","template":"","meta":{"om_disable_all_campaigns":false,"jetpack_post_was_ever_published":false},"tags":[],"tribe_events_cat":[5052,5024],"acf":[],"jetpack_sharing_enabled":true,"_links":{"self":[{"href":"https:\/\/www.ludwig-van.com\/montreal\/wp-json\/wp\/v2\/tribe_events\/51032"}],"collection":[{"href":"https:\/\/www.ludwig-van.com\/montreal\/wp-json\/wp\/v2\/tribe_events"}],"about":[{"href":"https:\/\/www.ludwig-van.com\/montreal\/wp-json\/wp\/v2\/types\/tribe_events"}],"author":[{"embeddable":true,"href":"https:\/\/www.ludwig-van.com\/montreal\/wp-json\/wp\/v2\/users\/1"}],"replies":[{"embeddable":true,"href":"https:\/\/www.ludwig-van.com\/montreal\/wp-json\/wp\/v2\/comments?post=51032"}],"version-history":[{"count":1,"href":"https:\/\/www.ludwig-van.com\/montreal\/wp-json\/wp\/v2\/tribe_events\/51032\/revisions"}],"predecessor-version":[{"id":51033,"href":"https:\/\/www.ludwig-van.com\/montreal\/wp-json\/wp\/v2\/tribe_events\/51032\/revisions\/51033"}],"wp:featuredmedia":[{"embeddable":true,"href":"https:\/\/www.ludwig-van.com\/montreal\/wp-json\/wp\/v2\/media\/50900"}],"wp:attachment":[{"href":"https:\/\/www.ludwig-van.com\/montreal\/wp-json\/wp\/v2\/media?parent=51032"}],"wp:term":[{"taxonomy":"post_tag","embeddable":true,"href":"https:\/\/www.ludwig-van.com\/montreal\/wp-json\/wp\/v2\/tags?post=51032"},{"taxonomy":"tribe_events_cat","embeddable":true,"href":"https:\/\/www.ludwig-van.com\/montreal\/wp-json\/wp\/v2\/tribe_events_cat?post=51032"}],"curies":[{"name":"wp","href":"https:\/\/api.w.org\/{rel}","templated":true}]}}

<p>Formé de musiciens issue de cultures arabe et juive, ce duo 4 mains souhaite démontrer que la musique créée une opportunité d&rsquo;écoute et de dialogue entre les peuples.</p>
<p>Jonathan Nemtanu, piano<br />
Mehdi Ghazi, piano</p>
<p>Gustav Mahler: 3<sup>e</sup> movement de la Symphonie n<sup>o</sup> 1<br />
Camille Saint-Saëns: Suite algérienne, opus 60<br />
Johannes Brahms: 16 Valses, opus 39<br />
Maurice Ravel: Rhapsodie espagnole</p>

<p>Formé de musiciens issue de cultures arabe et juive, ce duo 4 mains souhaite démontrer que la musique créée une opportunité d&rsquo;écoute et de dialogue entre les peuples. Jonathan Nemtanu, piano Mehdi Ghazi, piano Gustav Mahler: 3e movement de la Symphonie no 1 Camille Saint-Saëns: Suite algérienne, opus 60 Johannes Brahms: 16 Valses, opus 39 [&hellip;]</p>
