{"id":50805,"date":"2018-01-13T21:06:29","date_gmt":"2018-01-14T02:06:29","guid":{"rendered":"https:\/\/www.ludwig-van.com\/montreal\/?post_type=tribe_events&#038;p=50805"},"modified":"2018-01-13T21:06:29","modified_gmt":"2018-01-14T02:06:29","slug":"ecole-de-musique-schulich-schulich-concert-debussy-poetes","status":"publish","type":"tribe_events","link":"https:\/\/www.ludwig-van.com\/montreal\/event\/ecole-de-musique-schulich-schulich-concert-debussy-poetes\/","title":{"rendered":"\u00c9cole de musique Schulich | Schulich en Concert: Debussy et ses po\u00e8tes"},"content":{"rendered":"<p><strong>Debussy et ses po\u00e8tes<br \/>\n<\/strong>Dominique Labelle, soprano;<br \/>\nMichael McMahon, piano;<br \/>\nprofesseurs et jeunes coll\u00e8gues de l&rsquo;\u00c9cole de musique Schulich<\/p>\n<p>CLAUDE DEBUSSY, Cinq po\u00e8mes de Charles Baudelaire<br \/>\nUne s\u00e9lection de chansons de Claude Debussy et de divers compositeurs<\/p>\n<p><strong>Billetterie:<\/strong>\u00a0Billets en vente <a href=\"http:\/\/schulich.ticketmob.com\/event.cfm?id=160584\" target=\"_blank\" rel=\"noopener\">en ligne<\/a>, par t\u00e9l\u00e9phone (514-398-4547) ou en personne \u00e0 la\u00a0<a href=\"https:\/\/www.mcgill.ca\/music\/fr\/node\/14\" target=\"_blank\" rel=\"noopener\">billetterie<\/a> de l\u2019\u00c9cole de musique Schulich : Lundi au vendredi 12h \u2013 18h (555 rue Sherbrooke Ouest).<\/p>\n","protected":false},"excerpt":{"rendered":"<p>Debussy et ses po\u00e8tes Dominique Labelle, soprano; Michael McMahon, piano; professeurs et jeunes coll\u00e8gues de l&rsquo;\u00c9cole de musique Schulich CLAUDE DEBUSSY, Cinq po\u00e8mes de Charles Baudelaire Une s\u00e9lection de chansons de Claude Debussy et de divers compositeurs Billetterie:\u00a0Billets en vente en ligne, par t\u00e9l\u00e9phone (514-398-4547) ou en personne \u00e0 la\u00a0billetterie de l\u2019\u00c9cole de musique Schulich [&hellip;]<\/p>\n","protected":false},"author":1,"featured_media":50806,"comment_status":"open","ping_status":"closed","template":"","meta":{"om_disable_all_campaigns":false,"jetpack_post_was_ever_published":false},"tags":[],"tribe_events_cat":[5052,5024,5050],"acf":[],"jetpack_sharing_enabled":true,"_links":{"self":[{"href":"https:\/\/www.ludwig-van.com\/montreal\/wp-json\/wp\/v2\/tribe_events\/50805"}],"collection":[{"href":"https:\/\/www.ludwig-van.com\/montreal\/wp-json\/wp\/v2\/tribe_events"}],"about":[{"href":"https:\/\/www.ludwig-van.com\/montreal\/wp-json\/wp\/v2\/types\/tribe_events"}],"author":[{"embeddable":true,"href":"https:\/\/www.ludwig-van.com\/montreal\/wp-json\/wp\/v2\/users\/1"}],"replies":[{"embeddable":true,"href":"https:\/\/www.ludwig-van.com\/montreal\/wp-json\/wp\/v2\/comments?post=50805"}],"version-history":[{"count":2,"href":"https:\/\/www.ludwig-van.com\/montreal\/wp-json\/wp\/v2\/tribe_events\/50805\/revisions"}],"predecessor-version":[{"id":50808,"href":"https:\/\/www.ludwig-van.com\/montreal\/wp-json\/wp\/v2\/tribe_events\/50805\/revisions\/50808"}],"wp:featuredmedia":[{"embeddable":true,"href":"https:\/\/www.ludwig-van.com\/montreal\/wp-json\/wp\/v2\/media\/50806"}],"wp:attachment":[{"href":"https:\/\/www.ludwig-van.com\/montreal\/wp-json\/wp\/v2\/media?parent=50805"}],"wp:term":[{"taxonomy":"post_tag","embeddable":true,"href":"https:\/\/www.ludwig-van.com\/montreal\/wp-json\/wp\/v2\/tags?post=50805"},{"taxonomy":"tribe_events_cat","embeddable":true,"href":"https:\/\/www.ludwig-van.com\/montreal\/wp-json\/wp\/v2\/tribe_events_cat?post=50805"}],"curies":[{"name":"wp","href":"https:\/\/api.w.org\/{rel}","templated":true}]}}

École de musique Schulich | Schulich en Concert: Debussy et ses poètes

<p><strong>Debussy et ses poètes<br />
</strong>Dominique Labelle, soprano;<br />
Michael McMahon, piano;<br />
professeurs et jeunes collègues de l&rsquo;École de musique Schulich</p>
<p>CLAUDE DEBUSSY, Cinq poèmes de Charles Baudelaire<br />
Une sélection de chansons de Claude Debussy et de divers compositeurs</p>
<p><strong>Billetterie:</strong> Billets en vente <a href="http://schulich.ticketmob.com/event.cfm?id=160584" target="_blank" rel="noopener">en ligne</a>, par téléphone (514-398-4547) ou en personne à la <a href="https://www.mcgill.ca/music/fr/node/14" target="_blank" rel="noopener">billetterie</a> de l’École de musique Schulich : Lundi au vendredi 12h – 18h (555 rue Sherbrooke Ouest).</p>

<p>Debussy et ses poètes Dominique Labelle, soprano; Michael McMahon, piano; professeurs et jeunes collègues de l&rsquo;École de musique Schulich CLAUDE DEBUSSY, Cinq poèmes de Charles Baudelaire Une sélection de chansons de Claude Debussy et de divers compositeurs Billetterie: Billets en vente en ligne, par téléphone (514-398-4547) ou en personne à la billetterie de l’École de musique Schulich [&hellip;]</p>
