{"id":50220,"date":"2017-12-12T22:38:52","date_gmt":"2017-12-13T03:38:52","guid":{"rendered":"https:\/\/www.ludwig-van.com\/montreal\/?post_type=tribe_events&#038;p=50220"},"modified":"2017-12-12T22:38:52","modified_gmt":"2017-12-13T03:38:52","slug":"vivier-backpack-musique","status":"publish","type":"tribe_events","link":"https:\/\/www.ludwig-van.com\/montreal\/event\/vivier-backpack-musique\/","title":{"rendered":"Le Vivier | BacKpacK MusiQue"},"content":{"rendered":"<p>Deux instrumentistes de l\u2019\u00e8re num\u00e9rique voyagent de quartier en quartier, de ville en ville, avec pour seul bagage un sac \u00e0 dos rempli de nouvelles musiques. <span class=\"litk-interface ind\">In Extensio<\/span> nous pr\u00e9sente<span class=\"litk-interface t\">BacKpacK MusiQue<\/span>, un concert multim\u00e9dia inspir\u00e9 du mouvement et du temps entre les escales des tourn\u00e9es. \u00c0 travers une fen\u00eatre de train et des hublots, par les sons de la percussion, de la clarinette et des interfaces audionum\u00e9riques, vous voyagerez dans le confort de votre si\u00e8ge.<\/p>\n<section class=\"col n4 marge participants\">PARTICIPANTS<\/p>\n<ul>\n<li><a class=\"lien-inaccessible\" href=\"https:\/\/www.levivier.ca\/fr\/redir\/membre\/inextensio\" target=\"_blank\" rel=\"noopener\">In Extensio<\/a> <span class=\"detail\">(<a class=\"lien-inaccessible\">Louise Campbell<\/a>, clarinette<span class=\"fine-pre\">;<\/span> Barah H\u00e9on-Morissette, percussions)<\/span><\/li>\n<\/ul>\n<\/section>\n<section class=\"col n4 marge programme\">PROGRAMME<\/p>\n<ul class=\"oeuvre-list\">\n<li class=\"oeuvre\">\n<div class=\"titre\">Alvin Lucier, <i><a class=\"lien-inaccessible\">Silver Street Car for the Orchestra<\/a><\/i> (1988)<\/div>\n<\/li>\n<li class=\"oeuvre\">\n<div class=\"titre\"><a class=\"lien-inaccessible\">Sean Griffin<\/a>, <i><a class=\"lien-inaccessible\">Pattycake<\/a><\/i><\/div>\n<\/li>\n<li class=\"oeuvre\">\n<div class=\"titre\">D Andrew Stewart, <i><a class=\"lien-inaccessible\">A Bear Whispers<\/a><\/i><\/div>\n<\/li>\n<li class=\"oeuvre\">\n<div class=\"titre\"><a class=\"lien-inaccessible\">Louise Campbell<\/a>, <i><a class=\"lien-inaccessible\">Songbird<\/a><\/i><\/div>\n<\/li>\n<li class=\"oeuvre\">\n<div class=\"titre\">Barah H\u00e9on-Morissette, <i><a class=\"lien-inaccessible\">Entre et \u00e0 travers<\/a><\/i><\/div>\n<\/li>\n<li class=\"oeuvre\">\n<div class=\"titre\"><a class=\"lien-inaccessible\">Luke Nickel<\/a>, <i><a class=\"lien-inaccessible\">Duo<span class=\"fine-pre\">:<\/span> Multivariables<\/a><\/i><\/div>\n<\/li>\n<\/ul>\n<div class=\"titre\"><strong>Rencontre pr\u00e9-concert<span class=\"fine-pre\">:<\/span> Paysage sonore et cr\u00e9ation musicale<br \/>\n<\/strong><a href=\"https:\/\/www.levivier.ca\/fr\/redir\/bio\/beaucage_re\" target=\"_blank\" rel=\"noopener\">R\u00e9jean Beaucage<\/a>, animateur<br \/>\nJeudi 8 f\u00e9vrier 2018, 19h00, <a class=\"lien-inaccessible\">Espace Custeau \u2013 Le Ges\u00f9<\/a><br \/>\nEntr\u00e9e libre<\/div>\n<\/section>\n","protected":false},"excerpt":{"rendered":"<p>Deux instrumentistes de l\u2019\u00e8re num\u00e9rique voyagent de quartier en quartier, de ville en ville, avec pour seul bagage un sac \u00e0 dos rempli de nouvelles musiques. In Extensio nous pr\u00e9senteBacKpacK MusiQue, un concert multim\u00e9dia inspir\u00e9 du mouvement et du temps entre les escales des tourn\u00e9es. \u00c0 travers une fen\u00eatre de train et des hublots, par [&hellip;]<\/p>\n","protected":false},"author":1,"featured_media":50221,"comment_status":"open","ping_status":"closed","template":"","meta":{"om_disable_all_campaigns":false,"jetpack_post_was_ever_published":false},"tags":[],"tribe_events_cat":[5327,5027],"acf":[],"jetpack_sharing_enabled":true,"_links":{"self":[{"href":"https:\/\/www.ludwig-van.com\/montreal\/wp-json\/wp\/v2\/tribe_events\/50220"}],"collection":[{"href":"https:\/\/www.ludwig-van.com\/montreal\/wp-json\/wp\/v2\/tribe_events"}],"about":[{"href":"https:\/\/www.ludwig-van.com\/montreal\/wp-json\/wp\/v2\/types\/tribe_events"}],"author":[{"embeddable":true,"href":"https:\/\/www.ludwig-van.com\/montreal\/wp-json\/wp\/v2\/users\/1"}],"replies":[{"embeddable":true,"href":"https:\/\/www.ludwig-van.com\/montreal\/wp-json\/wp\/v2\/comments?post=50220"}],"version-history":[{"count":1,"href":"https:\/\/www.ludwig-van.com\/montreal\/wp-json\/wp\/v2\/tribe_events\/50220\/revisions"}],"predecessor-version":[{"id":50222,"href":"https:\/\/www.ludwig-van.com\/montreal\/wp-json\/wp\/v2\/tribe_events\/50220\/revisions\/50222"}],"wp:featuredmedia":[{"embeddable":true,"href":"https:\/\/www.ludwig-van.com\/montreal\/wp-json\/wp\/v2\/media\/50221"}],"wp:attachment":[{"href":"https:\/\/www.ludwig-van.com\/montreal\/wp-json\/wp\/v2\/media?parent=50220"}],"wp:term":[{"taxonomy":"post_tag","embeddable":true,"href":"https:\/\/www.ludwig-van.com\/montreal\/wp-json\/wp\/v2\/tags?post=50220"},{"taxonomy":"tribe_events_cat","embeddable":true,"href":"https:\/\/www.ludwig-van.com\/montreal\/wp-json\/wp\/v2\/tribe_events_cat?post=50220"}],"curies":[{"name":"wp","href":"https:\/\/api.w.org\/{rel}","templated":true}]}}

<p>Deux instrumentistes de l’ère numérique voyagent de quartier en quartier, de ville en ville, avec pour seul bagage un sac à dos rempli de nouvelles musiques. <span class="litk-interface ind">In Extensio</span> nous présente<span class="litk-interface t">BacKpacK MusiQue</span>, un concert multimédia inspiré du mouvement et du temps entre les escales des tournées. À travers une fenêtre de train et des hublots, par les sons de la percussion, de la clarinette et des interfaces audionumériques, vous voyagerez dans le confort de votre siège.</p>
<section class="col n4 marge participants">PARTICIPANTS</p>
<ul>
<li><a class="lien-inaccessible" href="https://www.levivier.ca/fr/redir/membre/inextensio" target="_blank" rel="noopener">In Extensio</a> <span class="detail">(<a class="lien-inaccessible">Louise Campbell</a>, clarinette<span class="fine-pre">;</span> Barah Héon-Morissette, percussions)</span></li>
</ul>
</section>
<section class="col n4 marge programme">PROGRAMME</p>
<ul class="oeuvre-list">
<li class="oeuvre">
<div class="titre">Alvin Lucier, <i><a class="lien-inaccessible">Silver Street Car for the Orchestra</a></i> (1988)</div>
</li>
<li class="oeuvre">
<div class="titre"><a class="lien-inaccessible">Sean Griffin</a>, <i><a class="lien-inaccessible">Pattycake</a></i></div>
</li>
<li class="oeuvre">
<div class="titre">D Andrew Stewart, <i><a class="lien-inaccessible">A Bear Whispers</a></i></div>
</li>
<li class="oeuvre">
<div class="titre"><a class="lien-inaccessible">Louise Campbell</a>, <i><a class="lien-inaccessible">Songbird</a></i></div>
</li>
<li class="oeuvre">
<div class="titre">Barah Héon-Morissette, <i><a class="lien-inaccessible">Entre et à travers</a></i></div>
</li>
<li class="oeuvre">
<div class="titre"><a class="lien-inaccessible">Luke Nickel</a>, <i><a class="lien-inaccessible">Duo<span class="fine-pre">:</span> Multivariables</a></i></div>
</li>
</ul>
<div class="titre"><strong>Rencontre pré-concert<span class="fine-pre">:</span> Paysage sonore et création musicale<br />
</strong><a href="https://www.levivier.ca/fr/redir/bio/beaucage_re" target="_blank" rel="noopener">Réjean Beaucage</a>, animateur<br />
Jeudi 8 février 2018, 19h00, <a class="lien-inaccessible">Espace Custeau – Le Gesù</a><br />
Entrée libre</div>
</section>

<p>Deux instrumentistes de l’ère numérique voyagent de quartier en quartier, de ville en ville, avec pour seul bagage un sac à dos rempli de nouvelles musiques. In Extensio nous présenteBacKpacK MusiQue, un concert multimédia inspiré du mouvement et du temps entre les escales des tournées. À travers une fenêtre de train et des hublots, par [&hellip;]</p>
