{"id":50216,"date":"2017-12-12T22:12:19","date_gmt":"2017-12-13T03:12:19","guid":{"rendered":"https:\/\/www.ludwig-van.com\/montreal\/?post_type=tribe_events&#038;p=50216"},"modified":"2017-12-12T22:12:19","modified_gmt":"2017-12-13T03:12:19","slug":"fondation-arte-musica-lensemble-caprice-loratorio-de-lascension-de-j-s-bach","status":"publish","type":"tribe_events","link":"https:\/\/www.ludwig-van.com\/montreal\/event\/fondation-arte-musica-lensemble-caprice-loratorio-de-lascension-de-j-s-bach\/","title":{"rendered":"Fondation Arte Musica et l&rsquo;Ensemble Caprice | L\u2019Oratorio de l\u2019Ascension de J.S. Bach"},"content":{"rendered":"<p>La Fondation Arte Musica poursuit la pr\u00e9sentation en concert de l\u2019int\u00e9grale des cantates sacr\u00e9es de J. S. Bach.<\/p>\n<p>Suivant le cycle liturgique, chaque concert pr\u00e9sente une cantate du jour pour lequel elle a \u00e9t\u00e9 \u00e9crite.<\/p>\n<p>L\u2019Ensemble Caprice est tr\u00e8s heureux de participer \u00e0 nouveau \u00e0 la pr\u00e9sentation de l\u2019int\u00e9grale des cantates de J.S. Bach. Cette f\u00eate religieuse pleine d\u2019espoir et de vie a inspir\u00e9 \u00e0 J.S. Bach des pages musicales extraordinaires. Himmelsfahrtoratorium c\u00e9l\u00e8bre l\u2019\u00e9l\u00e9vation et la vie \u00e9ternelle!<\/p>\n<div id=\"websection1\" class=\"section_content_additionnel columns small-12 medium-4\">\n<div class=\"columns small-12\">\n<div class=\"title green_title\">ARTISTES<br \/>\n<strong style=\"line-height: inherit;\">Matthias Maute, chef<br \/>\n<\/strong><span style=\"line-height: inherit;\">Solistes de la Bach Society of Minnesota<\/span><\/div>\n<\/div>\n<div class=\"clear clearfix\"><\/div>\n<\/div>\n<div id=\"websection2\" class=\"section_content_additionnel columns small-12 medium-8\">\n<div class=\"columns small-12\">\n<div class=\"title green_title\">PROGRAMME<br \/>\n<strong style=\"line-height: inherit;\">J. S. BACH<br \/>\n<\/strong><span style=\"line-height: inherit;\">Cantates<br \/>\n<\/span><em style=\"line-height: inherit;\">Lobet Gott in seinen Reichen<\/em><span style=\"line-height: inherit;\">, BWV 11<\/span><sup style=\"line-height: inherit;\">+<br \/>\n<\/sup><em style=\"line-height: inherit;\">Wir danken dir, Gott<\/em><span style=\"line-height: inherit;\">, BWV 29<br \/>\n<\/span><em style=\"line-height: inherit;\">Wo gehest du Hin?<\/em><span style=\"line-height: inherit;\">, BWV 166*<\/span><\/div>\n<div class=\"content_wrap\">\n<p>*Cantate du jour selon le calendrier liturgique<br \/>\n<sup>+<\/sup>Choral chant\u00e9 par le public<\/p>\n<\/div>\n<\/div>\n<\/div>\n<p>Des courtes r\u00e9p\u00e9titions ont lieu 45 minutes avant chaque concert pour vous exercer \u00e0 chanter le choral final d\u2019une des cantates qui est repris en ch\u0153ur par le public.<\/p>\n<p>Continuez l\u2019aventure avec nous !<\/p>\n","protected":false},"excerpt":{"rendered":"<p>La Fondation Arte Musica poursuit la pr\u00e9sentation en concert de l\u2019int\u00e9grale des cantates sacr\u00e9es de J. S. Bach. Suivant le cycle liturgique, chaque concert pr\u00e9sente une cantate du jour pour lequel elle a \u00e9t\u00e9 \u00e9crite. L\u2019Ensemble Caprice est tr\u00e8s heureux de participer \u00e0 nouveau \u00e0 la pr\u00e9sentation de l\u2019int\u00e9grale des cantates de J.S. Bach. Cette [&hellip;]<\/p>\n","protected":false},"author":1,"featured_media":47341,"comment_status":"open","ping_status":"closed","template":"","meta":{"om_disable_all_campaigns":false,"jetpack_post_was_ever_published":false},"tags":[],"tribe_events_cat":[5053,5050],"acf":[],"jetpack_sharing_enabled":true,"_links":{"self":[{"href":"https:\/\/www.ludwig-van.com\/montreal\/wp-json\/wp\/v2\/tribe_events\/50216"}],"collection":[{"href":"https:\/\/www.ludwig-van.com\/montreal\/wp-json\/wp\/v2\/tribe_events"}],"about":[{"href":"https:\/\/www.ludwig-van.com\/montreal\/wp-json\/wp\/v2\/types\/tribe_events"}],"author":[{"embeddable":true,"href":"https:\/\/www.ludwig-van.com\/montreal\/wp-json\/wp\/v2\/users\/1"}],"replies":[{"embeddable":true,"href":"https:\/\/www.ludwig-van.com\/montreal\/wp-json\/wp\/v2\/comments?post=50216"}],"version-history":[{"count":1,"href":"https:\/\/www.ludwig-van.com\/montreal\/wp-json\/wp\/v2\/tribe_events\/50216\/revisions"}],"predecessor-version":[{"id":50217,"href":"https:\/\/www.ludwig-van.com\/montreal\/wp-json\/wp\/v2\/tribe_events\/50216\/revisions\/50217"}],"wp:featuredmedia":[{"embeddable":true,"href":"https:\/\/www.ludwig-van.com\/montreal\/wp-json\/wp\/v2\/media\/47341"}],"wp:attachment":[{"href":"https:\/\/www.ludwig-van.com\/montreal\/wp-json\/wp\/v2\/media?parent=50216"}],"wp:term":[{"taxonomy":"post_tag","embeddable":true,"href":"https:\/\/www.ludwig-van.com\/montreal\/wp-json\/wp\/v2\/tags?post=50216"},{"taxonomy":"tribe_events_cat","embeddable":true,"href":"https:\/\/www.ludwig-van.com\/montreal\/wp-json\/wp\/v2\/tribe_events_cat?post=50216"}],"curies":[{"name":"wp","href":"https:\/\/api.w.org\/{rel}","templated":true}]}}

<p>La Fondation Arte Musica poursuit la présentation en concert de l’intégrale des cantates sacrées de J. S. Bach.</p>
<p>Suivant le cycle liturgique, chaque concert présente une cantate du jour pour lequel elle a été écrite.</p>
<p>L’Ensemble Caprice est très heureux de participer à nouveau à la présentation de l’intégrale des cantates de J.S. Bach. Cette fête religieuse pleine d’espoir et de vie a inspiré à J.S. Bach des pages musicales extraordinaires. Himmelsfahrtoratorium célèbre l’élévation et la vie éternelle!</p>
<div id="websection1" class="section_content_additionnel columns small-12 medium-4">
<div class="columns small-12">
<div class="title green_title">ARTISTES<br />
<strong style="line-height: inherit;">Matthias Maute, chef<br />
</strong><span style="line-height: inherit;">Solistes de la Bach Society of Minnesota</span></div>
</div>
<div class="clear clearfix"></div>
</div>
<div id="websection2" class="section_content_additionnel columns small-12 medium-8">
<div class="columns small-12">
<div class="title green_title">PROGRAMME<br />
<strong style="line-height: inherit;">J. S. BACH<br />
</strong><span style="line-height: inherit;">Cantates<br />
</span><em style="line-height: inherit;">Lobet Gott in seinen Reichen</em><span style="line-height: inherit;">, BWV 11</span><sup style="line-height: inherit;">+<br />
</sup><em style="line-height: inherit;">Wir danken dir, Gott</em><span style="line-height: inherit;">, BWV 29<br />
</span><em style="line-height: inherit;">Wo gehest du Hin?</em><span style="line-height: inherit;">, BWV 166*</span></div>
<div class="content_wrap">
<p>*Cantate du jour selon le calendrier liturgique<br />
<sup>+</sup>Choral chanté par le public</p>
</div>
</div>
</div>
<p>Des courtes répétitions ont lieu 45 minutes avant chaque concert pour vous exercer à chanter le choral final d’une des cantates qui est repris en chœur par le public.</p>
<p>Continuez l’aventure avec nous !</p>

<p>La Fondation Arte Musica poursuit la présentation en concert de l’intégrale des cantates sacrées de J. S. Bach. Suivant le cycle liturgique, chaque concert présente une cantate du jour pour lequel elle a été écrite. L’Ensemble Caprice est très heureux de participer à nouveau à la présentation de l’intégrale des cantates de J.S. Bach. Cette [&hellip;]</p>
