{"id":48582,"date":"2017-10-09T21:35:18","date_gmt":"2017-10-10T01:35:18","guid":{"rendered":"https:\/\/www.ludwig-van.com\/montreal\/?post_type=tribe_events&#038;p=48582"},"modified":"2017-10-09T21:35:18","modified_gmt":"2017-10-10T01:35:18","slug":"ecole-de-musique-schulich-schulich-concert-brasserie","status":"publish","type":"tribe_events","link":"https:\/\/www.ludwig-van.com\/montreal\/event\/ecole-de-musique-schulich-schulich-concert-brasserie\/","title":{"rendered":"\u00c9cole de musique Schulich | Schulich en concert: La Brasserie"},"content":{"rendered":"<p>Une c\u00e9l\u00e9bration canadienne<\/p>\n<p>La Brasserie:<br \/>\nJocelyn Couture, Richard Stoelzel, Russ Devuyst, Joe Sullivan, Andy King, trompettes;<br \/>\nJocelyn Veilleux, Guillaume Roy, cors;<br \/>\nDave Martin, Dave Grott, Taylor Donaldson, trombones;<br \/>\nJean-S\u00e9bastien Vachon, tuba;<br \/>\nAdrian Vedady, contrebasse;<br \/>\nDave Laing, percussions<\/p>\n<p>\u0152uvres et arrangements de OSCAR PETERSON, JONI MITCHELL, JOHN BECKWITH, et d&rsquo;autres compositeurs canadiens de musique dans le style populaire, jazz et classique<\/p>\n","protected":false},"excerpt":{"rendered":"<p>Une c\u00e9l\u00e9bration canadienne La Brasserie: Jocelyn Couture, Richard Stoelzel, Russ Devuyst, Joe Sullivan, Andy King, trompettes; Jocelyn Veilleux, Guillaume Roy, cors; Dave Martin, Dave Grott, Taylor Donaldson, trombones; Jean-S\u00e9bastien Vachon, tuba; Adrian Vedady, contrebasse; Dave Laing, percussions \u0152uvres et arrangements de OSCAR PETERSON, JONI MITCHELL, JOHN BECKWITH, et d&rsquo;autres compositeurs canadiens de musique dans le [&hellip;]<\/p>\n","protected":false},"author":1,"featured_media":47550,"comment_status":"open","ping_status":"closed","template":"","meta":{"om_disable_all_campaigns":false,"jetpack_post_was_ever_published":false},"tags":[],"tribe_events_cat":[5327,5501],"acf":[],"jetpack_sharing_enabled":true,"_links":{"self":[{"href":"https:\/\/www.ludwig-van.com\/montreal\/wp-json\/wp\/v2\/tribe_events\/48582"}],"collection":[{"href":"https:\/\/www.ludwig-van.com\/montreal\/wp-json\/wp\/v2\/tribe_events"}],"about":[{"href":"https:\/\/www.ludwig-van.com\/montreal\/wp-json\/wp\/v2\/types\/tribe_events"}],"author":[{"embeddable":true,"href":"https:\/\/www.ludwig-van.com\/montreal\/wp-json\/wp\/v2\/users\/1"}],"replies":[{"embeddable":true,"href":"https:\/\/www.ludwig-van.com\/montreal\/wp-json\/wp\/v2\/comments?post=48582"}],"version-history":[{"count":2,"href":"https:\/\/www.ludwig-van.com\/montreal\/wp-json\/wp\/v2\/tribe_events\/48582\/revisions"}],"predecessor-version":[{"id":48584,"href":"https:\/\/www.ludwig-van.com\/montreal\/wp-json\/wp\/v2\/tribe_events\/48582\/revisions\/48584"}],"wp:featuredmedia":[{"embeddable":true,"href":"https:\/\/www.ludwig-van.com\/montreal\/wp-json\/wp\/v2\/media\/47550"}],"wp:attachment":[{"href":"https:\/\/www.ludwig-van.com\/montreal\/wp-json\/wp\/v2\/media?parent=48582"}],"wp:term":[{"taxonomy":"post_tag","embeddable":true,"href":"https:\/\/www.ludwig-van.com\/montreal\/wp-json\/wp\/v2\/tags?post=48582"},{"taxonomy":"tribe_events_cat","embeddable":true,"href":"https:\/\/www.ludwig-van.com\/montreal\/wp-json\/wp\/v2\/tribe_events_cat?post=48582"}],"curies":[{"name":"wp","href":"https:\/\/api.w.org\/{rel}","templated":true}]}}

École de musique Schulich | Schulich en concert: La Brasserie

<p>Une célébration canadienne</p>
<p>La Brasserie:<br />
Jocelyn Couture, Richard Stoelzel, Russ Devuyst, Joe Sullivan, Andy King, trompettes;<br />
Jocelyn Veilleux, Guillaume Roy, cors;<br />
Dave Martin, Dave Grott, Taylor Donaldson, trombones;<br />
Jean-Sébastien Vachon, tuba;<br />
Adrian Vedady, contrebasse;<br />
Dave Laing, percussions</p>
<p>Œuvres et arrangements de OSCAR PETERSON, JONI MITCHELL, JOHN BECKWITH, et d&rsquo;autres compositeurs canadiens de musique dans le style populaire, jazz et classique</p>

<p>Une célébration canadienne La Brasserie: Jocelyn Couture, Richard Stoelzel, Russ Devuyst, Joe Sullivan, Andy King, trompettes; Jocelyn Veilleux, Guillaume Roy, cors; Dave Martin, Dave Grott, Taylor Donaldson, trombones; Jean-Sébastien Vachon, tuba; Adrian Vedady, contrebasse; Dave Laing, percussions Œuvres et arrangements de OSCAR PETERSON, JONI MITCHELL, JOHN BECKWITH, et d&rsquo;autres compositeurs canadiens de musique dans le [&hellip;]</p>
