{"id":48543,"date":"2017-10-05T20:18:01","date_gmt":"2017-10-06T00:18:01","guid":{"rendered":"https:\/\/www.ludwig-van.com\/montreal\/?post_type=tribe_events&#038;p=48543"},"modified":"2017-10-05T20:18:01","modified_gmt":"2017-10-06T00:18:01","slug":"festival-bach-montreal-prelude-thomaner-heritiers-grand-bach","status":"publish","type":"tribe_events","link":"https:\/\/www.ludwig-van.com\/montreal\/event\/festival-bach-montreal-prelude-thomaner-heritiers-grand-bach\/","title":{"rendered":"Festival Bach Montr\u00e9al | Pr\u00e9lude: Les Thomaner: h\u00e9ritiers du grand Bach"},"content":{"rendered":"<p>Plusieurs m\u00e9lomanes se souviendront du concert \u00e9lectrisant donn\u00e9 en 2013 par le Thomanerchor de Leipzig. Cette ann\u00e9e vous avez la chance d\u2019entendre de nouveau le fameux choeur de St-Thomas dans un programme captivant qui comprend non seulement des oeuvres sacr\u00e9es majeures de Bach et de Mendelssohn mais aussi des musiques exquises peut-\u00eatre moins connues de Heinrich Sch\u00fctz et Johann Hermann Schein. Une c\u00e9l\u00e9bration des 500 ans de la R\u00e9forme!<\/p>\n<p><strong>Ch\u0153ur de l\u2019\u00c9glise St. Thomas de Leipzig<\/strong><br \/>\n<strong>Gotthold Schwarz<\/strong>, Thomaskantor<br \/>\n<strong>Hartmut Becker<\/strong>, Violoncelle<br \/>\n<strong>Stefan Altner<\/strong>, Orgue<\/p>\n<p><strong>Heinrich Sch\u00fctz (1585-1672)<\/strong><br \/>\n<em>\u00a0\u2022 \u00a0Jauchzet dem Herren alle Welt<\/em>, <em>Psaume de David<\/em> n\u00b0 100, pour deux ch\u0153urs \u00e0 quatre voix, SWV 36<br \/>\n<em>\u00a0\u2022 \u00a0Also hat Gott die Welt geliebt<\/em>, Aria \u00e0\u00a0cinq voix, SWV 380<br \/>\n<em>\u2022 \u00a0\u00a0Verleih uns Freiden<\/em>, Motet pour ch\u0153ur \u00e0 cinq voix, SWV 372<br \/>\n<em>\u00a0\u2022 \u00a0Gib unsern F\u00fcrsten<\/em>, Motet pour ch\u0153ur \u00e0 cinq voix, SWV 373<\/p>\n<p><strong>Johann Hermann Schein (1586-1630)<\/strong><br \/>\n<em>\u00a0\u2022 \u00a0Herr Gott, du unser Zuflucht bist<\/em>, pour ch\u0153ur \u00e0 quatre voix<br \/>\n<em>\u2022 \u00a0\u00a0Nun danket alle Gott<\/em>, extrait des Fontaines d&rsquo;Isra\u00ebl, Motet pour ch\u0153ur \u00e0 six voix<\/p>\n<p><strong>Johann Sebastian Bach (1685-1750)<\/strong><br \/>\n<em>\u00a0\u2022 \u00a0Der Geist hilft unser Schwachheit auf<\/em>, Motet pour deux ch\u0153urs \u00e0 quatre voix, BWV 226<br \/>\n<em>\u00a0\u2022 \u00a0<\/em><em>Komm, Jesu, komm<\/em>, Motet pour deux ch\u0153urs \u00e0 quatre voix, BWV 229<br \/>\n<em>\u00a0\u2022 \u00a0<\/em><em>F\u00fcrchte dich nicht<\/em>, Motet pour deux ch\u0153urs \u00e0 quatre voix, BWV 228<\/p>\n<p><strong>Felix Mendelssohn Bartholdy (1809-1847)<\/strong><br \/>\n<em>\u00a0\u2022 \u00a0Richte mich Gott<\/em>, Psaume n\u00b0 43, op. 78, n\u00b0 2, Motet pour ch\u0153ur \u00e0 huit voix, MWV B 46<br \/>\n<em>\u2022 \u00a0\u00a0Kyrie eleison<\/em>, extrait de Die deutsche Liturgie, Motet pour deux ch\u0153urs \u00e0 quatre voix, MWV B 57<br \/>\n\u2022 \u00a0<em>Ehre sei Gott in der H\u00f6he<\/em>, extrait de Die deutsche Liturgie, pour voix seules et deux ch\u0153urs \u00e0 quatre voix, MWV B 57<\/p>\n","protected":false},"excerpt":{"rendered":"<p>Plusieurs m\u00e9lomanes se souviendront du concert \u00e9lectrisant donn\u00e9 en 2013 par le Thomanerchor de Leipzig. Cette ann\u00e9e vous avez la chance d\u2019entendre de nouveau le fameux choeur de St-Thomas dans un programme captivant qui comprend non seulement des oeuvres sacr\u00e9es majeures de Bach et de Mendelssohn mais aussi des musiques exquises peut-\u00eatre moins connues de [&hellip;]<\/p>\n","protected":false},"author":1,"featured_media":48544,"comment_status":"open","ping_status":"closed","template":"","meta":{"om_disable_all_campaigns":false,"jetpack_post_was_ever_published":false},"tags":[],"tribe_events_cat":[6109,5562,5050],"acf":[],"jetpack_sharing_enabled":true,"_links":{"self":[{"href":"https:\/\/www.ludwig-van.com\/montreal\/wp-json\/wp\/v2\/tribe_events\/48543"}],"collection":[{"href":"https:\/\/www.ludwig-van.com\/montreal\/wp-json\/wp\/v2\/tribe_events"}],"about":[{"href":"https:\/\/www.ludwig-van.com\/montreal\/wp-json\/wp\/v2\/types\/tribe_events"}],"author":[{"embeddable":true,"href":"https:\/\/www.ludwig-van.com\/montreal\/wp-json\/wp\/v2\/users\/1"}],"replies":[{"embeddable":true,"href":"https:\/\/www.ludwig-van.com\/montreal\/wp-json\/wp\/v2\/comments?post=48543"}],"version-history":[{"count":1,"href":"https:\/\/www.ludwig-van.com\/montreal\/wp-json\/wp\/v2\/tribe_events\/48543\/revisions"}],"predecessor-version":[{"id":48545,"href":"https:\/\/www.ludwig-van.com\/montreal\/wp-json\/wp\/v2\/tribe_events\/48543\/revisions\/48545"}],"wp:featuredmedia":[{"embeddable":true,"href":"https:\/\/www.ludwig-van.com\/montreal\/wp-json\/wp\/v2\/media\/48544"}],"wp:attachment":[{"href":"https:\/\/www.ludwig-van.com\/montreal\/wp-json\/wp\/v2\/media?parent=48543"}],"wp:term":[{"taxonomy":"post_tag","embeddable":true,"href":"https:\/\/www.ludwig-van.com\/montreal\/wp-json\/wp\/v2\/tags?post=48543"},{"taxonomy":"tribe_events_cat","embeddable":true,"href":"https:\/\/www.ludwig-van.com\/montreal\/wp-json\/wp\/v2\/tribe_events_cat?post=48543"}],"curies":[{"name":"wp","href":"https:\/\/api.w.org\/{rel}","templated":true}]}}

Festival Bach Montréal | Prélude: Les Thomaner: héritiers du grand Bach

<p>Plusieurs mélomanes se souviendront du concert électrisant donné en 2013 par le Thomanerchor de Leipzig. Cette année vous avez la chance d’entendre de nouveau le fameux choeur de St-Thomas dans un programme captivant qui comprend non seulement des oeuvres sacrées majeures de Bach et de Mendelssohn mais aussi des musiques exquises peut-être moins connues de Heinrich Schütz et Johann Hermann Schein. Une célébration des 500 ans de la Réforme!</p>
<p><strong>Chœur de l’Église St. Thomas de Leipzig</strong><br />
<strong>Gotthold Schwarz</strong>, Thomaskantor<br />
<strong>Hartmut Becker</strong>, Violoncelle<br />
<strong>Stefan Altner</strong>, Orgue</p>
<p><strong>Heinrich Schütz (1585-1672)</strong><br />
<em> •  Jauchzet dem Herren alle Welt</em>, <em>Psaume de David</em> n° 100, pour deux chœurs à quatre voix, SWV 36<br />
<em> •  Also hat Gott die Welt geliebt</em>, Aria à cinq voix, SWV 380<br />
<em>•   Verleih uns Freiden</em>, Motet pour chœur à cinq voix, SWV 372<br />
<em> •  Gib unsern Fürsten</em>, Motet pour chœur à cinq voix, SWV 373</p>
<p><strong>Johann Hermann Schein (1586-1630)</strong><br />
<em> •  Herr Gott, du unser Zuflucht bist</em>, pour chœur à quatre voix<br />
<em>•   Nun danket alle Gott</em>, extrait des Fontaines d&rsquo;Israël, Motet pour chœur à six voix</p>
<p><strong>Johann Sebastian Bach (1685-1750)</strong><br />
<em> •  Der Geist hilft unser Schwachheit auf</em>, Motet pour deux chœurs à quatre voix, BWV 226<br />
<em> •  </em><em>Komm, Jesu, komm</em>, Motet pour deux chœurs à quatre voix, BWV 229<br />
<em> •  </em><em>Fürchte dich nicht</em>, Motet pour deux chœurs à quatre voix, BWV 228</p>
<p><strong>Felix Mendelssohn Bartholdy (1809-1847)</strong><br />
<em> •  Richte mich Gott</em>, Psaume n° 43, op. 78, n° 2, Motet pour chœur à huit voix, MWV B 46<br />
<em>•   Kyrie eleison</em>, extrait de Die deutsche Liturgie, Motet pour deux chœurs à quatre voix, MWV B 57<br />
•  <em>Ehre sei Gott in der Höhe</em>, extrait de Die deutsche Liturgie, pour voix seules et deux chœurs à quatre voix, MWV B 57</p>

<p>Plusieurs mélomanes se souviendront du concert électrisant donné en 2013 par le Thomanerchor de Leipzig. Cette année vous avez la chance d’entendre de nouveau le fameux choeur de St-Thomas dans un programme captivant qui comprend non seulement des oeuvres sacrées majeures de Bach et de Mendelssohn mais aussi des musiques exquises peut-être moins connues de [&hellip;]</p>
