{"id":48515,"date":"2017-09-17T21:12:55","date_gmt":"2017-09-18T01:12:55","guid":{"rendered":"https:\/\/www.ludwig-van.com\/montreal\/?post_type=tribe_events&#038;eventDate=2017-10-15#038;p=47435"},"modified":"2017-10-12T13:46:24","modified_gmt":"2017-10-12T17:46:24","slug":"moments-musicaux-autour-livre-dorgue-de-montreal2017-10-15","status":"publish","type":"tribe_events","link":"https:\/\/www.ludwig-van.com\/montreal\/event\/moments-musicaux-autour-livre-dorgue-de-montreal2017-10-15\/","title":{"rendered":"Moments Musicaux | Autour du Livre d\u2019orgue de Montr\u00e9al"},"content":{"rendered":"<p>Pour l\u2019automne 2017, moments musicaux propose une s\u00e9rie de trois concerts autour du livre d\u2019orgue de Montr\u00e9al.<\/p>\n<p>Chacun des trois concerts, comment\u00e9s par la musicologue \u00c9lisabeth Gallat-Morin,\u00a0sera truff\u00e9 de commentaires historiques retra\u00e7ant le parcours de cet imposant manuscrit, apport\u00e9 en Nouvelle-France par le Sulpicien Jean Girard, et retrouv\u00e9 \u00e0 Montr\u00e9al en 1978 par madame Gallat-Morin. Par ses pr\u00e9sentations, \u00c9lisabeth Gallat-Morin\u00a0fera voyager les auditeurs dans la France du d\u00e9but du 18e si\u00e8cle et dans la Nouvelle-France, plus particuli\u00e8rement \u00e0 Montr\u00e9al alors que Jean-Girard y d\u00e9butait sa vie professionnelle.<\/p>\n<p>Les auditeurs auront l\u2019occasion d\u2019y entendre de larges extraits du\u00a0<em>Livre d\u2019orgue de Montr\u00e9al<\/em>\u00a0dans lesquels certaines pi\u00e8ces alterneront avec des versets de plain-chant. Aussi, des\u00a0<em>Motets pour les principales festes de l\u2019ann\u00e9e<\/em>\u00a0de Nicolas Leb\u00e8gue seront pr\u00e9sent\u00e9s ainsi que des extraits du Premier livre d\u2019orgue de Guillaume-Gabriel Nivers, ces deux livres ayant appartenu \u00e0 Jean Girard.<\/p>\n<p>Voil\u00e0 une occasion originale de d\u00e9couvrir la vie musicale du Montr\u00e9al d\u2019il y a pr\u00e8s trois cents ans.<\/p>\n<p><strong>Les dimanches 24 septembre, 1er octobre et 15 octobre 2017 \u00e0 15h.<\/strong><\/p>\n<p><strong>24 septembre : Yves G. Pr\u00e9fontaine \u2013 orgue<\/strong><\/p>\n<p><strong>1er octobre : Jean-Fran\u00e7ois Gauthier \u2013 orgue \/Marie Magistry \u2013 voix \/ Johanne Gauthier \u2013 viole de gambe<\/strong><\/p>\n<p><strong>15 octobre : Marc-Andr\u00e9 Doran \u2013 orgue \/ Jean-Pierre Couturier \u2013 voix<\/strong><\/p>\n<p>\u00c9lisabeth Gallat-Morin \u2013 Conf\u00e9renci\u00e8re lors des trois concerts<\/p>\n<p>Tarif sp\u00e9cial pour la trilogie du Livre d\u2019orgue de Montr\u00e9al 60$<\/p>\n","protected":false},"excerpt":{"rendered":"<p>Pour l\u2019automne 2017, moments musicaux propose une s\u00e9rie de trois concerts autour du livre d\u2019orgue de Montr\u00e9al. Chacun des trois concerts, comment\u00e9s par la musicologue \u00c9lisabeth Gallat-Morin,\u00a0sera truff\u00e9 de commentaires historiques retra\u00e7ant le parcours de cet imposant manuscrit, apport\u00e9 en Nouvelle-France par le Sulpicien Jean Girard, et retrouv\u00e9 \u00e0 Montr\u00e9al en 1978 par madame Gallat-Morin. [&hellip;]<\/p>\n","protected":false},"author":1,"featured_media":47436,"comment_status":"open","ping_status":"closed","template":"","meta":{"om_disable_all_campaigns":false,"jetpack_post_was_ever_published":false},"tags":[],"tribe_events_cat":[5562,5050],"acf":[],"jetpack_sharing_enabled":true,"_links":{"self":[{"href":"https:\/\/www.ludwig-van.com\/montreal\/wp-json\/wp\/v2\/tribe_events\/48515"}],"collection":[{"href":"https:\/\/www.ludwig-van.com\/montreal\/wp-json\/wp\/v2\/tribe_events"}],"about":[{"href":"https:\/\/www.ludwig-van.com\/montreal\/wp-json\/wp\/v2\/types\/tribe_events"}],"author":[{"embeddable":true,"href":"https:\/\/www.ludwig-van.com\/montreal\/wp-json\/wp\/v2\/users\/1"}],"replies":[{"embeddable":true,"href":"https:\/\/www.ludwig-van.com\/montreal\/wp-json\/wp\/v2\/comments?post=48515"}],"version-history":[{"count":1,"href":"https:\/\/www.ludwig-van.com\/montreal\/wp-json\/wp\/v2\/tribe_events\/48515\/revisions"}],"predecessor-version":[{"id":48668,"href":"https:\/\/www.ludwig-van.com\/montreal\/wp-json\/wp\/v2\/tribe_events\/48515\/revisions\/48668"}],"wp:featuredmedia":[{"embeddable":true,"href":"https:\/\/www.ludwig-van.com\/montreal\/wp-json\/wp\/v2\/media\/47436"}],"wp:attachment":[{"href":"https:\/\/www.ludwig-van.com\/montreal\/wp-json\/wp\/v2\/media?parent=48515"}],"wp:term":[{"taxonomy":"post_tag","embeddable":true,"href":"https:\/\/www.ludwig-van.com\/montreal\/wp-json\/wp\/v2\/tags?post=48515"},{"taxonomy":"tribe_events_cat","embeddable":true,"href":"https:\/\/www.ludwig-van.com\/montreal\/wp-json\/wp\/v2\/tribe_events_cat?post=48515"}],"curies":[{"name":"wp","href":"https:\/\/api.w.org\/{rel}","templated":true}]}}

Moments Musicaux | Autour du Livre d’orgue de Montréal

<p>Pour l’automne 2017, moments musicaux propose une série de trois concerts autour du livre d’orgue de Montréal.</p>
<p>Chacun des trois concerts, commentés par la musicologue Élisabeth Gallat-Morin, sera truffé de commentaires historiques retraçant le parcours de cet imposant manuscrit, apporté en Nouvelle-France par le Sulpicien Jean Girard, et retrouvé à Montréal en 1978 par madame Gallat-Morin. Par ses présentations, Élisabeth Gallat-Morin fera voyager les auditeurs dans la France du début du 18e siècle et dans la Nouvelle-France, plus particulièrement à Montréal alors que Jean-Girard y débutait sa vie professionnelle.</p>
<p>Les auditeurs auront l’occasion d’y entendre de larges extraits du <em>Livre d’orgue de Montréal</em> dans lesquels certaines pièces alterneront avec des versets de plain-chant. Aussi, des <em>Motets pour les principales festes de l’année</em> de Nicolas Lebègue seront présentés ainsi que des extraits du Premier livre d’orgue de Guillaume-Gabriel Nivers, ces deux livres ayant appartenu à Jean Girard.</p>
<p>Voilà une occasion originale de découvrir la vie musicale du Montréal d’il y a près trois cents ans.</p>
<p><strong>Les dimanches 24 septembre, 1er octobre et 15 octobre 2017 à 15h.</strong></p>
<p><strong>24 septembre : Yves G. Préfontaine – orgue</strong></p>
<p><strong>1er octobre : Jean-François Gauthier – orgue /Marie Magistry – voix / Johanne Gauthier – viole de gambe</strong></p>
<p><strong>15 octobre : Marc-André Doran – orgue / Jean-Pierre Couturier – voix</strong></p>
<p>Élisabeth Gallat-Morin – Conférencière lors des trois concerts</p>
<p>Tarif spécial pour la trilogie du Livre d’orgue de Montréal 60$</p>

<p>Pour l’automne 2017, moments musicaux propose une série de trois concerts autour du livre d’orgue de Montréal. Chacun des trois concerts, commentés par la musicologue Élisabeth Gallat-Morin, sera truffé de commentaires historiques retraçant le parcours de cet imposant manuscrit, apporté en Nouvelle-France par le Sulpicien Jean Girard, et retrouvé à Montréal en 1978 par madame Gallat-Morin. [&hellip;]</p>
