{"id":48056,"date":"2017-09-26T20:24:49","date_gmt":"2017-09-27T00:24:49","guid":{"rendered":"https:\/\/www.ludwig-van.com\/montreal\/?post_type=tribe_events&#038;p=48056"},"modified":"2017-09-26T20:24:49","modified_gmt":"2017-09-27T00:24:49","slug":"cioc-epreuve-finale","status":"publish","type":"tribe_events","link":"https:\/\/www.ludwig-van.com\/montreal\/event\/cioc-epreuve-finale\/","title":{"rendered":"CIOC | \u00c9preuve finale"},"content":{"rendered":"<p>Ceci est la derni\u00e8re \u00e9preuve \u00e9liminatoire du Concours international d&rsquo;orgue du Canada. Un jury international s\u00e9lectionnera le laur\u00e9at du Concours 2017 parmi les 5 finalistes. D&rsquo;autres prix inclueront le Prix du Public Richard Bradshaw.<\/p>\n<p><strong>Entr\u00e9e libre (contribution volontaire sugg\u00e9r\u00e9e de 15$)<\/strong><\/p>\n<p>Membres du jury international:<br \/>\nJohn Grew, Canada<br \/>\nDavid Briggs, Royaume-Uni<br \/>\nBine Bryndorf, Danemark<br \/>\nNeil Cockburn, Canada<br \/>\nLynne Davis, \u00c9tats-Unis<br \/>\nJean-Baptiste Robin, France<br \/>\nSilvius von Kessel, Allemagne<br \/>\nR\u00e9jean Poirier, Canada<br \/>\nCarole Terry, USA<\/p>\n","protected":false},"excerpt":{"rendered":"<p>Ceci est la derni\u00e8re \u00e9preuve \u00e9liminatoire du Concours international d&rsquo;orgue du Canada. Un jury international s\u00e9lectionnera le laur\u00e9at du Concours 2017 parmi les 5 finalistes. D&rsquo;autres prix inclueront le Prix du Public Richard Bradshaw. Entr\u00e9e libre (contribution volontaire sugg\u00e9r\u00e9e de 15$) Membres du jury international: John Grew, Canada David Briggs, Royaume-Uni Bine Bryndorf, Danemark Neil [&hellip;]<\/p>\n","protected":false},"author":1,"featured_media":48009,"comment_status":"open","ping_status":"closed","template":"","meta":{"om_disable_all_campaigns":false,"jetpack_post_was_ever_published":false},"tags":[],"tribe_events_cat":[5771,5562],"acf":[],"jetpack_sharing_enabled":true,"_links":{"self":[{"href":"https:\/\/www.ludwig-van.com\/montreal\/wp-json\/wp\/v2\/tribe_events\/48056"}],"collection":[{"href":"https:\/\/www.ludwig-van.com\/montreal\/wp-json\/wp\/v2\/tribe_events"}],"about":[{"href":"https:\/\/www.ludwig-van.com\/montreal\/wp-json\/wp\/v2\/types\/tribe_events"}],"author":[{"embeddable":true,"href":"https:\/\/www.ludwig-van.com\/montreal\/wp-json\/wp\/v2\/users\/1"}],"replies":[{"embeddable":true,"href":"https:\/\/www.ludwig-van.com\/montreal\/wp-json\/wp\/v2\/comments?post=48056"}],"version-history":[{"count":1,"href":"https:\/\/www.ludwig-van.com\/montreal\/wp-json\/wp\/v2\/tribe_events\/48056\/revisions"}],"predecessor-version":[{"id":48057,"href":"https:\/\/www.ludwig-van.com\/montreal\/wp-json\/wp\/v2\/tribe_events\/48056\/revisions\/48057"}],"wp:featuredmedia":[{"embeddable":true,"href":"https:\/\/www.ludwig-van.com\/montreal\/wp-json\/wp\/v2\/media\/48009"}],"wp:attachment":[{"href":"https:\/\/www.ludwig-van.com\/montreal\/wp-json\/wp\/v2\/media?parent=48056"}],"wp:term":[{"taxonomy":"post_tag","embeddable":true,"href":"https:\/\/www.ludwig-van.com\/montreal\/wp-json\/wp\/v2\/tags?post=48056"},{"taxonomy":"tribe_events_cat","embeddable":true,"href":"https:\/\/www.ludwig-van.com\/montreal\/wp-json\/wp\/v2\/tribe_events_cat?post=48056"}],"curies":[{"name":"wp","href":"https:\/\/api.w.org\/{rel}","templated":true}]}}

CIOC | Épreuve finale

<p>Ceci est la dernière épreuve éliminatoire du Concours international d&rsquo;orgue du Canada. Un jury international sélectionnera le lauréat du Concours 2017 parmi les 5 finalistes. D&rsquo;autres prix inclueront le Prix du Public Richard Bradshaw.</p>
<p><strong>Entrée libre (contribution volontaire suggérée de 15$)</strong></p>
<p>Membres du jury international:<br />
John Grew, Canada<br />
David Briggs, Royaume-Uni<br />
Bine Bryndorf, Danemark<br />
Neil Cockburn, Canada<br />
Lynne Davis, États-Unis<br />
Jean-Baptiste Robin, France<br />
Silvius von Kessel, Allemagne<br />
Réjean Poirier, Canada<br />
Carole Terry, USA</p>

<p>Ceci est la dernière épreuve éliminatoire du Concours international d&rsquo;orgue du Canada. Un jury international sélectionnera le lauréat du Concours 2017 parmi les 5 finalistes. D&rsquo;autres prix inclueront le Prix du Public Richard Bradshaw. Entrée libre (contribution volontaire suggérée de 15$) Membres du jury international: John Grew, Canada David Briggs, Royaume-Uni Bine Bryndorf, Danemark Neil [&hellip;]</p>
