{"id":47760,"date":"2017-09-19T21:40:38","date_gmt":"2017-09-20T01:40:38","guid":{"rendered":"https:\/\/www.ludwig-van.com\/montreal\/?post_type=tribe_events&#038;p=47760"},"modified":"2017-09-19T21:40:38","modified_gmt":"2017-09-20T01:40:38","slug":"ecole-de-musique-schulich-schulich-concert-piano-cordes","status":"publish","type":"tribe_events","link":"https:\/\/www.ludwig-van.com\/montreal\/event\/ecole-de-musique-schulich-schulich-concert-piano-cordes\/","title":{"rendered":"\u00c9cole de musique Schulich | Schulich en concert: Piano et cordes"},"content":{"rendered":"<p>Andrew Wan, violon;<br \/>\nVictor Fournelle-Blain, alto;<br \/>\nBrian Manker, violoncelle;<br \/>\nKyoko Hashimoto, piano<\/p>\n<p>Josef Suk &#8211; Quatuor avec piano, opus 1 en la mineur<br \/>\nLeo\u0161 Jan\u00e1\u010dek &#8211; Poh\u00e1dka pour violoncelle et piano<br \/>\nAnton\u00edn Dvo\u0159\u00e1k &#8211; Quatuor avec piano, opus 87 en mi b\u00e9mol majeur<\/p>\n","protected":false},"excerpt":{"rendered":"<p>Andrew Wan, violon; Victor Fournelle-Blain, alto; Brian Manker, violoncelle; Kyoko Hashimoto, piano Josef Suk &#8211; Quatuor avec piano, opus 1 en la mineur Leo\u0161 Jan\u00e1\u010dek &#8211; Poh\u00e1dka pour violoncelle et piano Anton\u00edn Dvo\u0159\u00e1k &#8211; Quatuor avec piano, opus 87 en mi b\u00e9mol majeur<\/p>\n","protected":false},"author":1,"featured_media":46884,"comment_status":"open","ping_status":"closed","template":"","meta":{"om_disable_all_campaigns":false,"jetpack_post_was_ever_published":false},"tags":[],"tribe_events_cat":[6109,5024,5124,6476],"acf":[],"jetpack_sharing_enabled":true,"_links":{"self":[{"href":"https:\/\/www.ludwig-van.com\/montreal\/wp-json\/wp\/v2\/tribe_events\/47760"}],"collection":[{"href":"https:\/\/www.ludwig-van.com\/montreal\/wp-json\/wp\/v2\/tribe_events"}],"about":[{"href":"https:\/\/www.ludwig-van.com\/montreal\/wp-json\/wp\/v2\/types\/tribe_events"}],"author":[{"embeddable":true,"href":"https:\/\/www.ludwig-van.com\/montreal\/wp-json\/wp\/v2\/users\/1"}],"replies":[{"embeddable":true,"href":"https:\/\/www.ludwig-van.com\/montreal\/wp-json\/wp\/v2\/comments?post=47760"}],"version-history":[{"count":1,"href":"https:\/\/www.ludwig-van.com\/montreal\/wp-json\/wp\/v2\/tribe_events\/47760\/revisions"}],"predecessor-version":[{"id":47761,"href":"https:\/\/www.ludwig-van.com\/montreal\/wp-json\/wp\/v2\/tribe_events\/47760\/revisions\/47761"}],"wp:featuredmedia":[{"embeddable":true,"href":"https:\/\/www.ludwig-van.com\/montreal\/wp-json\/wp\/v2\/media\/46884"}],"wp:attachment":[{"href":"https:\/\/www.ludwig-van.com\/montreal\/wp-json\/wp\/v2\/media?parent=47760"}],"wp:term":[{"taxonomy":"post_tag","embeddable":true,"href":"https:\/\/www.ludwig-van.com\/montreal\/wp-json\/wp\/v2\/tags?post=47760"},{"taxonomy":"tribe_events_cat","embeddable":true,"href":"https:\/\/www.ludwig-van.com\/montreal\/wp-json\/wp\/v2\/tribe_events_cat?post=47760"}],"curies":[{"name":"wp","href":"https:\/\/api.w.org\/{rel}","templated":true}]}}

École de musique Schulich | Schulich en concert: Piano et cordes

<p>Andrew Wan, violon;<br />
Victor Fournelle-Blain, alto;<br />
Brian Manker, violoncelle;<br />
Kyoko Hashimoto, piano</p>
<p>Josef Suk &#8211; Quatuor avec piano, opus 1 en la mineur<br />
Leoš Janáček &#8211; Pohádka pour violoncelle et piano<br />
Antonín Dvořák &#8211; Quatuor avec piano, opus 87 en mi bémol majeur</p>

<p>Andrew Wan, violon; Victor Fournelle-Blain, alto; Brian Manker, violoncelle; Kyoko Hashimoto, piano Josef Suk &#8211; Quatuor avec piano, opus 1 en la mineur Leoš Janáček &#8211; Pohádka pour violoncelle et piano Antonín Dvořák &#8211; Quatuor avec piano, opus 87 en mi bémol majeur</p>
