{"id":47738,"date":"2017-09-19T18:29:14","date_gmt":"2017-09-19T22:29:14","guid":{"rendered":"https:\/\/www.ludwig-van.com\/montreal\/?post_type=tribe_events&#038;p=47738"},"modified":"2017-09-19T18:29:14","modified_gmt":"2017-09-19T22:29:14","slug":"fondation-arte-musica-ilya-poletaev-clavecin-piano","status":"publish","type":"tribe_events","link":"https:\/\/www.ludwig-van.com\/montreal\/event\/fondation-arte-musica-ilya-poletaev-clavecin-piano\/","title":{"rendered":"Fondation Arte Musica | Ilya Poletaev &#8211; clavecin et piano"},"content":{"rendered":"<p>Cette exploration novatrice du r\u00e9cit musical et de l\u2019improvisation associe des \u0153uvres pour clavier du XVIIe si\u00e8cle et des \u0153uvres repr\u00e9sentatives des \u00e9poques romantique. Ce concert mettra en vedette le piano historique \u00c9rard de 1859 de la salle Bourgie et d\u2019autres magnifiques instruments de sa collection \u00e0 clavier.<\/p>\n<p>Dans le cadre de la s\u00e9rie Jacques-Dansereau<\/p>\n<p><strong>ARTISTE<br \/>\n<\/strong><strong>Ilya Poletaev<\/strong>, piano<\/p>\n<p><strong>PROGRAMME<\/strong><\/p>\n<p><strong>Frescobaldi,\u00a0<\/strong>Toccata I<\/p>\n<p><strong>Froberger,\u00a0<\/strong><em>Tombeau fait \u00e0 Paris sur la mort de Monsieur Blancheroche<\/em><\/p>\n<p><strong>Couperin,\u00a0<\/strong><em>Tombeau de Mr. Blancrocher<\/em><\/p>\n<p><strong>Johann Kuhnau,\u00a0<\/strong>Sonate biblique\u00a0<em>La Tomba di Giacob<\/em><\/p>\n<p><strong>Chopin<\/strong><strong><br \/>\n<\/strong>Polonaise en\u00a0<em>la\u00a0<\/em>b\u00e9mol majeur, \u00ab Polonaise-fantaisie \u00bb, op. 61<br \/>\nBallade no 4 en\u00a0<em>fa\u00a0<\/em>mineur, op. 52<\/p>\n<p><strong>Liszt,\u00a0<\/strong>Sonate en\u00a0<em>si\u00a0<\/em>mineur, S. 178<\/p>\n","protected":false},"excerpt":{"rendered":"<p>Cette exploration novatrice du r\u00e9cit musical et de l\u2019improvisation associe des \u0153uvres pour clavier du XVIIe si\u00e8cle et des \u0153uvres repr\u00e9sentatives des \u00e9poques romantique. Ce concert mettra en vedette le piano historique \u00c9rard de 1859 de la salle Bourgie et d\u2019autres magnifiques instruments de sa collection \u00e0 clavier. Dans le cadre de la s\u00e9rie Jacques-Dansereau [&hellip;]<\/p>\n","protected":false},"author":1,"featured_media":47739,"comment_status":"open","ping_status":"closed","template":"","meta":{"om_disable_all_campaigns":false,"jetpack_post_was_ever_published":false},"tags":[],"tribe_events_cat":[5024],"acf":[],"jetpack_sharing_enabled":true,"_links":{"self":[{"href":"https:\/\/www.ludwig-van.com\/montreal\/wp-json\/wp\/v2\/tribe_events\/47738"}],"collection":[{"href":"https:\/\/www.ludwig-van.com\/montreal\/wp-json\/wp\/v2\/tribe_events"}],"about":[{"href":"https:\/\/www.ludwig-van.com\/montreal\/wp-json\/wp\/v2\/types\/tribe_events"}],"author":[{"embeddable":true,"href":"https:\/\/www.ludwig-van.com\/montreal\/wp-json\/wp\/v2\/users\/1"}],"replies":[{"embeddable":true,"href":"https:\/\/www.ludwig-van.com\/montreal\/wp-json\/wp\/v2\/comments?post=47738"}],"version-history":[{"count":1,"href":"https:\/\/www.ludwig-van.com\/montreal\/wp-json\/wp\/v2\/tribe_events\/47738\/revisions"}],"predecessor-version":[{"id":47740,"href":"https:\/\/www.ludwig-van.com\/montreal\/wp-json\/wp\/v2\/tribe_events\/47738\/revisions\/47740"}],"wp:featuredmedia":[{"embeddable":true,"href":"https:\/\/www.ludwig-van.com\/montreal\/wp-json\/wp\/v2\/media\/47739"}],"wp:attachment":[{"href":"https:\/\/www.ludwig-van.com\/montreal\/wp-json\/wp\/v2\/media?parent=47738"}],"wp:term":[{"taxonomy":"post_tag","embeddable":true,"href":"https:\/\/www.ludwig-van.com\/montreal\/wp-json\/wp\/v2\/tags?post=47738"},{"taxonomy":"tribe_events_cat","embeddable":true,"href":"https:\/\/www.ludwig-van.com\/montreal\/wp-json\/wp\/v2\/tribe_events_cat?post=47738"}],"curies":[{"name":"wp","href":"https:\/\/api.w.org\/{rel}","templated":true}]}}

<p>Cette exploration novatrice du récit musical et de l’improvisation associe des œuvres pour clavier du XVIIe siècle et des œuvres représentatives des époques romantique. Ce concert mettra en vedette le piano historique Érard de 1859 de la salle Bourgie et d’autres magnifiques instruments de sa collection à clavier.</p>
<p>Dans le cadre de la série Jacques-Dansereau</p>
<p><strong>ARTISTE<br />
</strong><strong>Ilya Poletaev</strong>, piano</p>
<p><strong>PROGRAMME</strong></p>
<p><strong>Frescobaldi, </strong>Toccata I</p>
<p><strong>Froberger, </strong><em>Tombeau fait à Paris sur la mort de Monsieur Blancheroche</em></p>
<p><strong>Couperin, </strong><em>Tombeau de Mr. Blancrocher</em></p>
<p><strong>Johann Kuhnau, </strong>Sonate biblique <em>La Tomba di Giacob</em></p>
<p><strong>Chopin</strong><strong><br />
</strong>Polonaise en <em>la </em>bémol majeur, « Polonaise-fantaisie », op. 61<br />
Ballade no 4 en <em>fa </em>mineur, op. 52</p>
<p><strong>Liszt, </strong>Sonate en <em>si </em>mineur, S. 178</p>

<p>Cette exploration novatrice du récit musical et de l’improvisation associe des œuvres pour clavier du XVIIe siècle et des œuvres représentatives des époques romantique. Ce concert mettra en vedette le piano historique Érard de 1859 de la salle Bourgie et d’autres magnifiques instruments de sa collection à clavier. Dans le cadre de la série Jacques-Dansereau [&hellip;]</p>
