{"id":47617,"date":"2017-09-19T17:33:22","date_gmt":"2017-09-19T21:33:22","guid":{"rendered":"https:\/\/www.ludwig-van.com\/montreal\/?post_type=tribe_events&#038;p=47617"},"modified":"2017-09-20T15:08:36","modified_gmt":"2017-09-20T19:08:36","slug":"jeunesses-musicales-opera-bonbon-laventure-gourmande-dhansel-gretel","status":"publish","type":"tribe_events","link":"https:\/\/www.ludwig-van.com\/montreal\/event\/jeunesses-musicales-opera-bonbon-laventure-gourmande-dhansel-gretel\/2017-10-15\/","title":{"rendered":"Jeunesses Musicales | Op\u00e9ra-bonbon: l\u2019aventure gourmande d\u2019Hansel et Gretel"},"content":{"rendered":"<p>Cette initiation \u00e0 l\u2019op\u00e9ra et \u00e0 la voix lyrique forme un spectacle d\u00e9licieux qui se savoure comme un bonbon !<\/p>\n<p>Il \u00e9tait une fois \u2013 sol si do fa ! \u2013 deux chanteuses tr\u00e8s rieuses qui voulaient raconter en musique l\u2019histoire d\u2019Hansel et Gretel. Leur copain tr\u00e8s malin essaie de leur donner un coup de main, mais avec sa gourmandise et sa distraction, il a toujours les pieds dans les plats\u2026 surtout dans le plat de bonbons ! Comment faire pour retenir son attention ? Peut-\u00eatre en lui confiant un r\u00f4le important dans l\u2019histoire\u2026 Ce concert tout en dr\u00f4lerie et en fantaisie revisite un conte bien connu des amateurs de gourmandises. Quoi de mieux pour d\u00e9couvrir un des arts les plus complets qui soit : l\u2019op\u00e9ra !<\/p>\n<p><strong>ARTISTES<\/strong><br \/>\n<strong>C\u00e9cile Muhire<\/strong>, soprano &#8211; Gretel<br \/>\n<strong>Charlotte Gagnon<\/strong>, mezzo-soprano &#8211; Hansel<br \/>\n<strong>Guillaume Rodrigue<\/strong>, com\u00e9dien-chanteur &#8211; Sorci\u00e8re<br \/>\n<strong>Carl Matthieu Neher<\/strong>, pianiste<\/p>\n<p><strong>MISE EN SC\u00c8NE<\/strong><br \/>\n<strong>Alain Gauthier<\/strong><\/p>\n<p><strong>TEXTE ET ADAPTATION DU LIVRET D&rsquo;OP\u00c9RA<\/strong><br \/>\n<strong>Pascal Blanchet<\/strong><\/p>\n<p><strong>SC\u00c9NOGRAPHIE<\/strong><br \/>\n<strong>Pierre-Luc Boudreau<\/strong><\/p>\n<p><strong>Public cible<\/strong>\u00a0: 3 \u00e0 5 ans \/ 6 \u00e0 12 ans<br \/>\n<strong>Dur\u00e9e du concert<\/strong>\u00a0: 35 minutes\u00a0\/ 55\u00a0minutes<br \/>\n<strong>Auditoire maximum<\/strong>\u00a0: 275 personnes<br \/>\n<strong>Langues de pr\u00e9sentation<\/strong>\u00a0: fran\u00e7ais ou\u00a0anglais<\/p>\n","protected":false},"excerpt":{"rendered":"<p>Cette initiation \u00e0 l\u2019op\u00e9ra et \u00e0 la voix lyrique forme un spectacle d\u00e9licieux qui se savoure comme un bonbon ! Il \u00e9tait une fois \u2013 sol si do fa ! \u2013 deux chanteuses tr\u00e8s rieuses qui voulaient raconter en musique l\u2019histoire d\u2019Hansel et Gretel. Leur copain tr\u00e8s malin essaie de leur donner un coup de [&hellip;]<\/p>\n","protected":false},"author":1,"featured_media":47618,"comment_status":"open","ping_status":"closed","template":"","meta":{"om_disable_all_campaigns":false,"jetpack_post_was_ever_published":false},"tags":[],"tribe_events_cat":[6139,5050],"acf":[],"jetpack_sharing_enabled":true,"_links":{"self":[{"href":"https:\/\/www.ludwig-van.com\/montreal\/wp-json\/wp\/v2\/tribe_events\/47617"}],"collection":[{"href":"https:\/\/www.ludwig-van.com\/montreal\/wp-json\/wp\/v2\/tribe_events"}],"about":[{"href":"https:\/\/www.ludwig-van.com\/montreal\/wp-json\/wp\/v2\/types\/tribe_events"}],"author":[{"embeddable":true,"href":"https:\/\/www.ludwig-van.com\/montreal\/wp-json\/wp\/v2\/users\/1"}],"replies":[{"embeddable":true,"href":"https:\/\/www.ludwig-van.com\/montreal\/wp-json\/wp\/v2\/comments?post=47617"}],"version-history":[{"count":1,"href":"https:\/\/www.ludwig-van.com\/montreal\/wp-json\/wp\/v2\/tribe_events\/47617\/revisions"}],"predecessor-version":[{"id":47619,"href":"https:\/\/www.ludwig-van.com\/montreal\/wp-json\/wp\/v2\/tribe_events\/47617\/revisions\/47619"}],"wp:featuredmedia":[{"embeddable":true,"href":"https:\/\/www.ludwig-van.com\/montreal\/wp-json\/wp\/v2\/media\/47618"}],"wp:attachment":[{"href":"https:\/\/www.ludwig-van.com\/montreal\/wp-json\/wp\/v2\/media?parent=47617"}],"wp:term":[{"taxonomy":"post_tag","embeddable":true,"href":"https:\/\/www.ludwig-van.com\/montreal\/wp-json\/wp\/v2\/tags?post=47617"},{"taxonomy":"tribe_events_cat","embeddable":true,"href":"https:\/\/www.ludwig-van.com\/montreal\/wp-json\/wp\/v2\/tribe_events_cat?post=47617"}],"curies":[{"name":"wp","href":"https:\/\/api.w.org\/{rel}","templated":true}]}}

Jeunesses Musicales | Opéra-bonbon: l’aventure gourmande d’Hansel et Gretel

<p>Cette initiation à l’opéra et à la voix lyrique forme un spectacle délicieux qui se savoure comme un bonbon !</p>
<p>Il était une fois – sol si do fa ! – deux chanteuses très rieuses qui voulaient raconter en musique l’histoire d’Hansel et Gretel. Leur copain très malin essaie de leur donner un coup de main, mais avec sa gourmandise et sa distraction, il a toujours les pieds dans les plats… surtout dans le plat de bonbons ! Comment faire pour retenir son attention ? Peut-être en lui confiant un rôle important dans l’histoire… Ce concert tout en drôlerie et en fantaisie revisite un conte bien connu des amateurs de gourmandises. Quoi de mieux pour découvrir un des arts les plus complets qui soit : l’opéra !</p>
<p><strong>ARTISTES</strong><br />
<strong>Cécile Muhire</strong>, soprano &#8211; Gretel<br />
<strong>Charlotte Gagnon</strong>, mezzo-soprano &#8211; Hansel<br />
<strong>Guillaume Rodrigue</strong>, comédien-chanteur &#8211; Sorcière<br />
<strong>Carl Matthieu Neher</strong>, pianiste</p>
<p><strong>MISE EN SCÈNE</strong><br />
<strong>Alain Gauthier</strong></p>
<p><strong>TEXTE ET ADAPTATION DU LIVRET D&rsquo;OPÉRA</strong><br />
<strong>Pascal Blanchet</strong></p>
<p><strong>SCÉNOGRAPHIE</strong><br />
<strong>Pierre-Luc Boudreau</strong></p>
<p><strong>Public cible</strong> : 3 à 5 ans / 6 à 12 ans<br />
<strong>Durée du concert</strong> : 35 minutes / 55 minutes<br />
<strong>Auditoire maximum</strong> : 275 personnes<br />
<strong>Langues de présentation</strong> : français ou anglais</p>

<p>Cette initiation à l’opéra et à la voix lyrique forme un spectacle délicieux qui se savoure comme un bonbon ! Il était une fois – sol si do fa ! – deux chanteuses très rieuses qui voulaient raconter en musique l’histoire d’Hansel et Gretel. Leur copain très malin essaie de leur donner un coup de [&hellip;]</p>
