{"id":47615,"date":"2017-09-19T17:20:31","date_gmt":"2017-09-19T21:20:31","guid":{"rendered":"https:\/\/www.ludwig-van.com\/montreal\/?post_type=tribe_events&#038;p=47615"},"modified":"2017-09-26T20:07:50","modified_gmt":"2017-09-27T00:07:50","slug":"oratoire-saint-joseph-cathedrales-musique-daniel-brondel","status":"publish","type":"tribe_events","link":"https:\/\/www.ludwig-van.com\/montreal\/event\/oratoire-saint-joseph-cathedrales-musique-daniel-brondel\/","title":{"rendered":"Oratoire Saint-Joseph et le CIOC | Cath\u00e9drales en musique \u2013 Daniel Brondel"},"content":{"rendered":"<p>Concert pour orgue par\u00a0Daniel Brondel\u00a0(\u00c9tats-Unis).<\/p>\n<p>Dans la basilique \u00e0 15:30, projection sur grand \u00e9cran, contribution \u00e0\u00a0discr\u00e9tion.<\/p>\n","protected":false},"excerpt":{"rendered":"<p>Concert pour orgue par\u00a0Daniel Brondel\u00a0(\u00c9tats-Unis). Dans la basilique \u00e0 15:30, projection sur grand \u00e9cran, contribution \u00e0\u00a0discr\u00e9tion.<\/p>\n","protected":false},"author":1,"featured_media":47514,"comment_status":"open","ping_status":"closed","template":"","meta":{"om_disable_all_campaigns":false,"jetpack_post_was_ever_published":false},"tags":[],"tribe_events_cat":[5562],"acf":[],"jetpack_sharing_enabled":true,"_links":{"self":[{"href":"https:\/\/www.ludwig-van.com\/montreal\/wp-json\/wp\/v2\/tribe_events\/47615"}],"collection":[{"href":"https:\/\/www.ludwig-van.com\/montreal\/wp-json\/wp\/v2\/tribe_events"}],"about":[{"href":"https:\/\/www.ludwig-van.com\/montreal\/wp-json\/wp\/v2\/types\/tribe_events"}],"author":[{"embeddable":true,"href":"https:\/\/www.ludwig-van.com\/montreal\/wp-json\/wp\/v2\/users\/1"}],"replies":[{"embeddable":true,"href":"https:\/\/www.ludwig-van.com\/montreal\/wp-json\/wp\/v2\/comments?post=47615"}],"version-history":[{"count":2,"href":"https:\/\/www.ludwig-van.com\/montreal\/wp-json\/wp\/v2\/tribe_events\/47615\/revisions"}],"predecessor-version":[{"id":48047,"href":"https:\/\/www.ludwig-van.com\/montreal\/wp-json\/wp\/v2\/tribe_events\/47615\/revisions\/48047"}],"wp:featuredmedia":[{"embeddable":true,"href":"https:\/\/www.ludwig-van.com\/montreal\/wp-json\/wp\/v2\/media\/47514"}],"wp:attachment":[{"href":"https:\/\/www.ludwig-van.com\/montreal\/wp-json\/wp\/v2\/media?parent=47615"}],"wp:term":[{"taxonomy":"post_tag","embeddable":true,"href":"https:\/\/www.ludwig-van.com\/montreal\/wp-json\/wp\/v2\/tags?post=47615"},{"taxonomy":"tribe_events_cat","embeddable":true,"href":"https:\/\/www.ludwig-van.com\/montreal\/wp-json\/wp\/v2\/tribe_events_cat?post=47615"}],"curies":[{"name":"wp","href":"https:\/\/api.w.org\/{rel}","templated":true}]}}

Oratoire Saint-Joseph et le CIOC | Cathédrales en musique – Daniel Brondel

<p>Concert pour orgue par Daniel Brondel (États-Unis).</p>
<p>Dans la basilique à 15:30, projection sur grand écran, contribution à discrétion.</p>

<p>Concert pour orgue par Daniel Brondel (États-Unis). Dans la basilique à 15:30, projection sur grand écran, contribution à discrétion.</p>
