{"id":46960,"date":"2017-09-11T21:51:40","date_gmt":"2017-09-12T01:51:40","guid":{"rendered":"https:\/\/www.ludwig-van.com\/montreal\/?post_type=tribe_events&#038;p=46960"},"modified":"2017-09-11T21:51:40","modified_gmt":"2017-09-12T01:51:40","slug":"fondation-arte-musica-ciel-de-syrie","status":"publish","type":"tribe_events","link":"https:\/\/www.ludwig-van.com\/montreal\/event\/fondation-arte-musica-ciel-de-syrie\/","title":{"rendered":"Fondation Arte Musica | Ciel de la Syrie"},"content":{"rendered":"<p>Une rencontre attendue avec le clarinettiste virtuose\u00a0et compositeur syrien Kinan Azmeh autour du d\u00e9sir commun d\u2019explorer et de cr\u00e9er de nouvelles \u0153uvres inspir\u00e9es des traditions musicales de la Syrie et du Moyen-Orient.<\/p>\n<p>Kinan Azmeh, clarinette<br \/>\nKiya Tabassian, s\u00e9tar et chant<br \/>\nDidem Basar, kanun<br \/>\nPierre-Yves Martel, viole de gambe<br \/>\nPatrick Graham, percussion<\/p>\n","protected":false},"excerpt":{"rendered":"<p>Une rencontre attendue avec le clarinettiste virtuose\u00a0et compositeur syrien Kinan Azmeh autour du d\u00e9sir commun d\u2019explorer et de cr\u00e9er de nouvelles \u0153uvres inspir\u00e9es des traditions musicales de la Syrie et du Moyen-Orient. Kinan Azmeh, clarinette Kiya Tabassian, s\u00e9tar et chant Didem Basar, kanun Pierre-Yves Martel, viole de gambe Patrick Graham, percussion<\/p>\n","protected":false},"author":1,"featured_media":46961,"comment_status":"open","ping_status":"closed","template":"","meta":{"om_disable_all_campaigns":false,"jetpack_post_was_ever_published":false},"tags":[],"tribe_events_cat":[5563],"acf":[],"jetpack_sharing_enabled":true,"_links":{"self":[{"href":"https:\/\/www.ludwig-van.com\/montreal\/wp-json\/wp\/v2\/tribe_events\/46960"}],"collection":[{"href":"https:\/\/www.ludwig-van.com\/montreal\/wp-json\/wp\/v2\/tribe_events"}],"about":[{"href":"https:\/\/www.ludwig-van.com\/montreal\/wp-json\/wp\/v2\/types\/tribe_events"}],"author":[{"embeddable":true,"href":"https:\/\/www.ludwig-van.com\/montreal\/wp-json\/wp\/v2\/users\/1"}],"replies":[{"embeddable":true,"href":"https:\/\/www.ludwig-van.com\/montreal\/wp-json\/wp\/v2\/comments?post=46960"}],"version-history":[{"count":1,"href":"https:\/\/www.ludwig-van.com\/montreal\/wp-json\/wp\/v2\/tribe_events\/46960\/revisions"}],"predecessor-version":[{"id":46962,"href":"https:\/\/www.ludwig-van.com\/montreal\/wp-json\/wp\/v2\/tribe_events\/46960\/revisions\/46962"}],"wp:featuredmedia":[{"embeddable":true,"href":"https:\/\/www.ludwig-van.com\/montreal\/wp-json\/wp\/v2\/media\/46961"}],"wp:attachment":[{"href":"https:\/\/www.ludwig-van.com\/montreal\/wp-json\/wp\/v2\/media?parent=46960"}],"wp:term":[{"taxonomy":"post_tag","embeddable":true,"href":"https:\/\/www.ludwig-van.com\/montreal\/wp-json\/wp\/v2\/tags?post=46960"},{"taxonomy":"tribe_events_cat","embeddable":true,"href":"https:\/\/www.ludwig-van.com\/montreal\/wp-json\/wp\/v2\/tribe_events_cat?post=46960"}],"curies":[{"name":"wp","href":"https:\/\/api.w.org\/{rel}","templated":true}]}}

<p>Une rencontre attendue avec le clarinettiste virtuose et compositeur syrien Kinan Azmeh autour du désir commun d’explorer et de créer de nouvelles œuvres inspirées des traditions musicales de la Syrie et du Moyen-Orient.</p>
<p>Kinan Azmeh, clarinette<br />
Kiya Tabassian, sétar et chant<br />
Didem Basar, kanun<br />
Pierre-Yves Martel, viole de gambe<br />
Patrick Graham, percussion</p>

<p>Une rencontre attendue avec le clarinettiste virtuose et compositeur syrien Kinan Azmeh autour du désir commun d’explorer et de créer de nouvelles œuvres inspirées des traditions musicales de la Syrie et du Moyen-Orient. Kinan Azmeh, clarinette Kiya Tabassian, sétar et chant Didem Basar, kanun Pierre-Yves Martel, viole de gambe Patrick Graham, percussion</p>
