{"id":46892,"date":"2017-09-11T19:40:32","date_gmt":"2017-09-11T23:40:32","guid":{"rendered":"https:\/\/www.ludwig-van.com\/montreal\/?post_type=tribe_events&#038;p=46892"},"modified":"2017-09-11T20:52:30","modified_gmt":"2017-09-12T00:52:30","slug":"fondation-arte-musica-poeme-harmonique","status":"publish","type":"tribe_events","link":"https:\/\/www.ludwig-van.com\/montreal\/event\/fondation-arte-musica-poeme-harmonique\/","title":{"rendered":"Fondation Arte Musica | Le Po\u00e8me Harmonique"},"content":{"rendered":"<p class=\"Texte\"><strong><span class=\"CharOverride-6\"><em>Danza<\/em> !<\/span><\/strong><\/p>\n<p class=\"Texte\">On n\u2019a jamais autant dans\u00e9 en France qu\u2019au XVII<span class=\"CharOverride-11\">e<\/span> si\u00e8cle. Dans ce r\u00e9cital vocal accompagn\u00e9 par la guitare et les castagnettes, <em><span class=\"CharOverride-9\">Danza !<\/span><\/em> pr\u00e9sente les musiques espagnoles jou\u00e9es dans le Paris baroque. Avec des <span class=\"CharOverride-9\">folias<\/span>,<span class=\"CharOverride-9\">sarabandas<\/span> et <span class=\"CharOverride-9\">espa\u00f1olas<\/span>, l\u2019ensemble fran\u00e7ais Le Po\u00e8me Harmonique nous rappelle la place de l\u2019Espagne dans les ballets de cour sous Louis XIII<br \/>\net Louis XIV ainsi que l\u2019engouement fran\u00e7ais pour la culture ib\u00e9rique.<\/p>\n<p class=\"Texte\">R\u00e9v\u00e9lation artiste lyrique des Victoires de la Musique en 2010, Isabelle Druet m\u00e8ne<br \/>\nune carri\u00e8re internationale remarquable. Elle collabore r\u00e9guli\u00e8rement avec Le Po\u00e8me Harmonique, et leurs concerts attirent toujours les \u00e9loges de la critique et du public.<\/p>\n<p class=\"collaboration\" lang=\"en-US\">Avec le soutien de l\u2019Office de diffusion et d\u2019information artistique de Normandie<\/p>\n<p lang=\"en-US\">\n<p><strong>Isabelle Druet<\/strong>, mezzo-soprano<\/p>\n<p><strong>Vincent Dumestre<\/strong>, th\u00e9orbe, guitare et direction<\/p>\n<p><strong>Fiona-\u00c9milie Poupard<\/strong>, violon<\/p>\n<p><strong>Lucas Peres<\/strong>, basse de viole<\/p>\n<p><strong>Thomas de Pierrefeux<\/strong>, violone<\/p>\n<p><strong>Pere Oliv\u00e9<\/strong>, percussion<\/p>\n<p>&nbsp;<\/p>\n<p>\u0152uvres de<strong>\u00a0Francisco\u00a0BERXES<\/strong>,<strong>\u00a0Luis de\u00a0BRICE\u00d1O<\/strong>,\u00a0<strong>Pedro\u00a0CALDER\u00d3N DE LA BARCA<\/strong>,\u00a0<strong>Antoine\u00a0LE BAILLY<\/strong>,<strong>\u00a0Antonio\u00a0MART\u00cdN<\/strong>\u00a0et\u00a0<strong>\u00c9tienne\u00a0MOULINI\u00c9<\/strong><\/p>\n","protected":false},"excerpt":{"rendered":"<p>Danza ! On n\u2019a jamais autant dans\u00e9 en France qu\u2019au XVIIe si\u00e8cle. Dans ce r\u00e9cital vocal accompagn\u00e9 par la guitare et les castagnettes, Danza ! pr\u00e9sente les musiques espagnoles jou\u00e9es dans le Paris baroque. Avec des folias,sarabandas et espa\u00f1olas, l\u2019ensemble fran\u00e7ais Le Po\u00e8me Harmonique nous rappelle la place de l\u2019Espagne dans les ballets de cour [&hellip;]<\/p>\n","protected":false},"author":1,"featured_media":46890,"comment_status":"open","ping_status":"closed","template":"","meta":{"om_disable_all_campaigns":false,"jetpack_post_was_ever_published":false},"tags":[],"tribe_events_cat":[5053,5050],"acf":[],"jetpack_sharing_enabled":true,"_links":{"self":[{"href":"https:\/\/www.ludwig-van.com\/montreal\/wp-json\/wp\/v2\/tribe_events\/46892"}],"collection":[{"href":"https:\/\/www.ludwig-van.com\/montreal\/wp-json\/wp\/v2\/tribe_events"}],"about":[{"href":"https:\/\/www.ludwig-van.com\/montreal\/wp-json\/wp\/v2\/types\/tribe_events"}],"author":[{"embeddable":true,"href":"https:\/\/www.ludwig-van.com\/montreal\/wp-json\/wp\/v2\/users\/1"}],"replies":[{"embeddable":true,"href":"https:\/\/www.ludwig-van.com\/montreal\/wp-json\/wp\/v2\/comments?post=46892"}],"version-history":[{"count":3,"href":"https:\/\/www.ludwig-van.com\/montreal\/wp-json\/wp\/v2\/tribe_events\/46892\/revisions"}],"predecessor-version":[{"id":46925,"href":"https:\/\/www.ludwig-van.com\/montreal\/wp-json\/wp\/v2\/tribe_events\/46892\/revisions\/46925"}],"wp:featuredmedia":[{"embeddable":true,"href":"https:\/\/www.ludwig-van.com\/montreal\/wp-json\/wp\/v2\/media\/46890"}],"wp:attachment":[{"href":"https:\/\/www.ludwig-van.com\/montreal\/wp-json\/wp\/v2\/media?parent=46892"}],"wp:term":[{"taxonomy":"post_tag","embeddable":true,"href":"https:\/\/www.ludwig-van.com\/montreal\/wp-json\/wp\/v2\/tags?post=46892"},{"taxonomy":"tribe_events_cat","embeddable":true,"href":"https:\/\/www.ludwig-van.com\/montreal\/wp-json\/wp\/v2\/tribe_events_cat?post=46892"}],"curies":[{"name":"wp","href":"https:\/\/api.w.org\/{rel}","templated":true}]}}

Fondation Arte Musica | Le Poème Harmonique

<p class="Texte"><strong><span class="CharOverride-6"><em>Danza</em> !</span></strong></p>
<p class="Texte">On n’a jamais autant dansé en France qu’au XVII<span class="CharOverride-11">e</span> siècle. Dans ce récital vocal accompagné par la guitare et les castagnettes, <em><span class="CharOverride-9">Danza !</span></em> présente les musiques espagnoles jouées dans le Paris baroque. Avec des <span class="CharOverride-9">folias</span>,<span class="CharOverride-9">sarabandas</span> et <span class="CharOverride-9">españolas</span>, l’ensemble français Le Poème Harmonique nous rappelle la place de l’Espagne dans les ballets de cour sous Louis XIII<br />
et Louis XIV ainsi que l’engouement français pour la culture ibérique.</p>
<p class="Texte">Révélation artiste lyrique des Victoires de la Musique en 2010, Isabelle Druet mène<br />
une carrière internationale remarquable. Elle collabore régulièrement avec Le Poème Harmonique, et leurs concerts attirent toujours les éloges de la critique et du public.</p>
<p class="collaboration" lang="en-US">Avec le soutien de l’Office de diffusion et d’information artistique de Normandie</p>
<p lang="en-US">
<p><strong>Isabelle Druet</strong>, mezzo-soprano</p>
<p><strong>Vincent Dumestre</strong>, théorbe, guitare et direction</p>
<p><strong>Fiona-Émilie Poupard</strong>, violon</p>
<p><strong>Lucas Peres</strong>, basse de viole</p>
<p><strong>Thomas de Pierrefeux</strong>, violone</p>
<p><strong>Pere Olivé</strong>, percussion</p>
<p>&nbsp;</p>
<p>Œuvres de<strong> Francisco BERXES</strong>,<strong> Luis de BRICEÑO</strong>, <strong>Pedro CALDERÓN DE LA BARCA</strong>, <strong>Antoine LE BAILLY</strong>,<strong> Antonio MARTÍN</strong> et <strong>Étienne MOULINIÉ</strong></p>

<p>Danza ! On n’a jamais autant dansé en France qu’au XVIIe siècle. Dans ce récital vocal accompagné par la guitare et les castagnettes, Danza ! présente les musiques espagnoles jouées dans le Paris baroque. Avec des folias,sarabandas et españolas, l’ensemble français Le Poème Harmonique nous rappelle la place de l’Espagne dans les ballets de cour [&hellip;]</p>
